{"id":766,"date":"2018-06-19T23:59:35","date_gmt":"2018-06-19T21:59:35","guid":{"rendered":"http:\/\/www.kananas.com\/77asac\/?page_id=766"},"modified":"2024-03-26T17:23:19","modified_gmt":"2024-03-26T16:23:19","slug":"rock","status":"publish","type":"page","link":"https:\/\/www.kananas.com\/77asac\/cours-horaires\/rock\/","title":{"rendered":"Rock N&rsquo;Style 3 niveaux"},"content":{"rendered":"<p><span style=\"color: #000000\">Vous n\u2019avez jamais dans\u00e9 le rock ? Ou alors tr\u00e8s peu ? Le\u00a0niveau \u00ab\u00a0d\u00e9butant\u00a0\u00bb est fait pour vous !<\/span><\/p>\n<p><span style=\"color: #000000\">Avec le niveau \u00ab\u00a0interm\u00e9diaire\u00a0\u00bb\u00a0vous confirmez en solidifiant vos bases.<\/span><\/p>\n<p><span style=\"color: #000000\">Et enfin le niveau \u00ab\u00a0avanc\u00e9\u00a0\u00bb s\u2019adresse aux danseuses et danseurs\u00a0qui pratiquent fr\u00e9quemment (la participation \u00e0 ce cours est soumis \u00e0 l&rsquo;accord du professeur).<\/span><\/p>\n<p><span style=\"color: #000000\"><strong>Nos intervenants: Vania et Linda\u00a0\u00a0<\/strong><\/span><\/p>\n<p class=\"p3\"><b>Vania &amp; Linda dansent le Rock depuis plus de 25 ans<\/b>. Ils ont appris avec les plus grands de la place parisienne avant de transmettre \u00e0 leur tour leur passion. Linda s\u2019est aussi consacr\u00e9e au\u00a0<b>Lindy Hop et au Balboa gr\u00e2ce aux \u00ab Fous du Swing \u00bb.<\/b><\/p>\n<p class=\"p3\"><strong>Leur p\u00e9dagogie, m\u00e9thodologie, accessibilit\u00e9 et gentillesse reconnues vous am\u00e8neront ainsi \u00e0 appr\u00e9cier et red\u00e9couvrir cette danse de partage, gr\u00e2ce \u00e0 son dynamisme, aux richesses de ses jeux de jambes et \u00e0 la part d\u2019interpr\u00e9tation possible.<\/strong><\/p>\n<p><span style=\"color: #000000\">Les cours ont lieu <strong>tous les mardis<\/strong> :<\/span><\/p>\n<table style=\"border-collapse: collapse;width: 100%\" border=\"1\">\n<tbody>\n<tr>\n<td style=\"width: 50%;text-align: center\"><strong><span style=\"color: #000000\">Niveau<\/span><\/strong><\/td>\n<td style=\"width: 50%;text-align: center\"><strong><span style=\"color: #000000\">Horaires<\/span><\/strong><\/td>\n<\/tr>\n<tr>\n<td style=\"width: 50%;text-align: center\"><span style=\"color: #000000\">D\u00e9butants<\/span><\/td>\n<td style=\"width: 50%;text-align: center\"><span style=\"color: #000000\">19h30-20h30<\/span><\/td>\n<\/tr>\n<tr>\n<td style=\"width: 50%;text-align: center\"><span style=\"color: #000000\">Interm\u00e9diaires<\/span><\/td>\n<td style=\"width: 50%;text-align: center\"><span style=\"color: #000000\">20h30-21h30<\/span><\/td>\n<\/tr>\n<tr>\n<td style=\"width: 50%;text-align: center\"><span style=\"color: #000000\">Confirm\u00e9s<\/span><\/td>\n<td style=\"width: 50%;text-align: center\"><span style=\"color: #000000\">21h30-22h30<\/span><\/td>\n<\/tr>\n<\/tbody>\n<\/table>\n<p><img loading=\"lazy\" decoding=\"async\" class=\"alignnone size-medium wp-image-1454\" src=\"https:\/\/www.kananas.com\/77asac\/wp-content\/uploads\/sites\/30\/2024\/03\/Linda-et-Vania-600x833-1-595x826.jpg\" alt=\"\" width=\"595\" height=\"826\" srcset=\"https:\/\/www.kananas.com\/77asac\/wp-content\/uploads\/sites\/30\/2024\/03\/Linda-et-Vania-600x833-1-595x826.jpg 595w, https:\/\/www.kananas.com\/77asac\/wp-content\/uploads\/sites\/30\/2024\/03\/Linda-et-Vania-600x833-1.jpg 600w\" sizes=\"auto, (max-width: 595px) 100vw, 595px\" \/><\/p>\n<p>&nbsp;<\/p>\n<p style=\"text-align: left\">\n","protected":false},"excerpt":{"rendered":"<p>Vous n\u2019avez jamais dans\u00e9 le rock ? Ou alors tr\u00e8s peu ? Le\u00a0niveau \u00ab\u00a0d\u00e9butant\u00a0\u00bb est fait pour vous ! Avec le niveau \u00ab\u00a0interm\u00e9diaire\u00a0\u00bb\u00a0vous confirmez en solidifiant vos bases. Et enfin le niveau \u00ab\u00a0avanc\u00e9\u00a0\u00bb s\u2019adresse aux danseuses et danseurs\u00a0qui pratiquent fr\u00e9quemment<\/p>\n","protected":false},"author":30,"featured_media":0,"parent":108,"menu_order":1,"comment_status":"closed","ping_status":"closed","template":"","meta":{"_crdt_document":"","footnotes":""},"class_list":["post-766","page","type-page","status-publish","hentry"],"_links":{"self":[{"href":"https:\/\/www.kananas.com\/77asac\/wp-json\/wp\/v2\/pages\/766","targetHints":{"allow":["GET"]}}],"collection":[{"href":"https:\/\/www.kananas.com\/77asac\/wp-json\/wp\/v2\/pages"}],"about":[{"href":"https:\/\/www.kananas.com\/77asac\/wp-json\/wp\/v2\/types\/page"}],"author":[{"embeddable":true,"href":"https:\/\/www.kananas.com\/77asac\/wp-json\/wp\/v2\/users\/30"}],"replies":[{"embeddable":true,"href":"https:\/\/www.kananas.com\/77asac\/wp-json\/wp\/v2\/comments?post=766"}],"version-history":[{"count":15,"href":"https:\/\/www.kananas.com\/77asac\/wp-json\/wp\/v2\/pages\/766\/revisions"}],"predecessor-version":[{"id":1462,"href":"https:\/\/www.kananas.com\/77asac\/wp-json\/wp\/v2\/pages\/766\/revisions\/1462"}],"up":[{"embeddable":true,"href":"https:\/\/www.kananas.com\/77asac\/wp-json\/wp\/v2\/pages\/108"}],"wp:attachment":[{"href":"https:\/\/www.kananas.com\/77asac\/wp-json\/wp\/v2\/media?parent=766"}],"curies":[{"name":"wp","href":"https:\/\/api.w.org\/{rel}","templated":true}]}}