{"id":193,"date":"2025-09-16T12:42:41","date_gmt":"2025-09-16T10:42:41","guid":{"rendered":"https:\/\/www.kananas.com\/academie-seiken-arts-martiaux\/?page_id=193"},"modified":"2025-09-23T16:26:55","modified_gmt":"2025-09-23T14:26:55","slug":"la-team","status":"publish","type":"page","link":"https:\/\/www.kananas.com\/academie-seiken-arts-martiaux\/la-team\/","title":{"rendered":"La Team"},"content":{"rendered":"\n<div style=\"height:30px\" aria-hidden=\"true\" class=\"wp-block-spacer\"><\/div>\n\n\n\n<h3 class=\"wp-block-heading\">\ud83d\udc4a Fondateur du Club Seiken \u2013 G\u00e9rald Bernal<\/h3>\n\n\n\n<div style=\"height:20px\" aria-hidden=\"true\" class=\"wp-block-spacer\"><\/div>\n\n\n\n<div class=\"wp-block-media-text is-stacked-on-mobile\"><figure class=\"wp-block-media-text__media\"><img loading=\"lazy\" decoding=\"async\" width=\"1024\" height=\"577\" src=\"https:\/\/www.kananas.com\/academie-seiken-arts-martiaux\/wp-content\/uploads\/sites\/2413\/2025\/09\/Photo-coach--1024x577.png\" alt=\"\" class=\"wp-image-203 size-full\" srcset=\"https:\/\/www.kananas.com\/academie-seiken-arts-martiaux\/wp-content\/uploads\/sites\/2413\/2025\/09\/Photo-coach--1024x577.png 1024w, https:\/\/www.kananas.com\/academie-seiken-arts-martiaux\/wp-content\/uploads\/sites\/2413\/2025\/09\/Photo-coach--300x169.png 300w, https:\/\/www.kananas.com\/academie-seiken-arts-martiaux\/wp-content\/uploads\/sites\/2413\/2025\/09\/Photo-coach--768x433.png 768w, https:\/\/www.kananas.com\/academie-seiken-arts-martiaux\/wp-content\/uploads\/sites\/2413\/2025\/09\/Photo-coach--1536x865.png 1536w, https:\/\/www.kananas.com\/academie-seiken-arts-martiaux\/wp-content\/uploads\/sites\/2413\/2025\/09\/Photo-coach--2048x1153.png 2048w, https:\/\/www.kananas.com\/academie-seiken-arts-martiaux\/wp-content\/uploads\/sites\/2413\/2025\/09\/Photo-coach--50x28.png 50w, https:\/\/www.kananas.com\/academie-seiken-arts-martiaux\/wp-content\/uploads\/sites\/2413\/2025\/09\/Photo-coach--1600x901.png 1600w, https:\/\/www.kananas.com\/academie-seiken-arts-martiaux\/wp-content\/uploads\/sites\/2413\/2025\/09\/Photo-coach--410x231.png 410w, https:\/\/www.kananas.com\/academie-seiken-arts-martiaux\/wp-content\/uploads\/sites\/2413\/2025\/09\/Photo-coach--860x484.png 860w\" sizes=\"auto, (max-width: 1024px) 100vw, 1024px\" \/><\/figure><div class=\"wp-block-media-text__content\">\n<p class=\"wp-block-paragraph\">Passionn\u00e9 d\u2019arts martiaux depuis l\u2019enfance, j\u2019ai fond\u00e9 le club Seiken il y a plus de 10 ans. <\/p>\n\n\n\n<p class=\"wp-block-paragraph\">Mon parcours m\u2019a men\u00e9 du judo au MMA, en passant par le karat\u00e9 Shotokan (1 dan ), le karat\u00e9 Jutsu (4\u1d49 dan), et la luta livre br\u00e9silienne que j\u2019enseigne aujourd\u2019hui.<\/p>\n<\/div><\/div>\n\n\n\n<div style=\"height:20px\" aria-hidden=\"true\" class=\"wp-block-spacer\"><\/div>\n\n\n\n<p class=\"wp-block-paragraph\">\ud83c\udf93 Ancien comp\u00e9titeur de haut niveau, je me consacre d\u00e9sormais \u00e0 la transmission, avec une approche compl\u00e8te m\u00ealant arts martiaux et pr\u00e9paration physique. Dipl\u00f4m\u00e9 en coaching sportif, j\u2019accompagne chacun selon ses objectifs : remise en forme, performance ou comp\u00e9tition.<\/p>\n\n\n\n<p class=\"wp-block-paragraph\"><br>\ud83c\udfde\ufe0f Amoureux de la montagne, je suis aussi accompagnateur dipl\u00f4m\u00e9 en milieu naturel. J\u2019organise des randonn\u00e9es et treks pour tous, dans un esprit de d\u00e9passement de soi et de connexion \u00e0 la nature.<\/p>\n\n\n\n<p class=\"wp-block-paragraph\"><br>\ud83d\udc49 Mon moteur : transmettre ma passion, faire progresser chacun \u00e0 son rythme, et partager l\u2019\u00e9nergie unique des arts martiaux et de l\u2019aventure.<\/p>\n\n\n\n<div style=\"height:50px\" aria-hidden=\"true\" class=\"wp-block-spacer\"><\/div>\n\n\n\n<h3 class=\"wp-block-heading\">\u2728 Assistante professeur -Clo\u00e9 Landreau<\/h3>\n\n\n\n<div style=\"height:20px\" aria-hidden=\"true\" class=\"wp-block-spacer\"><\/div>\n\n\n\n<div class=\"wp-block-media-text is-stacked-on-mobile\" style=\"grid-template-columns:44% auto\"><figure class=\"wp-block-media-text__media\"><img loading=\"lazy\" decoding=\"async\" width=\"1024\" height=\"768\" src=\"https:\/\/www.kananas.com\/academie-seiken-arts-martiaux\/wp-content\/uploads\/sites\/2413\/2025\/09\/cloe-landreau-1024x768.jpeg\" alt=\"\" class=\"wp-image-214 size-full\" srcset=\"https:\/\/www.kananas.com\/academie-seiken-arts-martiaux\/wp-content\/uploads\/sites\/2413\/2025\/09\/cloe-landreau-1024x768.jpeg 1024w, https:\/\/www.kananas.com\/academie-seiken-arts-martiaux\/wp-content\/uploads\/sites\/2413\/2025\/09\/cloe-landreau-300x225.jpeg 300w, https:\/\/www.kananas.com\/academie-seiken-arts-martiaux\/wp-content\/uploads\/sites\/2413\/2025\/09\/cloe-landreau-768x576.jpeg 768w, https:\/\/www.kananas.com\/academie-seiken-arts-martiaux\/wp-content\/uploads\/sites\/2413\/2025\/09\/cloe-landreau-1536x1152.jpeg 1536w, https:\/\/www.kananas.com\/academie-seiken-arts-martiaux\/wp-content\/uploads\/sites\/2413\/2025\/09\/cloe-landreau-2048x1536.jpeg 2048w, https:\/\/www.kananas.com\/academie-seiken-arts-martiaux\/wp-content\/uploads\/sites\/2413\/2025\/09\/cloe-landreau-50x38.jpeg 50w, https:\/\/www.kananas.com\/academie-seiken-arts-martiaux\/wp-content\/uploads\/sites\/2413\/2025\/09\/cloe-landreau-1600x1200.jpeg 1600w\" sizes=\"auto, (max-width: 1024px) 100vw, 1024px\" \/><\/figure><div class=\"wp-block-media-text__content\">\n<p class=\"wp-block-paragraph\">je suis coach en formation au sein du Seiken. <\/p>\n\n\n\n<p class=\"wp-block-paragraph\">Apr\u00e8s plusieurs ann\u00e9es de pratique et une de comp\u00e9tition, j\u2019ai eu envie de partager ma passion et d\u2019accompagner d\u2019autres personnes dans leur progression.<\/p>\n<\/div><\/div>\n\n\n\n<p class=\"wp-block-paragraph\"><br>\ud83d\udc4a J\u2019anime aujourd\u2019hui le cours Woman Punch, un espace d\u00e9di\u00e9 aux femmes, pour leur permettre de d\u00e9couvrir ou d\u2019approfondir la boxe pied-poing dans une ambiance dynamique et bienveillante.<\/p>\n\n\n\n<p class=\"wp-block-paragraph\"><br>\ud83d\udca5 Passionn\u00e9e par cette discipline, j\u2019aime transmettre mon \u00e9nergie, aider chacun \u00e0 se d\u00e9passer et partager les valeurs fortes de la boxe : respect, discipline et confiance en soi.<\/p>\n\n\n\n<p class=\"wp-block-paragraph\"><br>\ud83d\udc76 En parall\u00e8le, j\u2019accompagne G\u00e9rald sur l\u2019encadrement des Mini Ninja. Travailler avec les plus petits est un vrai bonheur pour moi : les voir progresser, s\u2019amuser et grandir \u00e0 travers le sport me motive chaque jour.<\/p>\n\n\n\n<p class=\"wp-block-paragraph\"><br>\ud83c\udf1f Mon objectif : transmettre, inspirer et donner \u00e0 tous \u2014 petits et grands \u2014 le go\u00fbt de la boxe pied-poing.<\/p>\n\n\n\n<p class=\"wp-block-paragraph\"><\/p>\n","protected":false},"excerpt":{"rendered":"<p>\ud83d\udc4a Fondateur du Club Seiken \u2013 G\u00e9rald Bernal Passionn\u00e9 d\u2019arts martiaux depuis l\u2019enfance, j\u2019ai fond\u00e9 le club Seiken il y a plus de 10 ans. Mon parcours m\u2019a men\u00e9 du judo au MMA, en passant par le karat\u00e9 Shotokan (1 dan ), le karat\u00e9 Jutsu (4\u1d49 dan), et la luta livre br\u00e9silienne que j\u2019enseigne aujourd\u2019hui. &#8230; <span class=\"more\"><a class=\"more-link\" href=\"https:\/\/www.kananas.com\/academie-seiken-arts-martiaux\/la-team\/\">[Read more&#8230;]<\/a><\/span><\/p>\n","protected":false},"author":1,"featured_media":0,"parent":0,"menu_order":0,"comment_status":"closed","ping_status":"closed","template":"page-full-width.php","meta":{"_crdt_document":"","footnotes":""},"class_list":["entry","page","publish","author-admin","post-193"],"_links":{"self":[{"href":"https:\/\/www.kananas.com\/academie-seiken-arts-martiaux\/wp-json\/wp\/v2\/pages\/193","targetHints":{"allow":["GET"]}}],"collection":[{"href":"https:\/\/www.kananas.com\/academie-seiken-arts-martiaux\/wp-json\/wp\/v2\/pages"}],"about":[{"href":"https:\/\/www.kananas.com\/academie-seiken-arts-martiaux\/wp-json\/wp\/v2\/types\/page"}],"author":[{"embeddable":true,"href":"https:\/\/www.kananas.com\/academie-seiken-arts-martiaux\/wp-json\/wp\/v2\/users\/1"}],"replies":[{"embeddable":true,"href":"https:\/\/www.kananas.com\/academie-seiken-arts-martiaux\/wp-json\/wp\/v2\/comments?post=193"}],"version-history":[{"count":11,"href":"https:\/\/www.kananas.com\/academie-seiken-arts-martiaux\/wp-json\/wp\/v2\/pages\/193\/revisions"}],"predecessor-version":[{"id":249,"href":"https:\/\/www.kananas.com\/academie-seiken-arts-martiaux\/wp-json\/wp\/v2\/pages\/193\/revisions\/249"}],"wp:attachment":[{"href":"https:\/\/www.kananas.com\/academie-seiken-arts-martiaux\/wp-json\/wp\/v2\/media?parent=193"}],"curies":[{"name":"wp","href":"https:\/\/api.w.org\/{rel}","templated":true}]}}

<div style="height:30px" aria-hidden="true" class="wp-block-spacer"></div>



<h3 class="wp-block-heading">👊 Fondateur du Club Seiken – Gérald Bernal</h3>



<div style="height:20px" aria-hidden="true" class="wp-block-spacer"></div>



<div class="wp-block-media-text is-stacked-on-mobile"><figure class="wp-block-media-text__media"><img loading="lazy" decoding="async" width="1024" height="577" src="https://www.kananas.com/academie-seiken-arts-martiaux/wp-content/uploads/sites/2413/2025/09/Photo-coach--1024x577.png" alt="" class="wp-image-203 size-full" srcset="https://www.kananas.com/academie-seiken-arts-martiaux/wp-content/uploads/sites/2413/2025/09/Photo-coach--1024x577.png 1024w, https://www.kananas.com/academie-seiken-arts-martiaux/wp-content/uploads/sites/2413/2025/09/Photo-coach--300x169.png 300w, https://www.kananas.com/academie-seiken-arts-martiaux/wp-content/uploads/sites/2413/2025/09/Photo-coach--768x433.png 768w, https://www.kananas.com/academie-seiken-arts-martiaux/wp-content/uploads/sites/2413/2025/09/Photo-coach--1536x865.png 1536w, https://www.kananas.com/academie-seiken-arts-martiaux/wp-content/uploads/sites/2413/2025/09/Photo-coach--2048x1153.png 2048w, https://www.kananas.com/academie-seiken-arts-martiaux/wp-content/uploads/sites/2413/2025/09/Photo-coach--50x28.png 50w, https://www.kananas.com/academie-seiken-arts-martiaux/wp-content/uploads/sites/2413/2025/09/Photo-coach--1600x901.png 1600w, https://www.kananas.com/academie-seiken-arts-martiaux/wp-content/uploads/sites/2413/2025/09/Photo-coach--410x231.png 410w, https://www.kananas.com/academie-seiken-arts-martiaux/wp-content/uploads/sites/2413/2025/09/Photo-coach--860x484.png 860w" sizes="auto, (max-width: 1024px) 100vw, 1024px" /></figure><div class="wp-block-media-text__content">
<p class="wp-block-paragraph">Passionné d’arts martiaux depuis l’enfance, j’ai fondé le club Seiken il y a plus de 10 ans. </p>



<p class="wp-block-paragraph">Mon parcours m’a mené du judo au MMA, en passant par le karaté Shotokan (1 dan ), le karaté Jutsu (4ᵉ dan), et la luta livre brésilienne que j’enseigne aujourd’hui.</p>
</div></div>



<div style="height:20px" aria-hidden="true" class="wp-block-spacer"></div>



<p class="wp-block-paragraph">🎓 Ancien compétiteur de haut niveau, je me consacre désormais à la transmission, avec une approche complète mêlant arts martiaux et préparation physique. Diplômé en coaching sportif, j’accompagne chacun selon ses objectifs : remise en forme, performance ou compétition.</p>



<p class="wp-block-paragraph"><br>🏞️ Amoureux de la montagne, je suis aussi accompagnateur diplômé en milieu naturel. J’organise des randonnées et treks pour tous, dans un esprit de dépassement de soi et de connexion à la nature.</p>



<p class="wp-block-paragraph"><br>👉 Mon moteur : transmettre ma passion, faire progresser chacun à son rythme, et partager l’énergie unique des arts martiaux et de l’aventure.</p>



<div style="height:50px" aria-hidden="true" class="wp-block-spacer"></div>



<h3 class="wp-block-heading">✨ Assistante professeur -Cloé Landreau</h3>



<div style="height:20px" aria-hidden="true" class="wp-block-spacer"></div>



<div class="wp-block-media-text is-stacked-on-mobile" style="grid-template-columns:44% auto"><figure class="wp-block-media-text__media"><img loading="lazy" decoding="async" width="1024" height="768" src="https://www.kananas.com/academie-seiken-arts-martiaux/wp-content/uploads/sites/2413/2025/09/cloe-landreau-1024x768.jpeg" alt="" class="wp-image-214 size-full" srcset="https://www.kananas.com/academie-seiken-arts-martiaux/wp-content/uploads/sites/2413/2025/09/cloe-landreau-1024x768.jpeg 1024w, https://www.kananas.com/academie-seiken-arts-martiaux/wp-content/uploads/sites/2413/2025/09/cloe-landreau-300x225.jpeg 300w, https://www.kananas.com/academie-seiken-arts-martiaux/wp-content/uploads/sites/2413/2025/09/cloe-landreau-768x576.jpeg 768w, https://www.kananas.com/academie-seiken-arts-martiaux/wp-content/uploads/sites/2413/2025/09/cloe-landreau-1536x1152.jpeg 1536w, https://www.kananas.com/academie-seiken-arts-martiaux/wp-content/uploads/sites/2413/2025/09/cloe-landreau-2048x1536.jpeg 2048w, https://www.kananas.com/academie-seiken-arts-martiaux/wp-content/uploads/sites/2413/2025/09/cloe-landreau-50x38.jpeg 50w, https://www.kananas.com/academie-seiken-arts-martiaux/wp-content/uploads/sites/2413/2025/09/cloe-landreau-1600x1200.jpeg 1600w" sizes="auto, (max-width: 1024px) 100vw, 1024px" /></figure><div class="wp-block-media-text__content">
<p class="wp-block-paragraph">je suis coach en formation au sein du Seiken. </p>



<p class="wp-block-paragraph">Après plusieurs années de pratique et une de compétition, j’ai eu envie de partager ma passion et d’accompagner d’autres personnes dans leur progression.</p>
</div></div>



<p class="wp-block-paragraph"><br>👊 J’anime aujourd’hui le cours Woman Punch, un espace dédié aux femmes, pour leur permettre de découvrir ou d’approfondir la boxe pied-poing dans une ambiance dynamique et bienveillante.</p>



<p class="wp-block-paragraph"><br>💥 Passionnée par cette discipline, j’aime transmettre mon énergie, aider chacun à se dépasser et partager les valeurs fortes de la boxe : respect, discipline et confiance en soi.</p>



<p class="wp-block-paragraph"><br>👶 En parallèle, j’accompagne Gérald sur l’encadrement des Mini Ninja. Travailler avec les plus petits est un vrai bonheur pour moi : les voir progresser, s’amuser et grandir à travers le sport me motive chaque jour.</p>



<p class="wp-block-paragraph"><br>🌟 Mon objectif : transmettre, inspirer et donner à tous — petits et grands — le goût de la boxe pied-poing.</p>



<p class="wp-block-paragraph"></p>

<p>👊 Fondateur du Club Seiken – Gérald Bernal Passionné d’arts martiaux depuis l’enfance, j’ai fondé le club Seiken il y a plus de 10 ans. Mon parcours m’a mené du judo au MMA, en passant par le karaté Shotokan (1 dan ), le karaté Jutsu (4ᵉ dan), et la luta livre brésilienne que j’enseigne aujourd’hui. &#8230; <span class="more"><a class="more-link" href="https://www.kananas.com/academie-seiken-arts-martiaux/la-team/">[Read more&#8230;]</a></span></p>
