{"id":2,"date":"2025-09-02T09:57:05","date_gmt":"2025-09-02T07:57:05","guid":{"rendered":"https:\/\/www.kananas.com\/seiken11040\/?page_id=2"},"modified":"2025-09-24T09:09:36","modified_gmt":"2025-09-24T07:09:36","slug":"page-d-exemple","status":"publish","type":"page","link":"https:\/\/www.kananas.com\/academie-seiken-arts-martiaux\/","title":{"rendered":"Acad\u00e9mie Seiken Arts Martiaux"},"content":{"rendered":"\n<div style=\"height:50px\" aria-hidden=\"true\" class=\"wp-block-spacer\"><\/div>\n\n\n\n<p class=\"wp-block-paragraph\">Bienvenue chez Seiken Hossegor, un dojo pas comme les autres.<br>Depuis plus d\u2019une d\u00e9cennie, nous cultivons une pratique des arts martiaux accessible \u00e0 tous, dans un cadre chaleureux et structurant.<br>Ici, chaque membre de la famille trouve sa voie, son rythme et son plaisir \u00e0 progresser.<\/p>\n\n\n\n<p class=\"wp-block-paragraph\">\ud83d\udc68\u200d\ud83d\udc69\u200d\ud83d\udc67\u200d\ud83d\udc66 Un club pour tous les \u00e2ges<\/p>\n\n\n\n<ul class=\"wp-block-list\">\n<li>Cours adapt\u00e9s aux plus jeunes d\u00e8s 4 ans, jusqu\u2019aux adultes exp\u00e9riment\u00e9s<\/li>\n\n\n\n<li>Approche p\u00e9dagogique bienveillante, \u00e9volutive et respectueuse du rythme de chacun<br>Atmosph\u00e8re familiale favorisant l\u2019entraide, la discipline et le d\u00e9passement de soi.<\/li>\n<\/ul>\n\n\n\n<p class=\"wp-block-paragraph\">\ud83c\udfef Les infrastructures.<br>143 m\u00b2 de tatamis pour les cours collectifs, dans une salle de la commune.<\/p>\n\n\n\n<ul class=\"wp-block-list\">\n<li>80 m\u00b2 d\u2019espace d\u00e9di\u00e9 \u00e0 la comp\u00e9tition et \u00e0 la remise en forme :<br>\u00c9quipements professionnels<\/li>\n\n\n\n<li>Pr\u00e9paration physique et mentale<\/li>\n\n\n\n<li>Coaching personnalis\u00e9<\/li>\n<\/ul>\n\n\n\n<p class=\"wp-block-paragraph\">\ud83e\udd1d Bien plus qu\u2019un dojo : un lieu de lien<\/p>\n\n\n\n<ul class=\"wp-block-list\">\n<li>Activit\u00e9s annexes pour cr\u00e9er du partage interg\u00e9n\u00e9rationnel<\/li>\n\n\n\n<li>Stages, \u00e9v\u00e9nements, rencontres et moments conviviaux<\/li>\n\n\n\n<li>Une communaut\u00e9 soud\u00e9e autour des valeurs du respect, de l\u2019effort et de la transmission<\/li>\n<\/ul>\n\n\n\n<p class=\"wp-block-paragraph\">\ud83d\ude80 Former, accompagner, faire grandir<br>Chez Seiken Hossegor, nous croyons en le potentiel de chacun.<br>Nous formons les plus jeunes avec exigence et bienveillance, et nous accompagnons tous nos adh\u00e9rents dans leur \u00e9volution technique, physique et personnelle.<\/p>\n\n\n\n<p class=\"wp-block-paragraph\">\ud83d\udccd <a href=\"https:\/\/www.kananas.com\/academie-seiken-arts-martiaux\/adhesion\/\" data-type=\"page\" data-id=\"3\">Rejoignez nous<\/a> et d\u00e9couvrez une pratique martiale qui rassemble, \u00e9l\u00e8ve et inspire.<\/p>\n\n\n\n<div style=\"height:30px\" aria-hidden=\"true\" class=\"wp-block-spacer\"><\/div>\n\n\n\n<p class=\"has-text-align-center wp-block-paragraph\"><a href=\"https:\/\/www.instagram.com\/coachinghossegorbygeraldbernal\/\" data-type=\"link\" data-id=\"https:\/\/www.instagram.com\/coachinghossegorbygeraldbernal\/\" target=\"_blank\" rel=\"noreferrer noopener\">Instagram : @coachinghossegorbygeraldbernal<\/a><\/p>\n\n\n\n<p class=\"wp-block-paragraph\"><\/p>\n","protected":false},"excerpt":{"rendered":"<p>Bienvenue chez Seiken Hossegor, un dojo pas comme les autres.Depuis plus d\u2019une d\u00e9cennie, nous cultivons une pratique des arts martiaux accessible \u00e0 tous, dans un cadre chaleureux et structurant.Ici, chaque membre de la famille trouve sa voie, son rythme et son plaisir \u00e0 progresser. \ud83d\udc68\u200d\ud83d\udc69\u200d\ud83d\udc67\u200d\ud83d\udc66 Un club pour tous les \u00e2ges \ud83c\udfef Les infrastructures.143 m\u00b2 &#8230; <span class=\"more\"><a class=\"more-link\" href=\"https:\/\/www.kananas.com\/academie-seiken-arts-martiaux\/\">[Read more&#8230;]<\/a><\/span><\/p>\n","protected":false},"author":2524,"featured_media":0,"parent":0,"menu_order":0,"comment_status":"closed","ping_status":"open","template":"page-full-width.php","meta":{"_crdt_document":"","footnotes":""},"class_list":["entry","page","publish","author-11040","post-2"],"_links":{"self":[{"href":"https:\/\/www.kananas.com\/academie-seiken-arts-martiaux\/wp-json\/wp\/v2\/pages\/2","targetHints":{"allow":["GET"]}}],"collection":[{"href":"https:\/\/www.kananas.com\/academie-seiken-arts-martiaux\/wp-json\/wp\/v2\/pages"}],"about":[{"href":"https:\/\/www.kananas.com\/academie-seiken-arts-martiaux\/wp-json\/wp\/v2\/types\/page"}],"author":[{"embeddable":true,"href":"https:\/\/www.kananas.com\/academie-seiken-arts-martiaux\/wp-json\/wp\/v2\/users\/2524"}],"replies":[{"embeddable":true,"href":"https:\/\/www.kananas.com\/academie-seiken-arts-martiaux\/wp-json\/wp\/v2\/comments?post=2"}],"version-history":[{"count":10,"href":"https:\/\/www.kananas.com\/academie-seiken-arts-martiaux\/wp-json\/wp\/v2\/pages\/2\/revisions"}],"predecessor-version":[{"id":246,"href":"https:\/\/www.kananas.com\/academie-seiken-arts-martiaux\/wp-json\/wp\/v2\/pages\/2\/revisions\/246"}],"wp:attachment":[{"href":"https:\/\/www.kananas.com\/academie-seiken-arts-martiaux\/wp-json\/wp\/v2\/media?parent=2"}],"curies":[{"name":"wp","href":"https:\/\/api.w.org\/{rel}","templated":true}]}}

Académie Seiken Arts Martiaux

<div style="height:50px" aria-hidden="true" class="wp-block-spacer"></div>



<p class="wp-block-paragraph">Bienvenue chez Seiken Hossegor, un dojo pas comme les autres.<br>Depuis plus d’une décennie, nous cultivons une pratique des arts martiaux accessible à tous, dans un cadre chaleureux et structurant.<br>Ici, chaque membre de la famille trouve sa voie, son rythme et son plaisir à progresser.</p>



<p class="wp-block-paragraph">👨‍👩‍👧‍👦 Un club pour tous les âges</p>



<ul class="wp-block-list">
<li>Cours adaptés aux plus jeunes dès 4 ans, jusqu’aux adultes expérimentés</li>



<li>Approche pédagogique bienveillante, évolutive et respectueuse du rythme de chacun<br>Atmosphère familiale favorisant l’entraide, la discipline et le dépassement de soi.</li>
</ul>



<p class="wp-block-paragraph">🏯 Les infrastructures.<br>143 m² de tatamis pour les cours collectifs, dans une salle de la commune.</p>



<ul class="wp-block-list">
<li>80 m² d’espace dédié à la compétition et à la remise en forme :<br>Équipements professionnels</li>



<li>Préparation physique et mentale</li>



<li>Coaching personnalisé</li>
</ul>



<p class="wp-block-paragraph">🤝 Bien plus qu’un dojo : un lieu de lien</p>



<ul class="wp-block-list">
<li>Activités annexes pour créer du partage intergénérationnel</li>



<li>Stages, événements, rencontres et moments conviviaux</li>



<li>Une communauté soudée autour des valeurs du respect, de l’effort et de la transmission</li>
</ul>



<p class="wp-block-paragraph">🚀 Former, accompagner, faire grandir<br>Chez Seiken Hossegor, nous croyons en le potentiel de chacun.<br>Nous formons les plus jeunes avec exigence et bienveillance, et nous accompagnons tous nos adhérents dans leur évolution technique, physique et personnelle.</p>



<p class="wp-block-paragraph">📍 <a href="https://www.kananas.com/academie-seiken-arts-martiaux/adhesion/" data-type="page" data-id="3">Rejoignez nous</a> et découvrez une pratique martiale qui rassemble, élève et inspire.</p>



<div style="height:30px" aria-hidden="true" class="wp-block-spacer"></div>



<p class="has-text-align-center wp-block-paragraph"><a href="https://www.instagram.com/coachinghossegorbygeraldbernal/" data-type="link" data-id="https://www.instagram.com/coachinghossegorbygeraldbernal/" target="_blank" rel="noreferrer noopener">Instagram : @coachinghossegorbygeraldbernal</a></p>



<p class="wp-block-paragraph"></p>

<p>Bienvenue chez Seiken Hossegor, un dojo pas comme les autres.Depuis plus d’une décennie, nous cultivons une pratique des arts martiaux accessible à tous, dans un cadre chaleureux et structurant.Ici, chaque membre de la famille trouve sa voie, son rythme et son plaisir à progresser. 👨‍👩‍👧‍👦 Un club pour tous les âges 🏯 Les infrastructures.143 m² &#8230; <span class="more"><a class="more-link" href="https://www.kananas.com/academie-seiken-arts-martiaux/">[Read more&#8230;]</a></span></p>
