{"id":49,"date":"2025-09-10T08:25:47","date_gmt":"2025-09-10T06:25:47","guid":{"rendered":"https:\/\/www.kananas.com\/seiken11040\/?page_id=49"},"modified":"2025-09-24T09:12:38","modified_gmt":"2025-09-24T07:12:38","slug":"planning","status":"publish","type":"page","link":"https:\/\/www.kananas.com\/academie-seiken-arts-martiaux\/planning\/","title":{"rendered":"Planning"},"content":{"rendered":"\n<div style=\"height:30px\" aria-hidden=\"true\" class=\"wp-block-spacer\"><\/div>\n\n\n\n<figure class=\"wp-block-image size-large\"><img loading=\"lazy\" decoding=\"async\" width=\"1024\" height=\"719\" src=\"https:\/\/www.kananas.com\/academie-seiken-arts-martiaux\/wp-content\/uploads\/sites\/2413\/2025\/09\/planning-1024x719.png\" alt=\"\" class=\"wp-image-180\" srcset=\"https:\/\/www.kananas.com\/academie-seiken-arts-martiaux\/wp-content\/uploads\/sites\/2413\/2025\/09\/planning-1024x719.png 1024w, https:\/\/www.kananas.com\/academie-seiken-arts-martiaux\/wp-content\/uploads\/sites\/2413\/2025\/09\/planning-300x211.png 300w, https:\/\/www.kananas.com\/academie-seiken-arts-martiaux\/wp-content\/uploads\/sites\/2413\/2025\/09\/planning-768x539.png 768w, https:\/\/www.kananas.com\/academie-seiken-arts-martiaux\/wp-content\/uploads\/sites\/2413\/2025\/09\/planning-50x35.png 50w, https:\/\/www.kananas.com\/academie-seiken-arts-martiaux\/wp-content\/uploads\/sites\/2413\/2025\/09\/planning.png 1398w\" sizes=\"auto, (max-width: 1024px) 100vw, 1024px\" \/><\/figure>\n\n\n\n<p class=\"wp-block-paragraph\">SMALL GROUP TOUT LES MATINS DE 8H \u00c010H ou \u00e0 la demande pour des small group priv\u00e9s.<br>Cours individuel \u00e0 la demande .<\/p>\n\n\n\n<p class=\"wp-block-paragraph\"><br>Planning des sorties et stages dans l\u2019onglet <a href=\"https:\/\/www.kananas.com\/academie-seiken-arts-martiaux\/evenements\/\" data-type=\"page\" data-id=\"51\">\u00e9venements<\/a> .<\/p>\n\n\n\n<p class=\"wp-block-paragraph\"><\/p>\n","protected":false},"excerpt":{"rendered":"<p>SMALL GROUP TOUT LES MATINS DE 8H \u00c010H ou \u00e0 la demande pour des small group priv\u00e9s.Cours individuel \u00e0 la demande . Planning des sorties et stages dans l\u2019onglet \u00e9venements .<\/p>\n","protected":false},"author":1,"featured_media":0,"parent":0,"menu_order":0,"comment_status":"closed","ping_status":"closed","template":"page-full-width.php","meta":{"_crdt_document":"","footnotes":""},"class_list":["entry","page","publish","author-admin","post-49"],"_links":{"self":[{"href":"https:\/\/www.kananas.com\/academie-seiken-arts-martiaux\/wp-json\/wp\/v2\/pages\/49","targetHints":{"allow":["GET"]}}],"collection":[{"href":"https:\/\/www.kananas.com\/academie-seiken-arts-martiaux\/wp-json\/wp\/v2\/pages"}],"about":[{"href":"https:\/\/www.kananas.com\/academie-seiken-arts-martiaux\/wp-json\/wp\/v2\/types\/page"}],"author":[{"embeddable":true,"href":"https:\/\/www.kananas.com\/academie-seiken-arts-martiaux\/wp-json\/wp\/v2\/users\/1"}],"replies":[{"embeddable":true,"href":"https:\/\/www.kananas.com\/academie-seiken-arts-martiaux\/wp-json\/wp\/v2\/comments?post=49"}],"version-history":[{"count":10,"href":"https:\/\/www.kananas.com\/academie-seiken-arts-martiaux\/wp-json\/wp\/v2\/pages\/49\/revisions"}],"predecessor-version":[{"id":261,"href":"https:\/\/www.kananas.com\/academie-seiken-arts-martiaux\/wp-json\/wp\/v2\/pages\/49\/revisions\/261"}],"wp:attachment":[{"href":"https:\/\/www.kananas.com\/academie-seiken-arts-martiaux\/wp-json\/wp\/v2\/media?parent=49"}],"curies":[{"name":"wp","href":"https:\/\/api.w.org\/{rel}","templated":true}]}}

<div style="height:30px" aria-hidden="true" class="wp-block-spacer"></div>



<figure class="wp-block-image size-large"><img loading="lazy" decoding="async" width="1024" height="719" src="https://www.kananas.com/academie-seiken-arts-martiaux/wp-content/uploads/sites/2413/2025/09/planning-1024x719.png" alt="" class="wp-image-180" srcset="https://www.kananas.com/academie-seiken-arts-martiaux/wp-content/uploads/sites/2413/2025/09/planning-1024x719.png 1024w, https://www.kananas.com/academie-seiken-arts-martiaux/wp-content/uploads/sites/2413/2025/09/planning-300x211.png 300w, https://www.kananas.com/academie-seiken-arts-martiaux/wp-content/uploads/sites/2413/2025/09/planning-768x539.png 768w, https://www.kananas.com/academie-seiken-arts-martiaux/wp-content/uploads/sites/2413/2025/09/planning-50x35.png 50w, https://www.kananas.com/academie-seiken-arts-martiaux/wp-content/uploads/sites/2413/2025/09/planning.png 1398w" sizes="auto, (max-width: 1024px) 100vw, 1024px" /></figure>



<p class="wp-block-paragraph">SMALL GROUP TOUT LES MATINS DE 8H À10H ou à la demande pour des small group privés.<br>Cours individuel à la demande .</p>



<p class="wp-block-paragraph"><br>Planning des sorties et stages dans l’onglet <a href="https://www.kananas.com/academie-seiken-arts-martiaux/evenements/" data-type="page" data-id="51">évenements</a> .</p>



<p class="wp-block-paragraph"></p>

<p>SMALL GROUP TOUT LES MATINS DE 8H À10H ou à la demande pour des small group privés.Cours individuel à la demande . Planning des sorties et stages dans l’onglet évenements .</p>
