{"id":171,"date":"2019-11-07T17:59:21","date_gmt":"2019-11-07T16:59:21","guid":{"rendered":"http:\/\/www.kananas.com\/actuelxv1235\/?page_id=171"},"modified":"2025-09-02T09:10:58","modified_gmt":"2025-09-02T07:10:58","slug":"badminton","status":"publish","type":"page","link":"https:\/\/www.kananas.com\/actuelxv1235\/badminton\/","title":{"rendered":"Badminton"},"content":{"rendered":"<p>Sans comp\u00e9tition avec un animateur qui donne des conseils<\/p>\n<p>Volants fournis &#8211; amener sa raquette<\/p>\n<p style=\"text-align: left\">Choisir le jour et le cr\u00e9neau horaire \u00e0 l&rsquo;inscription\u00a0 \u00a0 \u00a0 \u00a0 \u00a0 \u00a0 \u00a0\u00a0<span style=\"color: #0000ff\"> <strong>20<\/strong><span style=\"font-size: 14pt\"><strong>5 \u20ac<\/strong><\/span><\/span><\/p>\n<p style=\"padding-left: 40px\"><em>Gymnase Keller<\/em> : <a style=\"color: #ff4b33\" href=\"https:\/\/www.google.fr\/maps\/place\/17+Rue+de+l'Ing%C3%A9nieur+Robert+Keller,+75015+Paris\/@48.8476155,2.281013,17z\/data=!3m1!4b1!4m5!3m4!1s0x47e67005f45fec99:0x98b0fd033351bb14!8m2!3d48.8476155!4d2.283207\" target=\"_blank\" rel=\"noopener noreferrer\">17 rue de l&rsquo;ing\u00e9nieur Keller &#8211; Paris 15e<\/a><\/p>\n<table style=\"height: 80px;width: 110%;border-collapse: collapse\">\n<tbody>\n<tr style=\"height: 24px\">\n<td style=\"width: 1.26582%;height: 24px\">mercredi<\/td>\n<td style=\"width: 6.30743%;height: 24px\">19 h 15 &#8211; 21 h<\/td>\n<td style=\"width: 13.3706%;height: 24px\">complet<\/td>\n<\/tr>\n<tr style=\"height: 24px\">\n<td style=\"width: 1.26582%;height: 23px\">jeudi<\/td>\n<td style=\"width: 6.30743%;height: 23px\">19 h 30 &#8211; 22 h 30<\/td>\n<td style=\"width: 13.3706%;height: 23px\">complet<\/td>\n<\/tr>\n<tr style=\"height: 24px\">\n<td style=\"width: 1.26582%;height: 10px\">samedi<\/td>\n<td style=\"width: 6.30743%;height: 10px\">14 h &#8211; 16 h 30<\/td>\n<td style=\"width: 13.3706%;height: 10px\">16 h 30 &#8211; 19 h<\/td>\n<\/tr>\n<\/tbody>\n<\/table>\n","protected":false},"excerpt":{"rendered":"<p>Sans comp\u00e9tition avec un animateur qui donne des conseils Volants fournis &#8211; amener sa raquette Choisir le jour et le cr\u00e9neau horaire \u00e0 l&rsquo;inscription\u00a0 \u00a0 \u00a0 \u00a0 \u00a0 \u00a0 \u00a0\u00a0 205 \u20ac Gymnase Keller : 17 rue de l&rsquo;ing\u00e9nieur Keller &hellip; <a href=\"https:\/\/www.kananas.com\/actuelxv1235\/badminton\/\">Continuer la lecture <span class=\"meta-nav\">&rarr;<\/span><\/a><\/p>\n","protected":false},"author":368,"featured_media":193,"parent":0,"menu_order":0,"comment_status":"closed","ping_status":"closed","template":"onecolumn-page.php","meta":{"_crdt_document":"","footnotes":""},"class_list":["post-171","page","type-page","status-publish","has-post-thumbnail","hentry"],"_links":{"self":[{"href":"https:\/\/www.kananas.com\/actuelxv1235\/wp-json\/wp\/v2\/pages\/171","targetHints":{"allow":["GET"]}}],"collection":[{"href":"https:\/\/www.kananas.com\/actuelxv1235\/wp-json\/wp\/v2\/pages"}],"about":[{"href":"https:\/\/www.kananas.com\/actuelxv1235\/wp-json\/wp\/v2\/types\/page"}],"author":[{"embeddable":true,"href":"https:\/\/www.kananas.com\/actuelxv1235\/wp-json\/wp\/v2\/users\/368"}],"replies":[{"embeddable":true,"href":"https:\/\/www.kananas.com\/actuelxv1235\/wp-json\/wp\/v2\/comments?post=171"}],"version-history":[{"count":10,"href":"https:\/\/www.kananas.com\/actuelxv1235\/wp-json\/wp\/v2\/pages\/171\/revisions"}],"predecessor-version":[{"id":1117,"href":"https:\/\/www.kananas.com\/actuelxv1235\/wp-json\/wp\/v2\/pages\/171\/revisions\/1117"}],"wp:featuredmedia":[{"embeddable":true,"href":"https:\/\/www.kananas.com\/actuelxv1235\/wp-json\/wp\/v2\/media\/193"}],"wp:attachment":[{"href":"https:\/\/www.kananas.com\/actuelxv1235\/wp-json\/wp\/v2\/media?parent=171"}],"curies":[{"name":"wp","href":"https:\/\/api.w.org\/{rel}","templated":true}]}}