{"id":1293,"date":"2019-03-01T00:23:58","date_gmt":"2019-02-28T23:23:58","guid":{"rendered":"http:\/\/www.kananas.com\/amathkakikouka1466\/?page_id=1293"},"modified":"2022-04-05T22:25:21","modified_gmt":"2022-04-05T20:25:21","slug":"partenaires","status":"publish","type":"page","link":"https:\/\/www.kananas.com\/amathkakikouka1466\/partenaires\/","title":{"rendered":"Partenaires"},"content":{"rendered":"<h1><span style=\"font-size: 24pt\"><strong>Partenaires institutionnels<\/strong><\/span><\/h1>\n<table style=\"width: 85.892%\">\n<tbody>\n<tr>\n<td style=\"width: 47.5532%;text-align: left;vertical-align: top\">\n<h2><a href=\"https:\/\/www.nautisme.pays-iroise.bzh\/nautisme-en-iroise\"><strong>Nautisme en Pays d&rsquo;Iroise<\/strong><\/a><\/h2>\n<div>Communaut\u00e9 de communes du Pays d&rsquo;Iroise<\/div>\n<div>CS 10078 &#8211; 29 290 Lanrivoar\u00e9<\/div>\n<\/td>\n<td style=\"text-align: left;width: 81.5219%;vertical-align: top\"><img loading=\"lazy\" decoding=\"async\" class=\"alignnone size-full wp-image-1770\" src=\"http:\/\/www.kananas.com\/amathkakikouka1466\/wp-content\/uploads\/sites\/413\/2022\/01\/logo_ccpi_nautisme.png\" alt=\"\" width=\"142\" height=\"69\" \/><\/td>\n<\/tr>\n<tr>\n<td style=\"width: 47.5532%;text-align: left;vertical-align: top\">\n<div><\/div>\n<\/td>\n<td style=\"text-align: left;width: 81.5219%;vertical-align: top\"><\/td>\n<\/tr>\n<tr>\n<td style=\"width: 47.5532%;text-align: left;vertical-align: top\">\n<h2><a href=\"https:\/\/www.ffvoile.fr\"><strong>F\u00e9d\u00e9ration Fran\u00e7aise de voile<\/strong><\/a><\/h2>\n<p><span class=\"LrzXr\">17 Rue Henri Bocquillon, <\/span><span class=\"LrzXr\">Paris<\/span><\/td>\n<td style=\"text-align: left;width: 81.5219%;vertical-align: top\"><a href=\"http:\/\/www.ffvoile.fr\/\"><img loading=\"lazy\" decoding=\"async\" class=\"alignnone wp-image-1364\" src=\"http:\/\/www.kananas.com\/amathkakikouka1466\/wp-content\/uploads\/sites\/413\/2019\/03\/Federation_francais_de_voile_2012_logo.png\" alt=\"\" width=\"159\" height=\"67\" \/><\/a><\/td>\n<\/tr>\n<tr>\n<td style=\"width: 47.5532%;text-align: left;vertical-align: top\"><strong>\u00a0<\/strong><\/td>\n<td style=\"text-align: left;width: 81.5219%;vertical-align: top\"><\/td>\n<\/tr>\n<tr>\n<td style=\"width: 47.5532%;text-align: left;vertical-align: top\">\n<h2><a href=\"http:\/\/www.voile-pays-brest.com\/\"><strong>Voile en Pays de Brest<\/strong><\/a><\/h2>\n<p class=\"adressText\">Centre Nautique Municipal de Brest<\/p>\n<p class=\"adressText\">Port Plaisance Moulin Blanc, BREST<\/p>\n<\/td>\n<td style=\"width: 81.5219%;text-align: left;vertical-align: top\"><a href=\"http:\/\/www.voile-pays-brest.com\"><img loading=\"lazy\" decoding=\"async\" class=\"wp-image-1359 alignleft\" src=\"http:\/\/www.kananas.com\/amathkakikouka1466\/wp-content\/uploads\/sites\/413\/2019\/03\/logo-Voile-Pays-de-Brest2.gif\" alt=\"\" width=\"192\" height=\"65\" \/><\/a><\/td>\n<\/tr>\n<tr>\n<td style=\"width: 47.5532%;text-align: left;vertical-align: top\"><strong>\u00a0<\/strong><\/td>\n<td style=\"width: 81.5219%;text-align: left;vertical-align: top\"><\/td>\n<\/tr>\n<tr>\n<td style=\"width: 47.5532%;text-align: left;vertical-align: top\">\n<h2><a href=\"https:\/\/plougonvelin.fr\"><strong>Mairie de Plougonvelin<\/strong><\/a><\/h2>\n<p><span class=\"LrzXr\">Rue des Martyrs, <\/span><span class=\"LrzXr\">Plougonvelin<\/span><\/td>\n<td style=\"text-align: left;width: 81.5219%;vertical-align: top\"><a href=\"https:\/\/plougonvelin.fr\/\"><img loading=\"lazy\" decoding=\"async\" class=\"alignnone size-full wp-image-1363\" src=\"http:\/\/www.kananas.com\/amathkakikouka1466\/wp-content\/uploads\/sites\/413\/2019\/03\/Logo_Plougonvelin_l_ger.jpg\" alt=\"\" width=\"89\" height=\"101\" \/><\/a><\/td>\n<\/tr>\n<\/tbody>\n<\/table>\n<h1><span style=\"font-size: 24pt\"><strong>Partenaires Priv\u00e9s<\/strong><\/span><\/h1>\n<table style=\"width: 99.0156%;height: 908px\">\n<tbody>\n<tr style=\"height: 187px\">\n<td style=\"width: 45.5959%;height: 187px;vertical-align: top;text-align: left\">\n<h2><a href=\"https:\/\/www.timadeo.com\/\"><strong>Ti Mad Eo<\/strong><\/a><\/h2>\n<div dir=\"auto\">RESTAURANT &#8211; PIZZERIA<\/div>\n<div dir=\"auto\">Plats faits maison \u00e0 partir de produits frais, pizzas, burgers (traditionnels ou v\u00e9g\u00e9tariens) ainsi qu\u2019un plat cuisin\u00e9 chaque semaine en plus de nos plats traditionnels.<\/div>\n<p>6 Rue Pen ar Bed, Plougonvelin<\/p>\n<p><strong>02 98 02 68 25\u00a0<\/strong><\/p>\n<p>Du jeudi au dimanche de 18h \u00e0 22h, <strong>en livraison<\/strong> sur Plougonvelin, <strong>\u00e0 emporter, ou sur place<\/strong><\/td>\n<td style=\"width: 160.964%;height: 187px;text-align: left;vertical-align: top\"><img loading=\"lazy\" decoding=\"async\" class=\"\" src=\"http:\/\/www.kananas.com\/amathkakikouka1466\/wp-content\/uploads\/sites\/413\/2021\/05\/Ti-Mad-Eo.jpg\" width=\"167\" height=\"127\" \/><\/td>\n<td style=\"width: 0.979192%;height: 187px\"><\/td>\n<\/tr>\n<tr style=\"height: 24px\">\n<td style=\"width: 45.5959%;vertical-align: top;text-align: left;height: 24px\"><strong>\u00a0<\/strong><\/td>\n<td style=\"width: 160.964%;text-align: left;vertical-align: top;height: 24px\"><\/td>\n<td style=\"width: 0.979192%;height: 24px\"><\/td>\n<\/tr>\n<tr style=\"height: 24px\">\n<td style=\"width: 45.5959%;height: 24px;text-align: left;vertical-align: top\">\n<h2><strong>Au RDV des 4 Saisons<\/strong><\/h2>\n<p>Fruits, l\u00e9gumes, fromages et charcuterie.<\/p>\n<p>6 rue Pen ar Bed, Plougonvelin<\/p>\n<p>06 41 88 42 39<\/td>\n<td style=\"text-align: left;width: 160.964%;height: 24px;vertical-align: top\"><img loading=\"lazy\" decoding=\"async\" class=\"\" src=\"http:\/\/www.kananas.com\/amathkakikouka1466\/wp-content\/uploads\/sites\/413\/2021\/05\/Au-rdv-des-4-saisions_remorque.png\" width=\"161\" height=\"138\" \/><\/td>\n<td style=\"width: 0.979192%;height: 24px\"><\/td>\n<\/tr>\n<tr style=\"height: 24px\">\n<td style=\"width: 45.5959%;text-align: left;vertical-align: top;height: 24px\"><\/td>\n<td style=\"width: 160.964%;vertical-align: top;text-align: left;height: 24px\"><strong>\u00a0<\/strong><\/td>\n<td style=\"text-align: left;width: 0.979192%;vertical-align: top;height: 24px\"><\/td>\n<\/tr>\n<tr style=\"height: 24px\">\n<td style=\"width: 45.5959%;height: 24px;vertical-align: top;text-align: left\">\n<h2><a href=\"https:\/\/letempsdunebeaute.fr\/\"><strong>Le Temps d&rsquo;une Beaut\u00e9<\/strong><\/a><\/h2>\n<p>Massages et soins esth\u00e9tiques corps et visage &#8211; \u00c9pilations &#8211; Ongles &#8211; Cils -Maquillage.<\/p>\n<p>Place de Llandeilo, Le Conquet<\/p>\n<p>02 98 89 15 23, Uniquement sur rendez-vous<\/td>\n<td style=\"text-align: left;width: 160.964%;height: 24px;vertical-align: top\"><img loading=\"lazy\" decoding=\"async\" class=\"\" src=\"http:\/\/www.kananas.com\/amathkakikouka1466\/wp-content\/uploads\/sites\/413\/2021\/05\/Temps-dune-beaute_voile-et-remorque.jpg\" alt=\"\" width=\"198\" height=\"140\" \/><\/td>\n<td style=\"width: 0.979192%;height: 24px\"><\/td>\n<\/tr>\n<tr style=\"height: 24px\">\n<td style=\"width: 45.5959%;vertical-align: top;text-align: left;height: 24px\"><strong>\u00a0<\/strong><\/td>\n<td style=\"text-align: left;width: 160.964%;vertical-align: top;height: 24px\"><\/td>\n<td style=\"width: 0.979192%;height: 24px\"><\/td>\n<\/tr>\n<tr style=\"height: 136px\">\n<td style=\"width: 45.5959%;height: 136px;vertical-align: top;text-align: left\">\n<h2><a href=\"https:\/\/www.facebook.com\/profile.php?id=100057469928542\"><strong>Services autos Plougonvelin<\/strong><\/a><\/h2>\n<div class=\"rq0escxv l9j0dhe7 du4w35lb j83agx80 pfnyh3mw i1fnvgqd gs1a9yip owycx6da btwxx1t3 hv4rvrfc dati1w0a discj3wi b5q2rw42 lq239pai mysgfdmx hddg9phg\">\n<div class=\"rq0escxv l9j0dhe7 du4w35lb j83agx80 cbu4d94t d2edcug0 hpfvmrgz rj1gh0hx buofh1pr g5gj957u p8fzw8mz pcp91wgn iuny7tx3 ipjc6fyt\">\n<div class=\"oqcyycmt ihqw7lf3 s1tcr66n\"><span class=\"d2edcug0 hpfvmrgz qv66sw1b c1et5uql lr9zc1uh a8c37x1j fe6kdd0r mau55g9w c8b282yb keod5gw0 nxhoafnm aigsh9s9 d3f4x2em iv3no6db jq4qci2q a3bd9o3v b1v8xokw oo9gr5id\" dir=\"auto\">Garage de r\u00e9paration et entretien automobile<\/span><\/div>\n<\/div>\n<\/div>\n<p>Za Toul an Ibil, Plougonvelin<\/p>\n<p>02 98 38 01 15<\/td>\n<td style=\"text-align: left;width: 160.964%;height: 136px;vertical-align: top\"><img loading=\"lazy\" decoding=\"async\" class=\"\" src=\"http:\/\/www.kananas.com\/amathkakikouka1466\/wp-content\/uploads\/sites\/413\/2021\/05\/Service-Autos-Plougonvelin_voile-et-remorque.png\" width=\"172\" height=\"105\" \/><\/td>\n<td style=\"width: 0.979192%;height: 136px\"><\/td>\n<\/tr>\n<tr style=\"height: 24px\">\n<td style=\"width: 45.5959%;vertical-align: top;text-align: left;height: 24px\"><strong>\u00a0<\/strong><\/td>\n<td style=\"text-align: left;width: 160.964%;vertical-align: top;height: 24px\"><\/td>\n<td style=\"width: 0.979192%;height: 24px\"><\/td>\n<\/tr>\n<tr style=\"height: 123px\">\n<td style=\"width: 45.5959%;vertical-align: top;text-align: left;height: 123px\">\n<h2><a href=\"https:\/\/www.entreprise-le-gac.fr\/\"><strong> SARL Entreprise Le Gac<\/strong><\/a><\/h2>\n<div class=\"header-topbar\">\n<div class=\"u-wrapper\">\n<p>Charpente, ossature bois, menuiserie, isolation \u00e0 Brest et en Finist\u00e8re Nord<\/p>\n<\/div>\n<\/div>\n<p>Za Toul an Ibil,\u00a0Plougonvelin<\/p>\n<p>02 98 48 38 33<\/td>\n<td style=\"text-align: left;width: 160.964%;vertical-align: top;height: 123px\"><img loading=\"lazy\" decoding=\"async\" class=\"\" src=\"http:\/\/www.kananas.com\/amathkakikouka1466\/wp-content\/uploads\/sites\/413\/2021\/05\/Le-Gac-pour-remorque.jpg\" width=\"179\" height=\"117\" \/><\/td>\n<td style=\"width: 0.979192%;height: 123px\"><\/td>\n<\/tr>\n<tr style=\"height: 24px\">\n<td style=\"width: 45.5959%;vertical-align: top;text-align: left;height: 24px\"><strong>\u00a0<\/strong><\/td>\n<td style=\"text-align: left;width: 160.964%;vertical-align: top;height: 24px\"><\/td>\n<td style=\"width: 0.979192%;height: 24px\"><\/td>\n<\/tr>\n<tr style=\"height: 115px\">\n<td style=\"width: 45.5959%;vertical-align: top;text-align: left;height: 115px\">\n<h2><a href=\"https:\/\/www.safti.fr\/votre-conseiller-safti\/erwan-fontaine\"><strong>Safti immobilier<\/strong><\/a><\/h2>\n<p>&nbsp;<\/td>\n<td style=\"text-align: left;width: 160.964%;vertical-align: top;height: 115px\"><img loading=\"lazy\" decoding=\"async\" class=\"alignnone wp-image-1771\" src=\"http:\/\/www.kananas.com\/amathkakikouka1466\/wp-content\/uploads\/sites\/413\/2022\/01\/logo-safti-immobilier-rvb-300dpi_voile-photo-300x160.png\" alt=\"\" width=\"201\" height=\"107\" srcset=\"https:\/\/www.kananas.com\/amathkakikouka1466\/wp-content\/uploads\/sites\/413\/2022\/01\/logo-safti-immobilier-rvb-300dpi_voile-photo-300x160.png 300w, https:\/\/www.kananas.com\/amathkakikouka1466\/wp-content\/uploads\/sites\/413\/2022\/01\/logo-safti-immobilier-rvb-300dpi_voile-photo-1024x548.png 1024w, https:\/\/www.kananas.com\/amathkakikouka1466\/wp-content\/uploads\/sites\/413\/2022\/01\/logo-safti-immobilier-rvb-300dpi_voile-photo-768x411.png 768w, https:\/\/www.kananas.com\/amathkakikouka1466\/wp-content\/uploads\/sites\/413\/2022\/01\/logo-safti-immobilier-rvb-300dpi_voile-photo-1536x822.png 1536w, https:\/\/www.kananas.com\/amathkakikouka1466\/wp-content\/uploads\/sites\/413\/2022\/01\/logo-safti-immobilier-rvb-300dpi_voile-photo-800x420.png 800w, https:\/\/www.kananas.com\/amathkakikouka1466\/wp-content\/uploads\/sites\/413\/2022\/01\/logo-safti-immobilier-rvb-300dpi_voile-photo.png 1606w\" sizes=\"auto, (max-width: 201px) 100vw, 201px\" \/><\/td>\n<td style=\"width: 0.979192%;height: 115px\"><\/td>\n<\/tr>\n<tr style=\"height: 24px\">\n<td style=\"width: 45.5959%;vertical-align: top;text-align: left;height: 24px\"><strong>\u00a0<\/strong><\/td>\n<td style=\"text-align: left;width: 160.964%;vertical-align: top;height: 24px\"><\/td>\n<td style=\"width: 0.979192%;height: 24px\"><\/td>\n<\/tr>\n<tr style=\"height: 155px\">\n<td style=\"width: 45.5959%;vertical-align: top;text-align: left;height: 155px\">\n<h2><a href=\"https:\/\/holidayshair.fr\/\"><strong>Holiday&rsquo;s Hair<\/strong><\/a><\/h2>\n<p>Salon de coiffure mixte.<\/p>\n<p>Bd de la mer, Plougonvelin<\/p>\n<p>02 98 48 23 48<\/td>\n<td style=\"text-align: left;width: 160.964%;vertical-align: top;height: 155px\"><img loading=\"lazy\" decoding=\"async\" class=\"\" src=\"http:\/\/www.kananas.com\/amathkakikouka1466\/wp-content\/uploads\/sites\/413\/2021\/05\/logo-Holidays-Hair.png\" width=\"175\" height=\"115\" \/><\/td>\n<td style=\"width: 0.979192%;height: 155px\"><\/td>\n<\/tr>\n<tr>\n<td style=\"width: 45.5959%;vertical-align: top;text-align: left\"><\/td>\n<td style=\"text-align: left;width: 160.964%;vertical-align: top\"><\/td>\n<td style=\"width: 0.979192%\"><\/td>\n<\/tr>\n<tr>\n<td style=\"width: 45.5959%;vertical-align: top;text-align: left\">\n<h2><a href=\"https:\/\/www.facebook.com\/Couverture-Vincent-291542691187443\"><strong>Couverture Vincent<\/strong><\/a><\/h2>\n<p>Entreprise de couverture. Tout type de couverture:<br \/>\nTraditionnelle, en zinc ou en ardoise. Pose et remplacement de Velux.<\/p>\n<p>12 Rue des Artisans, 29290 Saint-Renan<\/p>\n<p><span aria-label=\"Appeler le 02 98 84 25 47\">02 98 84 25 47<\/span><\/td>\n<td style=\"text-align: left;width: 160.964%;vertical-align: top\"><img loading=\"lazy\" decoding=\"async\" class=\"alignnone size-medium wp-image-1812\" src=\"http:\/\/www.kananas.com\/amathkakikouka1466\/wp-content\/uploads\/sites\/413\/2022\/04\/LOGO-COUVERTURE-VINCENT-2-png-300x117.png\" alt=\"\" width=\"300\" height=\"117\" srcset=\"https:\/\/www.kananas.com\/amathkakikouka1466\/wp-content\/uploads\/sites\/413\/2022\/04\/LOGO-COUVERTURE-VINCENT-2-png-300x117.png 300w, https:\/\/www.kananas.com\/amathkakikouka1466\/wp-content\/uploads\/sites\/413\/2022\/04\/LOGO-COUVERTURE-VINCENT-2-png-768x300.png 768w, https:\/\/www.kananas.com\/amathkakikouka1466\/wp-content\/uploads\/sites\/413\/2022\/04\/LOGO-COUVERTURE-VINCENT-2-png.png 982w\" sizes=\"auto, (max-width: 300px) 100vw, 300px\" \/><\/td>\n<td style=\"width: 0.979192%\"><\/td>\n<\/tr>\n<\/tbody>\n<\/table>\n<h1><\/h1>\n","protected":false},"excerpt":{"rendered":"<p>Partenaires institutionnels Nautisme en Pays d&rsquo;Iroise Communaut\u00e9 de communes du Pays d&rsquo;Iroise CS 10078 &#8211; 29 290 Lanrivoar\u00e9 F\u00e9d\u00e9ration Fran\u00e7aise de voile 17 Rue Henri Bocquillon, Paris \u00a0 Voile en Pays de Brest Centre Nautique Municipal de Brest Port Plaisance Moulin Blanc, BREST \u00a0 Mairie de Plougonvelin Rue des Martyrs, Plougonvelin Partenaires Priv\u00e9s Ti Mad [&hellip;]<\/p>\n","protected":false},"author":423,"featured_media":0,"parent":0,"menu_order":0,"comment_status":"closed","ping_status":"closed","template":"","meta":{"_crdt_document":"","footnotes":""},"class_list":["post-1293","page","type-page","status-publish","hentry"],"_links":{"self":[{"href":"https:\/\/www.kananas.com\/amathkakikouka1466\/wp-json\/wp\/v2\/pages\/1293","targetHints":{"allow":["GET"]}}],"collection":[{"href":"https:\/\/www.kananas.com\/amathkakikouka1466\/wp-json\/wp\/v2\/pages"}],"about":[{"href":"https:\/\/www.kananas.com\/amathkakikouka1466\/wp-json\/wp\/v2\/types\/page"}],"author":[{"embeddable":true,"href":"https:\/\/www.kananas.com\/amathkakikouka1466\/wp-json\/wp\/v2\/users\/423"}],"replies":[{"embeddable":true,"href":"https:\/\/www.kananas.com\/amathkakikouka1466\/wp-json\/wp\/v2\/comments?post=1293"}],"version-history":[{"count":39,"href":"https:\/\/www.kananas.com\/amathkakikouka1466\/wp-json\/wp\/v2\/pages\/1293\/revisions"}],"predecessor-version":[{"id":1815,"href":"https:\/\/www.kananas.com\/amathkakikouka1466\/wp-json\/wp\/v2\/pages\/1293\/revisions\/1815"}],"wp:attachment":[{"href":"https:\/\/www.kananas.com\/amathkakikouka1466\/wp-json\/wp\/v2\/media?parent=1293"}],"curies":[{"name":"wp","href":"https:\/\/api.w.org\/{rel}","templated":true}]}}