{"id":42,"date":"2012-12-13T18:48:52","date_gmt":"2012-12-13T17:48:52","guid":{"rendered":"http:\/\/www.aphrapnautes.fr\/wordpress\/?page_id=42"},"modified":"2026-04-06T16:51:12","modified_gmt":"2026-04-06T14:51:12","slug":"reglement-interieur-du-site","status":"publish","type":"page","link":"https:\/\/www.kananas.com\/aphrap2844\/accueil\/reglement-interieur-du-site\/","title":{"rendered":"R\u00e8glement Int\u00e9rieur du site"},"content":{"rendered":"<p>Il est interdit de faire de la propagande explicite pour ou contre un parti politique, un courant politique ou un politicien.<br \/>\nCe point du r\u00e8glement s&rsquo;applique \u00e9galement aux syndicats et aux religions.<\/p>\n<p>Il est interdit de mettre des propos racistes, x\u00e9nophobes, homophobes, discriminatoires, outrageux, sexuels, et ce tant dans les signatures, que dans l&rsquo;ensemble des messages, intitul\u00e9s, questions, sondages, annonces, etc&#8230;<\/p>\n<p>La pornographie et la d\u00e9bauche sexuelle sont interdites sur le site.<\/p>\n<p>La publicit\u00e9 est interdite sur le site. Les sujets \u00e0 caract\u00e8re publicitaire seront automatiquement effac\u00e9s et leurs auteurs seront avertis par messagerie. La r\u00e9cidive exposera le fautif \u00e0 une \u00e9ventuelle exclusion du site.<\/p>\n<p>La publication de num\u00e9ros de s\u00e9rie, ou toute autre information sur comment cracker, pirater ou contourner la s\u00e9curit\u00e9 d\u2019un logiciel prot\u00e9g\u00e9 est formellement interdite. La publication d\u2019informations conduisant \u00e0 se les procurer par l\u2019entremise du site est aussi interdite. La sanction sera l\u2019exclusion imm\u00e9diate, sans pr\u00e9avis et sans appel.<\/p>\n<p>La publication des logiciels, de fichiers pirat\u00e9s ou des moyens permettant de se procurer ces derniers, est soumise aux m\u00eames conditions.<\/p>\n<p>Vos messages doivent \u00eatre \u00e9crits dans un langage compr\u00e9hensible de tous. Le langage SMS n\u2019est pas le bienvenu, pour des raisons de compr\u00e9hension et de clart\u00e9.<\/p>\n<p>La messagerie priv\u00e9e doit \u00eatre utilis\u00e9e correctement. Tout abus ou harc\u00e8lement d&rsquo;un ou plusieurs membres se verra sanctionn\u00e9 s\u00e9v\u00e8rement. Son utilisation n&rsquo;est permise que pour l&rsquo;\u00e9change entre les membres. Toute utilisation de la messagerie \u00e0 des fins promotionnelles ou publicitaires se verra imm\u00e9diatement sanctionn\u00e9e.<\/p>\n<p>Toutes les irr\u00e9gularit\u00e9s remarqu\u00e9es par les utilisateurs du site doivent \u00eatre notifi\u00e9es aux administrateurs ou mod\u00e9rateurs du site.<\/p>\n<p>Le respect des autres est une grande vertu du site \u00ab\u00a0<strong>Les Aphrapnautes<\/strong>\u00ab\u00a0.\u00a0Le non-respect est donc prohib\u00e9.<\/p>\n<p>Les mod\u00e9rateurs et les administrateurs ont tous pouvoirs pour que ce site reste un lieu d&rsquo;\u00e9changes agr\u00e9able, constructif et amical pour tous.<\/p>\n<p>Un membre exclu qui se r\u00e9inscrit sur le site sera de nouveau exclu.<\/p>\n<p>Ce r\u00e8glement peut \u00eatre modifi\u00e9 en tout temps et sans pr\u00e9avis.<\/p>\n<p>Le vieil adage qui dit que tout ce qui n&rsquo;est pas interdit est permis, est faux.<\/p>\n<p>Sur \u00ab\u00a0<strong>Les Aphrapnautes<\/strong>\u00ab\u00a0,\u00a0tout ce qui n&rsquo;est pas interdit peut l&rsquo;\u00eatre ou le devenir.<\/p>\n","protected":false},"excerpt":{"rendered":"<p>Il est interdit de faire de la propagande explicite pour ou contre un parti politique, un courant politique ou un politicien. Ce point du r\u00e8glement s&rsquo;applique \u00e9galement aux syndicats et aux religions. Il est interdit de mettre des propos racistes, &hellip; <a href=\"https:\/\/www.kananas.com\/aphrap2844\/accueil\/reglement-interieur-du-site\/\">Continuer la lecture <span class=\"meta-nav\">&rarr;<\/span><\/a><\/p>\n","protected":false},"author":856,"featured_media":0,"parent":9,"menu_order":3,"comment_status":"closed","ping_status":"closed","template":"","meta":{"_crdt_document":"","footnotes":""},"class_list":["post-42","page","type-page","status-publish","hentry"],"_links":{"self":[{"href":"https:\/\/www.kananas.com\/aphrap2844\/wp-json\/wp\/v2\/pages\/42","targetHints":{"allow":["GET"]}}],"collection":[{"href":"https:\/\/www.kananas.com\/aphrap2844\/wp-json\/wp\/v2\/pages"}],"about":[{"href":"https:\/\/www.kananas.com\/aphrap2844\/wp-json\/wp\/v2\/types\/page"}],"author":[{"embeddable":true,"href":"https:\/\/www.kananas.com\/aphrap2844\/wp-json\/wp\/v2\/users\/856"}],"replies":[{"embeddable":true,"href":"https:\/\/www.kananas.com\/aphrap2844\/wp-json\/wp\/v2\/comments?post=42"}],"version-history":[{"count":1,"href":"https:\/\/www.kananas.com\/aphrap2844\/wp-json\/wp\/v2\/pages\/42\/revisions"}],"predecessor-version":[{"id":30061,"href":"https:\/\/www.kananas.com\/aphrap2844\/wp-json\/wp\/v2\/pages\/42\/revisions\/30061"}],"up":[{"embeddable":true,"href":"https:\/\/www.kananas.com\/aphrap2844\/wp-json\/wp\/v2\/pages\/9"}],"wp:attachment":[{"href":"https:\/\/www.kananas.com\/aphrap2844\/wp-json\/wp\/v2\/media?parent=42"}],"curies":[{"name":"wp","href":"https:\/\/api.w.org\/{rel}","templated":true}]}}