{"id":77,"date":"2019-03-08T11:51:29","date_gmt":"2019-03-08T10:51:29","guid":{"rendered":"http:\/\/www.kananas.com\/associationacdelagardonnenque3123\/?page_id=77"},"modified":"2025-03-19T10:31:18","modified_gmt":"2025-03-19T09:31:18","slug":"club-haddock","status":"publish","type":"page","link":"https:\/\/www.kananas.com\/associationacdelagardonnenque3123\/club-haddock\/","title":{"rendered":"Club du Capitaine Haddock"},"content":{"rendered":"<h1><span style=\"color: #0073aa\">Apprendre \u00e0 nager en \u00e9tant diff\u00e9rent<\/span><\/h1>\n<p>Ce club regroupe des familles de la Gardonnenque et d&rsquo;ailleurs autour de leur proche handicap\u00e9, pour des moments tr\u00e8s conviviaux o\u00f9 r\u00e8gne l&rsquo;id\u00e9e du plaisir partag\u00e9.<\/p>\n<p>Chaque personne doit \u00eatre encadr\u00e9e par au moins un parent ou adulte responsable, qui deviendra, pendant la dur\u00e9e de ce club, son \u00e9ducateur particulier<span style=\"color: #000000\">.<\/span><\/p>\n<p><strong>Chaque parent ou adulte responsable est tenu de surveiller la personne accompagn\u00e9e en continu<\/strong>, le ma\u00eetre nageur \u00e9tant en position d\u2019enseignant lors du d\u00e9roulement de ce club, dispensant des conseils de natation.<br \/>\n<strong>Pour tout accident pouvant se d\u00e9rouler durant ce cours la responsabilit\u00e9 de l\u2019association ou du ma\u00eetre nageur ne pourra \u00eatre retenue<\/strong>. Aucune obligation de suivi p\u00e9dagogique n\u2019est obligatoire.<\/p>\n<p>Tout le monde est tenu de respecter le r\u00e8glement int\u00e9rieur et le plan d\u2019organisation des secours qui sont affich\u00e9s dans le hall et au bord du bassin.<\/p>\n<p>Le ma\u00eetre nageur est \u00e0 votre disposition pour tout renseignement concernant le fonctionnement du cours et des autres clubs de notre association.<\/p>\n<p>Les cours de natation d\u2019une <strong>dur\u00e9e de 45 minutes,<\/strong> \u00e0 raison d\u2019un cours par semaine de Mai \u00e0 mi-Octobre, sont dispens\u00e9s par un <strong>ma\u00eetre nageur sauveteur dipl\u00f4m\u00e9 d\u2019\u00e9tat<\/strong>, poss\u00e9dant \u00e9galement un <strong>Brevet\u00a0 d&rsquo;\u00c9tat d\u2019\u00c9ducateur\u00a0Sportif en Natation<\/strong>.<\/p>\n<h2><span style=\"color: #0073aa\">Horaires<\/span><\/h2>\n<p><strong>SAMEDI de 19h15 \u00e0 20h00<\/strong><br \/>\nClub du capitaine Haddock<\/p>\n<div id=\"attachment_242\" style=\"width: 778px\" class=\"wp-caption alignleft\"><img loading=\"lazy\" decoding=\"async\" aria-describedby=\"caption-attachment-242\" class=\"cadre wp-image-242 size-full\" title=\"Apprendre \u00e0 nager en \u00e9tant diff\u00e9rent\" src=\"http:\/\/www.kananas.com\/associationacdelagardonnenque3123\/wp-content\/uploads\/sites\/1383\/2019\/03\/petits-nageurs-piscine-sauzet.jpg\" alt=\"Apprendre \u00e0 nager en \u00e9tant diff\u00e9rent\" width=\"768\" height=\"500\" srcset=\"https:\/\/www.kananas.com\/associationacdelagardonnenque3123\/wp-content\/uploads\/sites\/1383\/2019\/03\/petits-nageurs-piscine-sauzet.jpg 768w, https:\/\/www.kananas.com\/associationacdelagardonnenque3123\/wp-content\/uploads\/sites\/1383\/2019\/03\/petits-nageurs-piscine-sauzet-150x98.jpg 150w, https:\/\/www.kananas.com\/associationacdelagardonnenque3123\/wp-content\/uploads\/sites\/1383\/2019\/03\/petits-nageurs-piscine-sauzet-300x195.jpg 300w, https:\/\/www.kananas.com\/associationacdelagardonnenque3123\/wp-content\/uploads\/sites\/1383\/2019\/03\/petits-nageurs-piscine-sauzet-624x406.jpg 624w\" sizes=\"auto, (max-width: 768px) 100vw, 768px\" \/><p id=\"caption-attachment-242\" class=\"wp-caption-text\">Apprendre \u00e0 nager en \u00e9tant diff\u00e9rent<\/p><\/div>\n","protected":false},"excerpt":{"rendered":"<p>Apprendre \u00e0 nager en \u00e9tant diff\u00e9rent Ce club regroupe des familles de la Gardonnenque et d&rsquo;ailleurs autour de leur proche handicap\u00e9, pour des moments tr\u00e8s conviviaux o\u00f9 r\u00e8gne l&rsquo;id\u00e9e du plaisir partag\u00e9. Chaque personne doit \u00eatre encadr\u00e9e par au moins un parent ou adulte responsable, qui deviendra, pendant la dur\u00e9e de ce club, son \u00e9ducateur particulier. Chaque parent ou adulte&#8230; <a href=\"https:\/\/www.kananas.com\/associationacdelagardonnenque3123\/club-haddock\/\">Read more &raquo;<\/a><\/p>\n","protected":false},"author":1428,"featured_media":0,"parent":0,"menu_order":0,"comment_status":"closed","ping_status":"closed","template":"","meta":{"_crdt_document":"","footnotes":""},"class_list":["post-77","page","type-page","status-publish","hentry"],"_links":{"self":[{"href":"https:\/\/www.kananas.com\/associationacdelagardonnenque3123\/wp-json\/wp\/v2\/pages\/77","targetHints":{"allow":["GET"]}}],"collection":[{"href":"https:\/\/www.kananas.com\/associationacdelagardonnenque3123\/wp-json\/wp\/v2\/pages"}],"about":[{"href":"https:\/\/www.kananas.com\/associationacdelagardonnenque3123\/wp-json\/wp\/v2\/types\/page"}],"author":[{"embeddable":true,"href":"https:\/\/www.kananas.com\/associationacdelagardonnenque3123\/wp-json\/wp\/v2\/users\/1428"}],"replies":[{"embeddable":true,"href":"https:\/\/www.kananas.com\/associationacdelagardonnenque3123\/wp-json\/wp\/v2\/comments?post=77"}],"version-history":[{"count":21,"href":"https:\/\/www.kananas.com\/associationacdelagardonnenque3123\/wp-json\/wp\/v2\/pages\/77\/revisions"}],"predecessor-version":[{"id":805,"href":"https:\/\/www.kananas.com\/associationacdelagardonnenque3123\/wp-json\/wp\/v2\/pages\/77\/revisions\/805"}],"wp:attachment":[{"href":"https:\/\/www.kananas.com\/associationacdelagardonnenque3123\/wp-json\/wp\/v2\/media?parent=77"}],"curies":[{"name":"wp","href":"https:\/\/api.w.org\/{rel}","templated":true}]}}