{"id":109,"date":"2015-05-11T17:00:55","date_gmt":"2015-05-11T15:00:55","guid":{"rendered":"http:\/\/www.gestasso.com\/association\/associationdesludothequesfrancaises\/?page_id=109"},"modified":"2026-03-02T12:06:52","modified_gmt":"2026-03-02T11:06:52","slug":"selection-des-ludothecaires","status":"publish","type":"page","link":"https:\/\/www.kananas.com\/associationdesludothequesfrancaises\/evenements\/selection-des-ludothecaires\/","title":{"rendered":"S\u00e9lection des Ludoth\u00e9caires"},"content":{"rendered":"<p><span style=\"color: #000000\"><span style=\"font-family: helvetica, arial, sans-serif;font-size: 14pt\">La S\u00e9lection des Ludoth\u00e9caires est une action annuelle ayant pour objet de mettre en avant les jeux et jouets pl\u00e9biscit\u00e9s par les ludoth\u00e9caires, s\u00e9lectionn\u00e9s en fonction de leur int\u00e9r\u00eat ludique, de leur originalit\u00e9 et de leur dimension \u00e9thique.<\/span><\/span><\/p>\n<p><span style=\"font-family: helvetica, arial, sans-serif;font-size: 14pt;color: #000000\">Chaque ann\u00e9e, des jeux et jouets sont ainsi s\u00e9lectionn\u00e9s par les ludoth\u00e9caires adh\u00e9rents \u00e0 l\u2019ALF, dans les cinq cat\u00e9gories suivantes :<\/span><\/p>\n<ul>\n<li><span style=\"font-family: helvetica, arial, sans-serif;font-size: 14pt;color: #000000\">Jeu d\u2019exercice (jeux sensoriels et moteurs)<\/span><\/li>\n<li><span style=\"font-family: helvetica, arial, sans-serif;font-size: 14pt;color: #000000\">Jeu symbolique (jeux de faire-semblant)<\/span><\/li>\n<li><span style=\"font-family: helvetica, arial, sans-serif;font-size: 14pt;color: #000000\">Jeu d\u2019assemblage (jeux de construction et de montage)<\/span><\/li>\n<li><span style=\"font-family: helvetica, arial, sans-serif;font-size: 14pt;color: #000000\">Jeu de r\u00e8gles (jeux dans lesquels le joueur doit suivre des consignes pr\u00e9cises)<\/span><\/li>\n<li><span style=\"font-family: helvetica, arial, sans-serif;font-size: 14pt;color: #000000\">Jeu vid\u00e9o<\/span><\/li>\n<\/ul>\n<p style=\"text-align: center\"><a href=\"https:\/\/backoffice.kananas.com\/drive.php?doc=MTcwMC9kb2N1bWVudHMvRXZlbmVtZW50cy1sdWRpcXVlcy9TREwvTW9kYWxpdGVzLVNETC0yMDI2LnBkZg==\"><span style=\"font-family: helvetica, arial, sans-serif;font-size: 14pt;color: #5fa781\">Modalit\u00e9s de la S\u00e9lection des ludoth\u00e9caires 2026<\/span><\/a><\/p>\n<p style=\"text-align: center\"><a href=\"https:\/\/framaforms.org\/selection-des-ludothecaires-2026-1768315221\"><span style=\"font-family: helvetica, arial, sans-serif;font-size: 14pt;color: #5fa781\">Faites vos propositions (jusqu&rsquo;au 6 avril)<\/span><\/a><\/p>\n<p>&nbsp;<\/p>\n<p>&nbsp;<\/p>\n<p><strong><div class=\"su-row\"><div class=\"su-column su-column-size-1-2\"><div class=\"su-column-inner su-u-clearfix su-u-trim\"><\/strong><\/p>\n<p style=\"text-align: center\"><img loading=\"lazy\" decoding=\"async\" class=\"alignnone wp-image-6150\" src=\"https:\/\/www.kananas.com\/associationdesludothequesfrancaises\/wp-content\/uploads\/sites\/482\/2025\/09\/SDL2025_JeuxPrimes2-212x300.jpg\" alt=\"\" width=\"349\" height=\"494\" srcset=\"https:\/\/www.kananas.com\/associationdesludothequesfrancaises\/wp-content\/uploads\/sites\/482\/2025\/09\/SDL2025_JeuxPrimes2-212x300.jpg 212w, https:\/\/www.kananas.com\/associationdesludothequesfrancaises\/wp-content\/uploads\/sites\/482\/2025\/09\/SDL2025_JeuxPrimes2-724x1024.jpg 724w, https:\/\/www.kananas.com\/associationdesludothequesfrancaises\/wp-content\/uploads\/sites\/482\/2025\/09\/SDL2025_JeuxPrimes2-768x1086.jpg 768w, https:\/\/www.kananas.com\/associationdesludothequesfrancaises\/wp-content\/uploads\/sites\/482\/2025\/09\/SDL2025_JeuxPrimes2-1086x1536.jpg 1086w, https:\/\/www.kananas.com\/associationdesludothequesfrancaises\/wp-content\/uploads\/sites\/482\/2025\/09\/SDL2025_JeuxPrimes2-50x71.jpg 50w, https:\/\/www.kananas.com\/associationdesludothequesfrancaises\/wp-content\/uploads\/sites\/482\/2025\/09\/SDL2025_JeuxPrimes2-271x383.jpg 271w, https:\/\/www.kananas.com\/associationdesludothequesfrancaises\/wp-content\/uploads\/sites\/482\/2025\/09\/SDL2025_JeuxPrimes2.jpg 1414w\" sizes=\"auto, (max-width: 349px) 100vw, 349px\" \/><\/p>\n<p><strong><\/div><\/div> <div class=\"su-column su-column-size-1-2\"><div class=\"su-column-inner su-u-clearfix su-u-trim\"><\/strong><\/p>\n<p><img loading=\"lazy\" decoding=\"async\" class=\"wp-image-6157 aligncenter\" src=\"https:\/\/www.kananas.com\/associationdesludothequesfrancaises\/wp-content\/uploads\/sites\/482\/2025\/09\/ALF_logos-selection2025-300x300.png\" alt=\"\" width=\"246\" height=\"246\" srcset=\"https:\/\/www.kananas.com\/associationdesludothequesfrancaises\/wp-content\/uploads\/sites\/482\/2025\/09\/ALF_logos-selection2025-300x300.png 300w, https:\/\/www.kananas.com\/associationdesludothequesfrancaises\/wp-content\/uploads\/sites\/482\/2025\/09\/ALF_logos-selection2025-1024x1024.png 1024w, https:\/\/www.kananas.com\/associationdesludothequesfrancaises\/wp-content\/uploads\/sites\/482\/2025\/09\/ALF_logos-selection2025-150x150.png 150w, https:\/\/www.kananas.com\/associationdesludothequesfrancaises\/wp-content\/uploads\/sites\/482\/2025\/09\/ALF_logos-selection2025-768x768.png 768w, https:\/\/www.kananas.com\/associationdesludothequesfrancaises\/wp-content\/uploads\/sites\/482\/2025\/09\/ALF_logos-selection2025-1536x1536.png 1536w, https:\/\/www.kananas.com\/associationdesludothequesfrancaises\/wp-content\/uploads\/sites\/482\/2025\/09\/ALF_logos-selection2025-2048x2048.png 2048w, https:\/\/www.kananas.com\/associationdesludothequesfrancaises\/wp-content\/uploads\/sites\/482\/2025\/09\/ALF_logos-selection2025-50x50.png 50w, https:\/\/www.kananas.com\/associationdesludothequesfrancaises\/wp-content\/uploads\/sites\/482\/2025\/09\/ALF_logos-selection2025-1600x1600.png 1600w, https:\/\/www.kananas.com\/associationdesludothequesfrancaises\/wp-content\/uploads\/sites\/482\/2025\/09\/ALF_logos-selection2025-271x271.png 271w\" sizes=\"auto, (max-width: 246px) 100vw, 246px\" \/><\/p>\n<p style=\"text-align: center\"><a href=\"https:\/\/backoffice.kananas.com\/drive.php?doc=MTcwMC9kb2N1bWVudHMvRXZlbmVtZW50cy1sdWRpcXVlcy9BTEYtbG9nb3Mtc2VsZWN0aW9uMjAyNS5wbmc=\"><span style=\"font-family: helvetica, arial, sans-serif;font-size: 14pt;color: #5fa781\">T\u00e9l\u00e9charger le logo de la SDL<\/span><\/a><\/p>\n<p><strong><\/div><\/div><\/div><\/strong><\/p>\n<p><span style=\"font-family: helvetica, arial, sans-serif;font-size: 14pt;color: #5fa781\"><a style=\"color: #5fa781\" href=\"https:\/\/www.kananas.com\/associationdesludothequesfrancaises\/wp-content\/uploads\/sites\/482\/2024\/09\/SDL-2024-Jeux-primes.pdf\">Vers la S\u00e9lection des ludoth\u00e9caires 2024<\/a><\/span><br \/>\n<span style=\"font-family: helvetica, arial, sans-serif;font-size: 14pt;color: #5fa781\"><a style=\"color: #5fa781\" href=\"https:\/\/www.kananas.com\/associationdesludothequesfrancaises\/wp-content\/uploads\/sites\/482\/2023\/09\/SDL-2023-Jeux-primes.pdf\">Vers la S\u00e9lection des ludoth\u00e9caires 2023<\/a><\/span><\/p>\n<p style=\"text-align: left\"><span style=\"font-family: helvetica, arial, sans-serif;font-size: 14pt;color: #5fa781\"><a style=\"color: #5fa781\" href=\"https:\/\/backoffice.kananas.com\/drive.php?doc=MTcwMC9kb2N1bWVudHMvRXZlbmVtZW50cy1sdWRpcXVlcy9TREwtMjAyMi1KZXV4LXByaW1lcy5wZGY=\">Vers la S\u00e9lection des ludoth\u00e9caires 2022<\/a><\/span><\/p>\n<p style=\"text-align: left\"><a href=\"https:\/\/backoffice.kananas.com\/drive.php?doc=MTcwMC9kb2N1bWVudHMvRXZlbmVtZW50cy1sdWRpcXVlcy9TREwtMjAyMS1qZXV4LXByaW1lcy5wZGY=\"><span style=\"font-family: helvetica, arial, sans-serif;font-size: 14pt\"><span style=\"color: #5fa781\">Vers la S\u00e9lection des ludoth\u00e9caires 2021<\/span><\/span><\/a><br \/>\n<span style=\"color: #5fa781\"><a style=\"color: #5fa781\" href=\"https:\/\/backoffice.kananas.com\/drive.php?doc=MTcwMC9kb2N1bWVudHMvRXZlbmVtZW50cy1sdWRpcXVlcy9TREwtMjAyMC1qZXV4LXByaW1lcy5qcGc=\"><span style=\"font-family: helvetica, arial, sans-serif;font-size: 14pt\"><span style=\"color: #5fa781\">Vers la S\u00e9lection des ludoth\u00e9caires 2020<\/span><\/span><\/a><\/span><br \/>\n<span style=\"color: #5fa781\"><a style=\"color: #5fa781\" href=\"http:\/\/www.kananas.com\/associationdesludothequesfrancaises\/sdl-2019\/\"><span style=\"font-size: 14pt\"><span style=\"font-family: helvetica, arial, sans-serif\">Vers la <span style=\"color: #5fa781\">S\u00e9lection<\/span> des ludoth\u00e9caires 2019<\/span><\/span><\/a><br \/>\n<a href=\"https:\/\/backoffice.kananas.com\/drive.php?doc=MTcwMC9kb2N1bWVudHMvRXZlbmVtZW50cy1sdWRpcXVlcy9zZWxlY3Rpb24tZGVzLWx1ZG90aGVjYWlyZXMtMjAxOC5wZGY=\"><span style=\"font-family: helvetica, arial, sans-serif;font-size: 14pt\"><span style=\"color: #5fa781\">Vers la S\u00e9lection des ludoth\u00e9caires 2018<\/span><\/span><\/a><\/span><\/p>\n<table style=\"height: 48px\" width=\"61\">\n<tbody>\n<tr style=\"height: 24px\">\n<td style=\"width: 22.75px;height: 24px\"><\/td>\n<\/tr>\n<tr style=\"height: 24px\">\n<td style=\"width: 22.75px;height: 24px\"><\/td>\n<td style=\"width: 22.75px;height: 24px\"><\/td>\n<\/tr>\n<\/tbody>\n<\/table>\n","protected":false},"excerpt":{"rendered":"<p>La S\u00e9lection des Ludoth\u00e9caires est une action annuelle ayant pour objet de mettre en avant les jeux et jouets pl\u00e9biscit\u00e9s par les ludoth\u00e9caires, s\u00e9lectionn\u00e9s en fonction de leur int\u00e9r\u00eat ludique, de leur originalit\u00e9 et de leur dimension \u00e9thique. Chaque ann\u00e9e, des jeux et jouets sont ainsi s\u00e9lectionn\u00e9s par les ludoth\u00e9caires adh\u00e9rents \u00e0 l\u2019ALF, dans les<\/p>\n","protected":false},"author":493,"featured_media":0,"parent":4886,"menu_order":0,"comment_status":"closed","ping_status":"closed","template":"","meta":{"_crdt_document":"","footnotes":""},"class_list":["post-109","page","type-page","status-publish","hentry"],"_links":{"self":[{"href":"https:\/\/www.kananas.com\/associationdesludothequesfrancaises\/wp-json\/wp\/v2\/pages\/109","targetHints":{"allow":["GET"]}}],"collection":[{"href":"https:\/\/www.kananas.com\/associationdesludothequesfrancaises\/wp-json\/wp\/v2\/pages"}],"about":[{"href":"https:\/\/www.kananas.com\/associationdesludothequesfrancaises\/wp-json\/wp\/v2\/types\/page"}],"author":[{"embeddable":true,"href":"https:\/\/www.kananas.com\/associationdesludothequesfrancaises\/wp-json\/wp\/v2\/users\/493"}],"replies":[{"embeddable":true,"href":"https:\/\/www.kananas.com\/associationdesludothequesfrancaises\/wp-json\/wp\/v2\/comments?post=109"}],"version-history":[{"count":10,"href":"https:\/\/www.kananas.com\/associationdesludothequesfrancaises\/wp-json\/wp\/v2\/pages\/109\/revisions"}],"predecessor-version":[{"id":6358,"href":"https:\/\/www.kananas.com\/associationdesludothequesfrancaises\/wp-json\/wp\/v2\/pages\/109\/revisions\/6358"}],"up":[{"embeddable":true,"href":"https:\/\/www.kananas.com\/associationdesludothequesfrancaises\/wp-json\/wp\/v2\/pages\/4886"}],"wp:attachment":[{"href":"https:\/\/www.kananas.com\/associationdesludothequesfrancaises\/wp-json\/wp\/v2\/media?parent=109"}],"curies":[{"name":"wp","href":"https:\/\/api.w.org\/{rel}","templated":true}]}}