{"id":118,"date":"2015-05-11T17:07:55","date_gmt":"2015-05-11T16:07:55","guid":{"rendered":"http:\/\/www.gestasso.com\/association\/associationdesludothequesfrancaises\/?page_id=118"},"modified":"2025-07-02T11:27:04","modified_gmt":"2025-07-02T09:27:04","slug":"le-reseau-international","status":"publish","type":"page","link":"https:\/\/www.kananas.com\/associationdesludothequesfrancaises\/lalf\/le-reseau-international\/","title":{"rendered":"R\u00e9seau international"},"content":{"rendered":"<p style=\"text-align: justify\"><img loading=\"lazy\" decoding=\"async\" class=\"wp-image-2561 alignright\" src=\"http:\/\/www.kananas.com\/associationdesludothequesfrancaises\/wp-content\/uploads\/sites\/482\/2017\/12\/WA8iZ3K6-300x300.jpeg\" alt=\"\" width=\"304\" height=\"304\" \/><\/p>\n<p style=\"text-align: justify\"><span style=\"font-family: helvetica, arial, sans-serif\"><span style=\"color: #ff0000;font-size: 18pt\">Association internationale des ludoth\u00e8ques (ITLA)<br \/>\n<\/span><span style=\"color: #333333\">Association non gouvernementale \u00e0 but non lucratif, form\u00e9e d&rsquo;associations nationales de ludoth\u00e8ques et de membres internationaux.<\/span><\/span><\/p>\n<p style=\"text-align: justify\"><span style=\"font-family: helvetica, arial, sans-serif;color: #333333\">Elle na\u00eet \u00e0 Turin en 1990 \u00e0 l&rsquo;occasion du 5\u00e8me congr\u00e8s international des ludoth\u00e8ques.<\/span><\/p>\n<p style=\"text-align: justify\"><span style=\"font-family: helvetica, arial, sans-serif;color: #333333\"><strong>SES MISSIONS :<br \/>\n<\/strong><\/span><\/p>\n<ul style=\"text-align: justify\">\n<li><span style=\"font-family: helvetica, arial, sans-serif;color: #333333\"><strong>Diffuser le concept de ludoth\u00e8que comme moyen de \u00ab donner \u00e0 jouer \u00bb<\/strong>aux personnes et de leur fournir du mat\u00e9riel ludique.<\/span><\/li>\n<li><span style=\"font-family: helvetica, arial, sans-serif;color: #333333\"><strong>Servir de lien entre les associations nationales de ludoth\u00e8ques<\/strong>, fournir l&rsquo;opportunit\u00e9 d&rsquo;<strong>\u00e9changes d&rsquo;id\u00e9es et de mat\u00e9riel\u00a0<\/strong>au niveau international.<\/span><\/li>\n<li><span style=\"font-family: helvetica, arial, sans-serif;color: #333333\"><strong>Maintenir un lien avec les autres organisations et associations\u00a0<\/strong>li\u00e9es au d\u00e9veloppement, la sant\u00e9, l&rsquo;\u00e9ducation et le jeu.<\/span><\/li>\n<li><span style=\"font-family: helvetica, arial, sans-serif;color: #333333\"><strong>Promouvoir la production et la cr\u00e9ation de jeux et jouets <\/strong>stimulant le d\u00e9veloppement physique, psychologique, social, culturel et \u00e9ducatif ; informer \u00e0 propos de ces jeux et jouets.<\/span><\/li>\n<li><span style=\"font-family: helvetica, arial, sans-serif;color: #333333\"><strong>Organiser des \u00e9v\u00e9nements et congr\u00e8s internationaux p\u00e9riodiques\u00a0<\/strong>consacr\u00e9s \u00e0 la r\u00e9flexion autour des diff\u00e9rents aspects du jeu, du mat\u00e9riel et des animations ludiques.<\/span><\/li>\n<\/ul>\n<p>&nbsp;<\/p>\n<p style=\"text-align: left\"><strong><span style=\"font-family: helvetica, arial, sans-serif\"><span style=\"color: #333333\">JOURN\u00c9E MONDIALE DU JEU<\/p>\n<p><\/span><\/span><\/strong><span style=\"font-family: helvetica, arial, sans-serif;color: #333333\">En 1999, ITLA d\u00e9cide d&rsquo;une journ\u00e9e mondiale du jeu, tous les ans le 28 mai.<\/span><\/p>\n<p>&nbsp;<\/p>\n<p style=\"text-align: left\"><span style=\"font-family: helvetica, arial, sans-serif;color: #333333\"><strong>Retrouvez ITLA sur le site :<\/strong> <\/span><span style=\"font-family: helvetica, arial, sans-serif;color: #5fa781\"><a style=\"color: #5fa781\" title=\"Site internet ITLA (nouvelle fen\u00eatre)\" href=\"http:\/\/www.itla-toylibraries.org\/\" target=\"_blank\" rel=\"noopener\">www.itla-toylibraries.org<\/a><\/span><\/p>\n<p style=\"text-align: left\"><span style=\"color: #5fa781\"><a style=\"color: #5fa781\" href=\"https:\/\/backoffice.kananas.com\/drive.php?doc=MTcwMC9kb2N1bWVudHMvRG9jcy1yZXNzb3VyY2VzL0lUTEEtQ29uZmVyZW5jZS0yMDE3LnBkZg==\"><span style=\"font-family: helvetica, arial, sans-serif\">La pr\u00e9sentation du <strong>congr\u00e8s 2017 de l&rsquo;ITLA<\/strong>, au Pays-bas<\/span><\/a><\/span><\/p>\n","protected":false},"excerpt":{"rendered":"<p>Association internationale des ludoth\u00e8ques (ITLA) Association non gouvernementale \u00e0 but non lucratif, form\u00e9e d&rsquo;associations nationales de ludoth\u00e8ques et de membres internationaux. Elle na\u00eet \u00e0 Turin en 1990 \u00e0 l&rsquo;occasion du 5\u00e8me congr\u00e8s international des ludoth\u00e8ques. SES MISSIONS : Diffuser le concept de ludoth\u00e8que comme moyen de \u00ab donner \u00e0 jouer \u00bbaux personnes et de leur<\/p>\n","protected":false},"author":493,"featured_media":0,"parent":4852,"menu_order":0,"comment_status":"closed","ping_status":"closed","template":"","meta":{"_crdt_document":"","footnotes":""},"class_list":["post-118","page","type-page","status-publish","hentry"],"_links":{"self":[{"href":"https:\/\/www.kananas.com\/associationdesludothequesfrancaises\/wp-json\/wp\/v2\/pages\/118","targetHints":{"allow":["GET"]}}],"collection":[{"href":"https:\/\/www.kananas.com\/associationdesludothequesfrancaises\/wp-json\/wp\/v2\/pages"}],"about":[{"href":"https:\/\/www.kananas.com\/associationdesludothequesfrancaises\/wp-json\/wp\/v2\/types\/page"}],"author":[{"embeddable":true,"href":"https:\/\/www.kananas.com\/associationdesludothequesfrancaises\/wp-json\/wp\/v2\/users\/493"}],"replies":[{"embeddable":true,"href":"https:\/\/www.kananas.com\/associationdesludothequesfrancaises\/wp-json\/wp\/v2\/comments?post=118"}],"version-history":[{"count":10,"href":"https:\/\/www.kananas.com\/associationdesludothequesfrancaises\/wp-json\/wp\/v2\/pages\/118\/revisions"}],"predecessor-version":[{"id":6052,"href":"https:\/\/www.kananas.com\/associationdesludothequesfrancaises\/wp-json\/wp\/v2\/pages\/118\/revisions\/6052"}],"up":[{"embeddable":true,"href":"https:\/\/www.kananas.com\/associationdesludothequesfrancaises\/wp-json\/wp\/v2\/pages\/4852"}],"wp:attachment":[{"href":"https:\/\/www.kananas.com\/associationdesludothequesfrancaises\/wp-json\/wp\/v2\/media?parent=118"}],"curies":[{"name":"wp","href":"https:\/\/api.w.org\/{rel}","templated":true}]}}