{"id":1802,"date":"2016-08-29T16:12:10","date_gmt":"2016-08-29T14:12:10","guid":{"rendered":"http:\/\/www.gestasso.com\/association\/associationdesludothequesfrancaises\/?page_id=1802"},"modified":"2026-04-21T11:56:56","modified_gmt":"2026-04-21T09:56:56","slug":"universite-dete-ludothecaires","status":"publish","type":"page","link":"https:\/\/www.kananas.com\/associationdesludothequesfrancaises\/nos-formations\/universite-dete-ludothecaires\/","title":{"rendered":"Formation d&rsquo;\u00e9t\u00e9 (ex UE)"},"content":{"rendered":"<p><span style=\"font-family: helvetica, arial, sans-serif;font-size: 18pt;color: #ff0000\"><strong>Formation d&rsquo;\u00e9t\u00e9 des ludoth\u00e9caires 2026<\/strong><\/span><\/p>\n<p><span style=\"color: #99cc00\"><span style=\"color: #000000\"><span style=\"font-family: helvetica, arial, sans-serif;font-size: 14pt\"><strong>\u00ab\u00a0Jeu, ludoth\u00e8que et handicap\u00a0\u00bb<\/strong> <\/span><strong><span style=\"font-size: 14pt\"><span style=\"font-family: helvetica, arial, sans-serif\">du 4 au 6 novembre \u00e0 Toulouse (31).<\/span><\/span><\/strong><\/span><\/span><\/p>\n<p><span style=\"font-family: helvetica, arial, sans-serif;color: #000000\">A partir de l\u2019id\u00e9e que le handicap ne caract\u00e9rise pas des personnes mais des situations ou les capacit\u00e9s de chacun.e peuvent \u00eatre mises en difficult\u00e9 par l\u2019environnement, cette formation permettra aux ludoth\u00e8ques d\u2019approfondir leur r\u00e9flexion sur l\u2019accueil du handicap en ludoth\u00e8que, de d\u00e9couvrir les outils existants et renforcer les postures d\u2019accompagnement des ludoth\u00e9caires aussi bien que le pouvoir d\u2019agir des publics.<\/span><\/p>\n<p><span style=\"font-family: helvetica, arial, sans-serif;color: #000000\">Intentions p\u00e9dagogiques<\/span><\/p>\n<ul>\n<li><span style=\"font-family: helvetica, arial, sans-serif;color: #000000\">Comprendre la notion de handicap et les concepts connexes (accessibilit\u00e9, inclusivit\u00e9\u2026)<\/span><\/li>\n<li><span style=\"font-family: helvetica, arial, sans-serif;color: #000000\">\u00catre en capacit\u00e9 de co-construire les modalit\u00e9s d\u2019accueil du handicap dans sa structure<\/span><\/li>\n<li><span style=\"font-family: helvetica, arial, sans-serif;color: #000000\">Renforcer les postures professionnelles de l\u2019accompagnement des publics<\/span><\/li>\n<li><span style=\"font-family: helvetica, arial, sans-serif;color: #000000\">Conna\u00eetre les ressources facilitant la prise en compte du handicap dans le jeu.<\/span><\/li>\n<\/ul>\n<p align=\"justify\"><a href=\"https:\/\/app.kananas.com\/drive\/view\/doc\/MTcwMC9kb2N1bWVudHMvRm9ybWF0aW9ucy8yMDI2L1Byb2dyYW1tZS1Gb3JtYXRpb24tZC1ldGUtMjAyNi5wZGY=?utm_source=brevo&amp;utm_campaign=Avril%202026&amp;utm_medium=email\"><span style=\"color: #5fa781;font-family: helvetica, arial, sans-serif\"><b>Pr\u00e9-programme<\/b><\/span><\/a><\/p>\n<p align=\"justify\"><a href=\"https:\/\/app.kananas.com\/drive\/view\/doc\/MTcwMC9kb2N1bWVudHMvRm9ybWF0aW9ucy8yMDI2L0J1bGxldGluLWQtaW5zY3JpcHRpb24tRkUtMjAyNi5wZGY=?utm_source=brevo&amp;utm_campaign=Avril%202026&amp;utm_medium=email\"><span style=\"color: #5fa781;font-family: helvetica, arial, sans-serif\"><b>Bulletin de pr\u00e9-inscription<\/b><\/span><\/a><\/p>\n<p align=\"justify\"><span style=\"font-family: helvetica, arial, sans-serif;color: #000000\">Attention, si vous souhaitez r\u00e9server h\u00e9bergement et repas, votre inscription doit nous parvenir pour le 15 septembre 2026 au plus tard.<\/span><\/p>\n<hr \/>\n<p><span style=\"font-family: helvetica, arial, sans-serif;color: #ff0000;font-size: 12pt\">Formation d\u2019\u00e9t\u00e9 des ludoth\u00e9caires 2025 (Vichy)<\/span><br \/>\n<span style=\"font-size: 12pt\"><span style=\"font-family: helvetica, arial, sans-serif\"><span style=\"color: #000000\"><strong><em>\u00ab La dimension symbolique dans le jeu \u00bb<\/em><\/strong><\/span> : <\/span><em><strong><a href=\"https:\/\/app.kananas.com\/drive\/view\/doc\/MTcwMC9kb2N1bWVudHMvRm9ybWF0aW9ucy8yMDI1LzIwMjUtQWN0ZXMtRkUucGRm\"><span style=\"font-family: helvetica, arial, sans-serif\"><span style=\"color: #5fa781\">t\u00e9l\u00e9charger les Actes<\/span><\/span><\/a><\/strong><\/em><\/span><\/p>\n<p><span style=\"font-family: helvetica, arial, sans-serif;color: #ff0000;font-size: 12pt\">Formation d\u2019\u00e9t\u00e9 des ludoth\u00e9caires 2024 (Vichy)<\/span><br \/>\n<span style=\"font-size: 12pt\"><span style=\"font-family: helvetica, arial, sans-serif\"><span style=\"color: #000000\"><strong><em>\u00ab Le bien-\u00eatre de toutes et tous en ludoth\u00e8que \u00bb<\/em><\/strong><\/span> : <\/span><em><strong><a href=\"https:\/\/backoffice.kananas.com\/drive.php?doc=MTcwMC9kb2N1bWVudHMvRm9ybWF0aW9ucy8yMDI0LUFjdGVzLUZFLnBkZg==\"><span style=\"font-family: helvetica, arial, sans-serif\"><span style=\"color: #5fa781\">t\u00e9l\u00e9charger les Actes<\/span><\/span><\/a><\/strong><\/em><\/span><\/p>\n<p><span style=\"font-family: helvetica, arial, sans-serif;color: #ff0000;font-size: 12pt\">Formation d\u2019\u00e9t\u00e9 des ludoth\u00e9caires 2023 (Rennes)<\/span><br \/>\n<span style=\"font-size: 12pt\"><span style=\"font-family: helvetica, arial, sans-serif\"><span style=\"color: #000000\"><strong><em>\u00ab G\u00e9n\u00e9ration(s) Ludoth\u00e8que \u00bb<\/em><\/strong> <\/span>:\u00a0<\/span><em><strong><a href=\"https:\/\/backoffice.kananas.com\/drive.php?doc=MTcwMC9kb2N1bWVudHMvRm9ybWF0aW9ucy9BY3Rlcy1GRS0yMDIzLnBkZg==\"><span style=\"font-family: helvetica, arial, sans-serif\"><span style=\"color: #5fa781\">t\u00e9l\u00e9charger les Actes<\/span><\/span><\/a><\/strong><\/em><\/span><\/p>\n<p><span style=\"font-family: helvetica, arial, sans-serif;color: #ff0000;font-size: 12pt\">Formation d\u2019\u00e9t\u00e9 des ludoth\u00e9caires 2022 (Paris)<\/span><br \/>\n<span style=\"font-size: 12pt\"><span style=\"font-family: helvetica, arial, sans-serif;color: #000000\"><strong><em>\u00ab Mythes et l\u00e9gendes autour du jeu vid\u00e9o \u00bb<\/em><\/strong> :<\/span>\u00a0<em><strong><a href=\"https:\/\/backoffice.kananas.com\/drive.php?doc=MTcwMC9kb2N1bWVudHMvRm9ybWF0aW9ucy9BY3Rlcy1GRS0yMDIyLnBkZg==\"><span style=\"font-family: helvetica, arial, sans-serif;color: #5fa781\"><span style=\"font-size: 12pt\">t\u00e9l\u00e9charger les Actes<\/span><\/span><\/a><\/strong><\/em><\/span><\/p>\n<p><span style=\"font-family: helvetica, arial, sans-serif;color: #ff0000;font-size: 12pt\">Formation d\u2019\u00e9t\u00e9 des ludoth\u00e9caires 2021 (Marseille)<\/span><br \/>\n<span style=\"font-size: 12pt\"><span style=\"font-family: helvetica, arial, sans-serif;color: #000000\"><strong><em>\u00ab Ludoth\u00e8que : jouer, agir, s&rsquo;impliquer \u00bb<\/em><\/strong> : <\/span><em><strong><a href=\"https:\/\/backoffice.kananas.com\/drive.php?doc=MTcwMC9kb2N1bWVudHMvRm9ybWF0aW9ucy9BY3Rlcy1GRS0yMDIxLnBkZg==\"><span style=\"font-family: helvetica, arial, sans-serif\"><span style=\"color: #5fa781\">t\u00e9l\u00e9charger les Actes<\/span><\/span><\/a><\/strong><\/em><\/span><\/p>\n<p><span style=\"font-size: 12pt\"><span style=\"font-family: helvetica, arial, sans-serif;color: #ff0000\">Formation d\u2019\u00e9t\u00e9 des ludoth\u00e9caires 2019 (Paris)<br \/>\n<span style=\"color: #000000\"><strong><em>\u00ab La ludoth\u00e8que, au carrefour des m\u00e9diations \u00bb<\/em><\/strong> :<\/span><\/span><span style=\"font-family: helvetica, arial, sans-serif;color: #5fa781\"><a style=\"color: #5fa781\" href=\"https:\/\/backoffice.kananas.com\/drive.php?doc=MTcwMC9kb2N1bWVudHMvRm9ybWF0aW9ucy9BY3Rlcy1VRS1BTEYtMjAxOS5wZGY=\"> <em><strong>t\u00e9l\u00e9charger les Actes<\/strong><\/em><\/a><\/span><span style=\"font-family: helvetica, arial, sans-serif;color: #ff0000\"><br \/>\n<\/span><\/span><\/p>\n<p><span style=\"font-family: helvetica, arial, sans-serif;color: #ff0000;font-size: 12pt\">Universit\u00e9 d\u2019\u00e9t\u00e9 des ludoth\u00e9caires 2018 (Lille)<\/span><br \/>\n<span style=\"font-size: 12pt\"><em><strong><span style=\"font-family: helvetica, arial, sans-serif\"><span style=\"color: #000000\">\u00ab Ludoth\u00e9caire, les mots pour le dire. Un m\u00e9tier, une profession, vers la publication d\u2019un ouvrage de r\u00e9f\u00e9rence \u00bb<\/span> : <a href=\"https:\/\/backoffice.kananas.com\/drive.php?doc=MTcwMC9kb2N1bWVudHMvRm9ybWF0aW9ucy9BY3Rlcy1VRS0yMDE4LnBkZg==\"><span style=\"color: #5fa781\">t\u00e9l\u00e9charger les Actes<\/span><\/a><\/span> <\/strong><\/em><\/span><\/p>\n<p><span style=\"font-family: helvetica, arial, sans-serif;font-size: 12pt\"><span style=\"color: #000000\"><span style=\"color: #ff0000\">Universit\u00e9 d\u2019\u00e9t\u00e9 des ludoth\u00e9caires 2017 (Parthenay)<\/span><br \/>\n<\/span><span style=\"color: #000000\"><em><strong>\u00ab Effets induits : les apports informels du jeu en ludoth\u00e8que vis-\u00e0-vis des publics\u00a0\u00bb : <\/strong><\/em><\/span><span style=\"color: #000000\"><a href=\"https:\/\/backoffice.kananas.com\/drive.php?doc=MTcwMC9kb2N1bWVudHMvRm9ybWF0aW9ucy9BY3Rlcy1VRS0yMDE3LnBkZg==\"><span style=\"color: #5fa781\"><em><strong>t\u00e9l\u00e9charger les<\/strong><strong> A<\/strong><\/em><\/span><strong><em><span style=\"color: #5fa781\">ctes<\/span><\/em><\/strong><\/a><\/span><\/span><\/p>\n<p><span style=\"font-family: helvetica, arial, sans-serif;font-size: 12pt;color: #ff0000\">Universit\u00e9 d&rsquo;\u00e9t\u00e9 des ludoth\u00e9caires 2016 (Brive-la-Gaillarde)<br \/>\n<\/span><span style=\"font-family: helvetica, arial, sans-serif;font-size: 14pt\"><strong><span style=\"font-size: 12pt;color: #000000\"><em> \u00ab Le jeu e(s)t la culture \u00bb : <\/em><\/span><a href=\"https:\/\/backoffice.kananas.com\/drive.php?doc=MTcwMC9kb2N1bWVudHMvRm9ybWF0aW9ucy8yMDE2L0FMRi1VRXRlMjAxNi1BQ1RFUy5wZGY=\"><span style=\"font-size: 12pt\"><span style=\"font-size: 14pt\"><span style=\"font-size: 12pt\"><em><span style=\"font-size: 12pt\"><span style=\"color: #5fa781\">t\u00e9l\u00e9charger les Actes<\/span><\/span><\/em><\/span><\/span><\/span><\/a><\/strong><\/span><\/p>\n","protected":false},"excerpt":{"rendered":"<p>Formation d&rsquo;\u00e9t\u00e9 des ludoth\u00e9caires 2026 \u00ab\u00a0Jeu, ludoth\u00e8que et handicap\u00a0\u00bb du 4 au 6 novembre \u00e0 Toulouse (31). A partir de l\u2019id\u00e9e que le handicap ne caract\u00e9rise pas des personnes mais des situations ou les capacit\u00e9s de chacun.e peuvent \u00eatre mises en difficult\u00e9 par l\u2019environnement, cette formation permettra aux ludoth\u00e8ques d\u2019approfondir leur r\u00e9flexion sur l\u2019accueil du<\/p>\n","protected":false},"author":493,"featured_media":0,"parent":4844,"menu_order":0,"comment_status":"closed","ping_status":"closed","template":"","meta":{"_crdt_document":"","footnotes":""},"class_list":["post-1802","page","type-page","status-publish","hentry"],"_links":{"self":[{"href":"https:\/\/www.kananas.com\/associationdesludothequesfrancaises\/wp-json\/wp\/v2\/pages\/1802","targetHints":{"allow":["GET"]}}],"collection":[{"href":"https:\/\/www.kananas.com\/associationdesludothequesfrancaises\/wp-json\/wp\/v2\/pages"}],"about":[{"href":"https:\/\/www.kananas.com\/associationdesludothequesfrancaises\/wp-json\/wp\/v2\/types\/page"}],"author":[{"embeddable":true,"href":"https:\/\/www.kananas.com\/associationdesludothequesfrancaises\/wp-json\/wp\/v2\/users\/493"}],"replies":[{"embeddable":true,"href":"https:\/\/www.kananas.com\/associationdesludothequesfrancaises\/wp-json\/wp\/v2\/comments?post=1802"}],"version-history":[{"count":10,"href":"https:\/\/www.kananas.com\/associationdesludothequesfrancaises\/wp-json\/wp\/v2\/pages\/1802\/revisions"}],"predecessor-version":[{"id":6438,"href":"https:\/\/www.kananas.com\/associationdesludothequesfrancaises\/wp-json\/wp\/v2\/pages\/1802\/revisions\/6438"}],"up":[{"embeddable":true,"href":"https:\/\/www.kananas.com\/associationdesludothequesfrancaises\/wp-json\/wp\/v2\/pages\/4844"}],"wp:attachment":[{"href":"https:\/\/www.kananas.com\/associationdesludothequesfrancaises\/wp-json\/wp\/v2\/media?parent=1802"}],"curies":[{"name":"wp","href":"https:\/\/api.w.org\/{rel}","templated":true}]}}