{"id":2131,"date":"2017-09-07T15:31:10","date_gmt":"2017-09-07T13:31:10","guid":{"rendered":"http:\/\/www.kananas.com\/associationdesludothequesfrancaises\/?page_id=2131"},"modified":"2026-03-24T09:27:49","modified_gmt":"2026-03-24T08:27:49","slug":"les-formations-continues","status":"publish","type":"page","link":"https:\/\/www.kananas.com\/associationdesludothequesfrancaises\/nos-formations\/les-formations-continues\/","title":{"rendered":"Formations continues"},"content":{"rendered":"<p><span style=\"color: #000000;font-size: 14pt\"><span style=\"font-family: helvetica, arial, sans-serif\">Chaque ann\u00e9e, l\u2019ALF propose \u00e0 ses adh\u00e9rent-es un catalogue de formations.<br \/>\n<\/span><span style=\"font-family: helvetica, arial, sans-serif\">Ces courts modules sont con\u00e7us pour r\u00e9pondre au mieux aux besoins et \u00e0 l\u2019actualit\u00e9 des ludoth\u00e8ques.<\/span><\/span><\/p>\n<div class=\"su-row\"><div class=\"su-column su-column-size-1-3\"><div class=\"su-column-inner su-u-clearfix su-u-trim\">\n<p><span style=\"font-family: helvetica, arial, sans-serif;color: #000000;font-size: 14pt\"><img loading=\"lazy\" decoding=\"async\" class=\"alignnone wp-image-5361\" src=\"https:\/\/www.kananas.com\/associationdesludothequesfrancaises\/wp-content\/uploads\/sites\/482\/2023\/10\/LogoQualiopi-300dpi-Avec-Marianne-300x160.png\" alt=\"\" width=\"199\" height=\"106\" srcset=\"https:\/\/www.kananas.com\/associationdesludothequesfrancaises\/wp-content\/uploads\/sites\/482\/2023\/10\/LogoQualiopi-300dpi-Avec-Marianne-300x160.png 300w, https:\/\/www.kananas.com\/associationdesludothequesfrancaises\/wp-content\/uploads\/sites\/482\/2023\/10\/LogoQualiopi-300dpi-Avec-Marianne-271x145.png 271w, https:\/\/www.kananas.com\/associationdesludothequesfrancaises\/wp-content\/uploads\/sites\/482\/2023\/10\/LogoQualiopi-300dpi-Avec-Marianne.png 633w\" sizes=\"auto, (max-width: 199px) 100vw, 199px\" \/><\/span><\/p>\n<p><span style=\"font-family: helvetica, arial, sans-serif;color: #000000;font-size: 14pt\"><\/div><\/div><\/span><\/p>\n<p><span style=\"font-family: helvetica, arial, sans-serif;color: #000000\">La certification qualit\u00e9 a \u00e9t\u00e9 d\u00e9livr\u00e9e au titre de la cat\u00e9gorie suivante : ACTION DE FORMATION<\/span><\/p>\n<p><span style=\"font-family: helvetica, arial, sans-serif;color: #000000\">L&rsquo;ALF \u00e9tant certifi\u00e9e Qualiopi, vous pouvez vous rapprocher de votre OPCO pour conna\u00eetre les modalit\u00e9s de financement.<\/span><\/p>\n<p><a href=\"https:\/\/backoffice.kananas.com\/drive.php?doc=MTcwMC9kb2N1bWVudHMvRm9ybWF0aW9ucy9BTEYtQ2VydGlmaWNhdC1yZXYwMy5wZGY=\"><strong><span style=\"color: #5fa781;font-family: helvetica, arial, sans-serif\">Retrouvez ici le certificat Qualiopi<\/span><\/strong><\/a><\/p>\n<div class=\"su-column su-column-size-1-2\"><div class=\"su-column-inner su-u-clearfix su-u-trim\">\n<\/div><\/div><\/div>\n<div class=\"su-row\"><div class=\"su-column su-column-size-1-2\"><div class=\"su-column-inner su-u-clearfix su-u-trim\">\n<p><span style=\"color: #5fa781\"><a style=\"color: #5fa781\" href=\"https:\/\/www.kananas.com\/associationdesludothequesfrancaises\/wp-content\/uploads\/sites\/482\/2026\/02\/PROGRAMME_Formation_2026.pdf\"><span style=\"font-family: helvetica, arial, sans-serif;font-size: 18pt\"><strong>Programme de <span style=\"color: #5fa781\">formation<\/span> 2026<\/strong><\/span><\/a><\/span><\/p>\n<\/div><\/div>\n<p><strong><a href=\"https:\/\/www.kananas.com\/associationdesludothequesfrancaises\/wp-content\/uploads\/sites\/482\/2026\/03\/Bulletin-dinscription-2026.pdf\"><span style=\"font-family: helvetica, arial, sans-serif;font-size: 18pt\"><span style=\"color: #5fa781\">Bulletin de pr\u00e9-inscription 2026<\/span><\/span><\/a><\/strong><\/p>\n<div class=\"su-column su-column-size-1-2\"><div class=\"su-column-inner su-u-clearfix su-u-trim\">\n<\/div><\/div><\/div>\n<p><strong><a href=\"https:\/\/www.kananas.com\/associationdesludothequesfrancaises\/wp-content\/uploads\/sites\/482\/2025\/11\/tarif-2026.pdf\"><span style=\"font-family: helvetica, arial, sans-serif;font-size: 18pt\"><span style=\"color: #5fa781\">Tarifs 2026<\/span><\/span><\/a><\/strong><\/p>\n<p>&nbsp;<\/p>\n<hr \/>\n<p><span style=\"font-size: 14pt\"><strong><a href=\"https:\/\/backoffice.kananas.com\/drive.php?doc=MTcwMC9kb2N1bWVudHMvRm9ybWF0aW9ucy9SZWdsZW1lbnQtSW50ZXJpZXVyLWZvcm1hdGlvbi1BTEYtMjAyMC5wZGY=\"><span style=\"font-family: helvetica, arial, sans-serif\"><span style=\"color: #5fa781\">Le R\u00e8glement int\u00e9rieur de la formation<\/span><\/span><\/a><\/strong><\/span><\/p>\n<p><span style=\"font-family: helvetica, arial, sans-serif;font-size: 12pt;color: #000000\"><strong>Sauf indications contraires, les formations se d\u00e9roulent au si\u00e8ge social de l\u2019ALF : 5 impasse bon secours 75011 Paris<\/strong><\/span><\/p>\n<p><span style=\"font-family: helvetica, arial, sans-serif;font-size: 12pt;color: #000000\"><strong>Ces journ\u00e9es ne sont maintenues que si le nombre de 4 participant-es est atteint, aussi, nous vous invitons \u00e0 vous inscrire rapidement, faute de quoi, les formations risquent d\u2019\u00eatre annul\u00e9es.<\/strong><\/span><\/p>\n<hr \/>\n<p><span style=\"font-size: 18pt;font-family: helvetica, arial, sans-serif;color: #ff0000\">Quelques chiffres<\/span><\/p>\n<p><span style=\"font-family: helvetica, arial, sans-serif;font-size: 14pt\"><div class=\"su-row\"><div class=\"su-column su-column-size-1-2\"><div class=\"su-column-inner su-u-clearfix su-u-trim\"><\/span><\/p>\n<p><span style=\"font-family: helvetica, arial, sans-serif;font-size: 12pt;color: #000000\">Sur l&rsquo;ann\u00e9e 2023, 30 journ\u00e9es de formation se sont d\u00e9roul\u00e9es, anim\u00e9es par 8 formateurs-trices.\u00a0 <\/span><\/p>\n<p><span style=\"font-family: helvetica, arial, sans-serif;font-size: 12pt;color: #000000\">Les participant-es \u00e9taient des ludoth\u00e9caires ou autres professionnel-les proposant du jeu, salari\u00e9-es, b\u00e9n\u00e9voles, porteurs-euses de projet ou volontaires en Service civique.<\/span><\/p>\n<p><span style=\"font-family: helvetica, arial, sans-serif;font-size: 12pt;color: #000000\"> En 2023, les formations de l&rsquo;ALF ont r\u00e9pondu aux attentes de 95% des participant-es.<\/span><span style=\"font-family: helvetica, arial, sans-serif;font-size: 14pt\"><\/div><\/div><\/span><\/p>\n<p><img loading=\"lazy\" decoding=\"async\" class=\"alignnone wp-image-5077\" src=\"https:\/\/www.kananas.com\/associationdesludothequesfrancaises\/wp-content\/uploads\/sites\/482\/2022\/12\/activite-stagiaire-2022-300x180.png\" alt=\"\" width=\"387\" height=\"232\" \/><\/p>\n<p><span style=\"font-family: helvetica, arial, sans-serif;font-size: 14pt\"><div class=\"su-column su-column-size-1-2\"><div class=\"su-column-inner su-u-clearfix su-u-trim\"><\/span><\/p>\n<p><span style=\"font-family: helvetica, arial, sans-serif;font-size: 14pt\"><\/div><\/div><\/div><\/span><\/p>\n","protected":false},"excerpt":{"rendered":"<p>Chaque ann\u00e9e, l\u2019ALF propose \u00e0 ses adh\u00e9rent-es un catalogue de formations. Ces courts modules sont con\u00e7us pour r\u00e9pondre au mieux aux besoins et \u00e0 l\u2019actualit\u00e9 des ludoth\u00e8ques. Tarifs 2026 &nbsp; Le R\u00e8glement int\u00e9rieur de la formation Sauf indications contraires, les formations se d\u00e9roulent au si\u00e8ge social de l\u2019ALF : 5 impasse bon secours 75011 Paris<\/p>\n","protected":false},"author":1,"featured_media":0,"parent":4844,"menu_order":0,"comment_status":"closed","ping_status":"closed","template":"","meta":{"_crdt_document":"","footnotes":""},"class_list":["post-2131","page","type-page","status-publish","hentry"],"_links":{"self":[{"href":"https:\/\/www.kananas.com\/associationdesludothequesfrancaises\/wp-json\/wp\/v2\/pages\/2131","targetHints":{"allow":["GET"]}}],"collection":[{"href":"https:\/\/www.kananas.com\/associationdesludothequesfrancaises\/wp-json\/wp\/v2\/pages"}],"about":[{"href":"https:\/\/www.kananas.com\/associationdesludothequesfrancaises\/wp-json\/wp\/v2\/types\/page"}],"author":[{"embeddable":true,"href":"https:\/\/www.kananas.com\/associationdesludothequesfrancaises\/wp-json\/wp\/v2\/users\/1"}],"replies":[{"embeddable":true,"href":"https:\/\/www.kananas.com\/associationdesludothequesfrancaises\/wp-json\/wp\/v2\/comments?post=2131"}],"version-history":[{"count":10,"href":"https:\/\/www.kananas.com\/associationdesludothequesfrancaises\/wp-json\/wp\/v2\/pages\/2131\/revisions"}],"predecessor-version":[{"id":6409,"href":"https:\/\/www.kananas.com\/associationdesludothequesfrancaises\/wp-json\/wp\/v2\/pages\/2131\/revisions\/6409"}],"up":[{"embeddable":true,"href":"https:\/\/www.kananas.com\/associationdesludothequesfrancaises\/wp-json\/wp\/v2\/pages\/4844"}],"wp:attachment":[{"href":"https:\/\/www.kananas.com\/associationdesludothequesfrancaises\/wp-json\/wp\/v2\/media?parent=2131"}],"curies":[{"name":"wp","href":"https:\/\/api.w.org\/{rel}","templated":true}]}}