{"id":293,"date":"2015-05-24T18:00:47","date_gmt":"2015-05-24T17:00:47","guid":{"rendered":"http:\/\/www.gestasso.com\/association\/associationdesludothequesfrancaises\/?page_id=293"},"modified":"2024-12-31T14:44:23","modified_gmt":"2024-12-31T13:44:23","slug":"lalf-paca","status":"publish","type":"page","link":"https:\/\/www.kananas.com\/associationdesludothequesfrancaises\/4858-2\/alf-metropolitaines\/lalf-paca\/","title":{"rendered":"L&rsquo;ALF Sud-PACA"},"content":{"rendered":"<div class=\"su-row\"><div class=\"su-column su-column-size-1-2\"><div class=\"su-column-inner su-u-clearfix su-u-trim\">\n<p><span style=\"color: #ff0000;font-family: helvetica, arial, sans-serif;font-size: 14pt\">Si\u00e8ge social <\/span><\/p>\n<p><span style=\"font-family: helvetica, arial, sans-serif;font-size: 12pt;color: #000000\">45 rue des P\u00e2tres<\/span><br \/>\n<span style=\"font-family: helvetica, arial, sans-serif;font-size: 12pt;color: #000000\"> 13300 Salon de Provence<\/span><br \/>\n<span style=\"font-family: helvetica, arial, sans-serif\"> <a href=\"mailto:ludospaca@gmail.com\"><span style=\"font-size: 12pt\"><span style=\"color: #5fa781\">ludospaca@gmail.com<\/span><\/span><\/a><\/span><\/p>\n<p><span style=\"font-family: helvetica, arial, sans-serif;color: #5fa781\"><a style=\"color: #5fa781\" href=\"https:\/\/www.facebook.com\/profile.php?id=61556025273414\">Facebook<\/a><\/span><\/p>\n<p><span style=\"font-family: helvetica, arial, sans-serif\"><span style=\"color: #ff0000;font-size: 14pt\">Documents officiels<\/span><br \/>\n<\/span><\/p>\n<p><a href=\"https:\/\/backoffice.kananas.com\/drive.php?doc=MTcwMC9kb2N1bWVudHMvUmVnaW9ucy9Qcm92ZW5jZS1BbHBlcy1Db3RlLWQtQXp1ci9BRy1BTEYtU1VELVBBQ0EtRFUtMTAtQVZSSUwtMjAyMS1QVi1WMi1kb2N4LnBkZg==\"><span style=\"font-family: helvetica, arial, sans-serif\"><span style=\"color: #5fa781\"><span style=\"font-size: 12pt\">Compte Rendu de l&rsquo;Assembl\u00e9e g\u00e9n\u00e9rale 2022<\/span><\/span><\/span><\/a><\/p>\n<p><a href=\"https:\/\/backoffice.kananas.com\/drive.php?doc=MTcwMC9kb2N1bWVudHMvUmVnaW9ucy9Qcm92ZW5jZS1BbHBlcy1Db3RlLWQtQXp1ci9TdGF0dXRzLTIwMTgtQUxGLVBBQ0EucGRm\"><span style=\"font-family: helvetica, arial, sans-serif;font-size: 12pt\"><span style=\"color: #5fa781\">Les statuts de l&rsquo;ALF Sud-PACA<\/span><\/span><\/a><\/p>\n<\/div><\/div> <div class=\"su-column su-column-size-1-2\"><div class=\"su-column-inner su-u-clearfix su-u-trim\">\n<p><span style=\"color: #ff0000;font-family: helvetica, arial, sans-serif;font-size: 14pt\">Bureau <\/span><\/p>\n<p><span style=\"font-size: 12pt;color: #000000\"><span style=\"font-family: helvetica, arial, sans-serif\">Pr\u00e9sident : Bruno SUZANNA<br \/>\nVice-pr\u00e9sidente\u00a0: Sophie COTTIGNY<br \/>\n<\/span><span style=\"font-family: helvetica, arial, sans-serif\">Tr\u00e9sori\u00e8re : Dominique DUMESTE<br \/>\n<\/span><\/span><span style=\"font-family: helvetica, arial, sans-serif\"><span style=\"color: #000000\"><span style=\"font-size: 12pt\">Secr\u00e9taire : Christel ARTAUD<\/span><br \/>\n<span style=\"font-size: 12pt\">Secr\u00e9taire adjoint : Fr\u00e9d\u00e9ric CHAUVY<\/span><\/span><\/span><\/p>\n<p><img loading=\"lazy\" decoding=\"async\" class=\"alignnone size-medium wp-image-5805\" src=\"https:\/\/www.kananas.com\/associationdesludothequesfrancaises\/wp-content\/uploads\/sites\/482\/2024\/12\/Carte_PACA-300x249.jpg\" alt=\"\" width=\"300\" height=\"249\" srcset=\"https:\/\/www.kananas.com\/associationdesludothequesfrancaises\/wp-content\/uploads\/sites\/482\/2024\/12\/Carte_PACA-300x249.jpg 300w, https:\/\/www.kananas.com\/associationdesludothequesfrancaises\/wp-content\/uploads\/sites\/482\/2024\/12\/Carte_PACA-768x638.jpg 768w, https:\/\/www.kananas.com\/associationdesludothequesfrancaises\/wp-content\/uploads\/sites\/482\/2024\/12\/Carte_PACA-271x225.jpg 271w, https:\/\/www.kananas.com\/associationdesludothequesfrancaises\/wp-content\/uploads\/sites\/482\/2024\/12\/Carte_PACA.jpg 1024w\" sizes=\"auto, (max-width: 300px) 100vw, 300px\" \/><\/p>\n<\/div><\/div><\/div>\n","protected":false},"excerpt":{"rendered":"","protected":false},"author":493,"featured_media":0,"parent":4861,"menu_order":0,"comment_status":"closed","ping_status":"closed","template":"","meta":{"_crdt_document":"","footnotes":""},"class_list":["post-293","page","type-page","status-publish","hentry"],"_links":{"self":[{"href":"https:\/\/www.kananas.com\/associationdesludothequesfrancaises\/wp-json\/wp\/v2\/pages\/293","targetHints":{"allow":["GET"]}}],"collection":[{"href":"https:\/\/www.kananas.com\/associationdesludothequesfrancaises\/wp-json\/wp\/v2\/pages"}],"about":[{"href":"https:\/\/www.kananas.com\/associationdesludothequesfrancaises\/wp-json\/wp\/v2\/types\/page"}],"author":[{"embeddable":true,"href":"https:\/\/www.kananas.com\/associationdesludothequesfrancaises\/wp-json\/wp\/v2\/users\/493"}],"replies":[{"embeddable":true,"href":"https:\/\/www.kananas.com\/associationdesludothequesfrancaises\/wp-json\/wp\/v2\/comments?post=293"}],"version-history":[{"count":16,"href":"https:\/\/www.kananas.com\/associationdesludothequesfrancaises\/wp-json\/wp\/v2\/pages\/293\/revisions"}],"predecessor-version":[{"id":5806,"href":"https:\/\/www.kananas.com\/associationdesludothequesfrancaises\/wp-json\/wp\/v2\/pages\/293\/revisions\/5806"}],"up":[{"embeddable":true,"href":"https:\/\/www.kananas.com\/associationdesludothequesfrancaises\/wp-json\/wp\/v2\/pages\/4861"}],"wp:attachment":[{"href":"https:\/\/www.kananas.com\/associationdesludothequesfrancaises\/wp-json\/wp\/v2\/media?parent=293"}],"curies":[{"name":"wp","href":"https:\/\/api.w.org\/{rel}","templated":true}]}}