{"id":4,"date":"2017-09-06T21:52:03","date_gmt":"2017-09-06T19:52:03","guid":{"rendered":"http:\/\/www.kananas.com\/associationdesludothAquesfranAaises1700\/espace-perso\/"},"modified":"2022-08-26T14:42:32","modified_gmt":"2022-08-26T12:42:32","slug":"espace-perso","status":"publish","type":"page","link":"https:\/\/www.kananas.com\/associationdesludothequesfrancaises\/adherer\/espace-perso\/","title":{"rendered":"Espace perso"},"content":{"rendered":"<p><span style=\"font-family: helvetica, arial, sans-serif;color: #000000\">Cet espace vous permet d&rsquo;actualiser les informations concernant votre ludoth\u00e8que (celles que vous avez entrez dans le formulaire d&rsquo;adh\u00e9sion).<\/span><\/p>\n<p><span style=\"font-family: helvetica, arial, sans-serif;color: #000000\"> Il est tr\u00e8s important que ces informations soient \u00e0 jour, car c&rsquo;est gr\u00e2ce \u00e0 elles que nous pouvons \u00e9tablir chaque ann\u00e9e un \u00e9tat des lieux des ludoth\u00e8ques du r\u00e9seau sur le territoire.<\/span><\/p>\n\n<!-- iframe plugin v.6.0 wordpress.org\/plugins\/iframe\/ -->\n<iframe loading=\"lazy\" src=\"https:\/\/backoffice.kananas.com\/action_manager.php?event=member_connect&#038;front=1\" frameborder=\"0\" width=\"100%\" height=\"800\" scrolling=\"auto\" class=\"iframe-class\"><\/iframe>\n\n","protected":false},"excerpt":{"rendered":"<p>Cet espace vous permet d&rsquo;actualiser les informations concernant votre ludoth\u00e8que (celles que vous avez entrez dans le formulaire d&rsquo;adh\u00e9sion). Il est tr\u00e8s important que ces informations soient \u00e0 jour, car c&rsquo;est gr\u00e2ce \u00e0 elles que nous pouvons \u00e9tablir chaque ann\u00e9e un \u00e9tat des lieux des ludoth\u00e8ques du r\u00e9seau sur le territoire.<\/p>\n","protected":false},"author":493,"featured_media":0,"parent":4888,"menu_order":0,"comment_status":"closed","ping_status":"closed","template":"","meta":{"_crdt_document":"","footnotes":""},"class_list":["post-4","page","type-page","status-publish","hentry"],"_links":{"self":[{"href":"https:\/\/www.kananas.com\/associationdesludothequesfrancaises\/wp-json\/wp\/v2\/pages\/4","targetHints":{"allow":["GET"]}}],"collection":[{"href":"https:\/\/www.kananas.com\/associationdesludothequesfrancaises\/wp-json\/wp\/v2\/pages"}],"about":[{"href":"https:\/\/www.kananas.com\/associationdesludothequesfrancaises\/wp-json\/wp\/v2\/types\/page"}],"author":[{"embeddable":true,"href":"https:\/\/www.kananas.com\/associationdesludothequesfrancaises\/wp-json\/wp\/v2\/users\/493"}],"replies":[{"embeddable":true,"href":"https:\/\/www.kananas.com\/associationdesludothequesfrancaises\/wp-json\/wp\/v2\/comments?post=4"}],"version-history":[{"count":6,"href":"https:\/\/www.kananas.com\/associationdesludothequesfrancaises\/wp-json\/wp\/v2\/pages\/4\/revisions"}],"predecessor-version":[{"id":2838,"href":"https:\/\/www.kananas.com\/associationdesludothequesfrancaises\/wp-json\/wp\/v2\/pages\/4\/revisions\/2838"}],"up":[{"embeddable":true,"href":"https:\/\/www.kananas.com\/associationdesludothequesfrancaises\/wp-json\/wp\/v2\/pages\/4888"}],"wp:attachment":[{"href":"https:\/\/www.kananas.com\/associationdesludothequesfrancaises\/wp-json\/wp\/v2\/media?parent=4"}],"curies":[{"name":"wp","href":"https:\/\/api.w.org\/{rel}","templated":true}]}}