{"id":68,"date":"2015-04-30T08:54:33","date_gmt":"2015-04-30T07:54:33","guid":{"rendered":"http:\/\/www.gestasso.com\/association\/associationdesludothequesfrancaises\/?page_id=68"},"modified":"2026-03-17T16:11:49","modified_gmt":"2026-03-17T15:11:49","slug":"presentation","status":"publish","type":"page","link":"https:\/\/www.kananas.com\/associationdesludothequesfrancaises\/","title":{"rendered":"pr\u00e9sentation"},"content":{"rendered":"<p style=\"text-align: center\"><span style=\"font-family: helvetica, arial, sans-serif;font-size: 18pt\"><span style=\"color: #ff0000\"><strong>Attention, nouveau num\u00e9ro de t\u00e9l\u00e9phone : 01.89.70.79.68.<\/strong><\/span><\/span><\/p>\n<p><span style=\"font-family: helvetica, arial, sans-serif;font-size: 14pt\"><span style=\"color: #000000\">En ce moment \u00e0 l&rsquo;ALF :<\/span><\/span><\/p>\n<p><span style=\"font-size: 14pt\"><a style=\"color: #5fa781\" href=\"https:\/\/www.kananas.com\/associationdesludothequesfrancaises\/evenements\/la-fete-du-jeu\/\"><span style=\"font-family: helvetica, arial, sans-serif\">Retour de la F\u00eate Mondiale du Jeu ! Inscription sur la carte<\/span><\/a><\/span><\/p>\n<p><span style=\"font-size: 14pt\"><a style=\"color: #5fa781\" href=\"https:\/\/app.kananas.com\/drive\/view\/doc\/MTcwMC9kb2N1bWVudHMvRXZlbmVtZW50cy1sdWRpcXVlcy9HdWlkZS1GTUoucGRm?fbclid=IwY2xjawQmTQtleHRuA2FlbQIxMABicmlkETBUdDNQRlh1RjNJWVY0aEh2c3J0YwZhcHBfaWQQMjIyMDM5MTc4ODIwMDg5MgABHvwuaTRxYPl3PZLn8geJKGlUjL79gZ0j2rAuapX7LR-yOTIXhXbKozH02uoD_aem_72nsqSxD0afr85PISpkF-g\"><span style=\"font-family: helvetica, arial, sans-serif\">Guide d&rsquo;organisation de la F\u00eate Mondiale du Jeu<\/span><\/a><\/span><\/p>\n<p><a style=\"color: #5fa781\" href=\"https:\/\/backoffice.kananas.com\/drive.php?doc=MTcwMC9kb2N1bWVudHMvRG9jcy1yZXNzb3VyY2VzL1JldG91ci1kLWVucXVldGUtUFJFLWV0LWNpdGVzLWVkdWNhdGl2ZXMucGRm\"><span style=\"font-family: helvetica, arial, sans-serif;font-size: 14pt\">Retour d&rsquo;enqu\u00eate \u201cLudoth\u00e8ques et dispositifs de la ville\u201d<\/span><\/a><\/p>\n<p><a style=\"color: #5fa781\" href=\"https:\/\/sigb01.decalog.net\" target=\"_blank\" rel=\"noopener\"><span style=\"font-family: helvetica, arial, sans-serif;font-size: 14pt\">Nouveau wikiludo<\/span><\/a><span style=\"font-family: helvetica, arial, sans-serif;font-size: 14pt\"><span style=\"color: #000000\"> et son<\/span> <a style=\"color: #5fa781\" href=\"https:\/\/backoffice.kananas.com\/drive.php?doc=MTcwMC9kb2N1bWVudHMvV2lraWx1ZG8vR3VpZGUtV2lraS0yMDI1LnBkZg==\" target=\"_blank\" rel=\"noopener\">guide de catalogage<\/a><\/span><\/p>\n<p><a style=\"color: #5fa781\" href=\"https:\/\/framaforms.org\/enquete-formation-personnes-et-structures-ressources-1718704026\" target=\"_blank\" rel=\"noopener\"><span style=\"font-family: helvetica, arial, sans-serif;font-size: 14pt\">Recensement des ludoth\u00e8ques qui proposent des formations<\/span><\/a><\/p>\n<pre><div class=\"su-row\">\r\n<div class=\"su-column su-column-size-1-3\"><div class=\"su-column-inner su-u-clearfix su-u-trim\">\r\n \r\n     <img loading=\"lazy\" decoding=\"async\" class=\"alignnone wp-image-4938\" src=\"https:\/\/www.kananas.com\/associationdesludothequesfrancaises\/wp-content\/uploads\/sites\/482\/2022\/08\/1-300x300.png\" alt=\"\" width=\"245\" height=\"245\" srcset=\"https:\/\/www.kananas.com\/associationdesludothequesfrancaises\/wp-content\/uploads\/sites\/482\/2022\/08\/1-300x300.png 300w, https:\/\/www.kananas.com\/associationdesludothequesfrancaises\/wp-content\/uploads\/sites\/482\/2022\/08\/1-150x150.png 150w, https:\/\/www.kananas.com\/associationdesludothequesfrancaises\/wp-content\/uploads\/sites\/482\/2022\/08\/1-271x271.png 271w, https:\/\/www.kananas.com\/associationdesludothequesfrancaises\/wp-content\/uploads\/sites\/482\/2022\/08\/1.png 500w\" sizes=\"auto, (max-width: 245px) 100vw, 245px\" \/>\r\n<div class=\"su-button-center\"><a href=\"https:\/\/www.kananas.com\/associationdesludothequesfrancaises\/les-ludotheques\/carte\/\" class=\"su-button su-button-style-flat\" style=\"color:#FFFFFF;background-color:#5FA781;border-color:#4c8668;border-radius:0px\" target=\"_blank\" rel=\"noopener noreferrer\"><span style=\"color:#FFFFFF;padding:0px 16px;font-size:13px;line-height:26px;border-color:#8fc2a7;border-radius:0px;text-shadow:none\"> Carte des ludoth\u00e8ques<\/span><\/a><\/div>\r\n<\/div><\/div>\r\n<div class=\"su-column su-column-size-1-3\"><div class=\"su-column-inner su-u-clearfix su-u-trim\"> \r\n    <img loading=\"lazy\" decoding=\"async\" class=\"alignnone wp-image-4939\" src=\"https:\/\/www.kananas.com\/associationdesludothequesfrancaises\/wp-content\/uploads\/sites\/482\/2022\/08\/2-300x300.png\" alt=\"\" width=\"245\" height=\"245\" srcset=\"https:\/\/www.kananas.com\/associationdesludothequesfrancaises\/wp-content\/uploads\/sites\/482\/2022\/08\/2-300x300.png 300w, https:\/\/www.kananas.com\/associationdesludothequesfrancaises\/wp-content\/uploads\/sites\/482\/2022\/08\/2-150x150.png 150w, https:\/\/www.kananas.com\/associationdesludothequesfrancaises\/wp-content\/uploads\/sites\/482\/2022\/08\/2-271x271.png 271w, https:\/\/www.kananas.com\/associationdesludothequesfrancaises\/wp-content\/uploads\/sites\/482\/2022\/08\/2.png 500w\" sizes=\"auto, (max-width: 245px) 100vw, 245px\" \/>\r\n<div class=\"su-button-center\"><a href=\"https:\/\/www.kananas.com\/associationdesludothequesfrancaises\/centre-de-ressources\/lettre-dinformation\/\" class=\"su-button su-button-style-flat\" style=\"color:#FFFFFF;background-color:#5FA781;border-color:#4c8668;border-radius:0px\" target=\"_blank\" rel=\"noopener noreferrer\"><span style=\"color:#FFFFFF;padding:0px 16px;font-size:13px;line-height:26px;border-color:#8fc2a7;border-radius:0px;text-shadow:none\"> Lettre d&rsquo;information<\/span><\/a><\/div>\r\n<\/div><\/div><div class=\"su-column su-column-size-1-3\"><div class=\"su-column-inner su-u-clearfix su-u-trim\">\r\n    <img loading=\"lazy\" decoding=\"async\" class=\"alignnone wp-image-5565 \" src=\"https:\/\/www.kananas.com\/associationdesludothequesfrancaises\/wp-content\/uploads\/sites\/482\/2024\/04\/adherer-300x292.jpg\" alt=\"\" width=\"241\" height=\"234\" srcset=\"https:\/\/www.kananas.com\/associationdesludothequesfrancaises\/wp-content\/uploads\/sites\/482\/2024\/04\/adherer-300x292.jpg 300w, https:\/\/www.kananas.com\/associationdesludothequesfrancaises\/wp-content\/uploads\/sites\/482\/2024\/04\/adherer-271x264.jpg 271w, https:\/\/www.kananas.com\/associationdesludothequesfrancaises\/wp-content\/uploads\/sites\/482\/2024\/04\/adherer.jpg 312w\" sizes=\"auto, (max-width: 241px) 100vw, 241px\" \/>\r\n<div class=\"su-button-center\"><a href=\"https:\/\/www.kananas.com\/associationdesludothequesfrancaises\/adherer\/adhesion\/\" class=\"su-button su-button-style-flat\" style=\"color:#FFFFFF;background-color:#5FA781;border-color:#4c8668;border-radius:0px\" target=\"_blank\" rel=\"noopener noreferrer\"><span style=\"color:#FFFFFF;padding:0px 16px;font-size:13px;line-height:26px;border-color:#8fc2a7;border-radius:0px;text-shadow:none\"> Adh\u00e9rer<\/span><\/a><\/div>\r\n<\/div><\/div>\r\n<\/div>\r\n<\/pre>\n","protected":false},"excerpt":{"rendered":"<p>Attention, nouveau num\u00e9ro de t\u00e9l\u00e9phone : 01.89.70.79.68. En ce moment \u00e0 l&rsquo;ALF : Retour de la F\u00eate Mondiale du Jeu ! Inscription sur la carte Guide d&rsquo;organisation de la F\u00eate Mondiale du Jeu Retour d&rsquo;enqu\u00eate \u201cLudoth\u00e8ques et dispositifs de la ville\u201d Nouveau wikiludo et son guide de catalogage Recensement des ludoth\u00e8ques qui proposent des formations<\/p>\n","protected":false},"author":493,"featured_media":0,"parent":0,"menu_order":0,"comment_status":"closed","ping_status":"open","template":"","meta":{"_crdt_document":"","footnotes":""},"class_list":["post-68","page","type-page","status-publish","hentry"],"_links":{"self":[{"href":"https:\/\/www.kananas.com\/associationdesludothequesfrancaises\/wp-json\/wp\/v2\/pages\/68","targetHints":{"allow":["GET"]}}],"collection":[{"href":"https:\/\/www.kananas.com\/associationdesludothequesfrancaises\/wp-json\/wp\/v2\/pages"}],"about":[{"href":"https:\/\/www.kananas.com\/associationdesludothequesfrancaises\/wp-json\/wp\/v2\/types\/page"}],"author":[{"embeddable":true,"href":"https:\/\/www.kananas.com\/associationdesludothequesfrancaises\/wp-json\/wp\/v2\/users\/493"}],"replies":[{"embeddable":true,"href":"https:\/\/www.kananas.com\/associationdesludothequesfrancaises\/wp-json\/wp\/v2\/comments?post=68"}],"version-history":[{"count":10,"href":"https:\/\/www.kananas.com\/associationdesludothequesfrancaises\/wp-json\/wp\/v2\/pages\/68\/revisions"}],"predecessor-version":[{"id":6378,"href":"https:\/\/www.kananas.com\/associationdesludothequesfrancaises\/wp-json\/wp\/v2\/pages\/68\/revisions\/6378"}],"wp:attachment":[{"href":"https:\/\/www.kananas.com\/associationdesludothequesfrancaises\/wp-json\/wp\/v2\/media?parent=68"}],"curies":[{"name":"wp","href":"https:\/\/api.w.org\/{rel}","templated":true}]}}