{"id":72,"date":"2015-04-30T08:56:04","date_gmt":"2015-04-30T07:56:04","guid":{"rendered":"http:\/\/www.gestasso.com\/association\/associationdesludothequesfrancaises\/?page_id=72"},"modified":"2026-04-21T11:27:56","modified_gmt":"2026-04-21T09:27:56","slug":"l-organigramme","status":"publish","type":"page","link":"https:\/\/www.kananas.com\/associationdesludothequesfrancaises\/lalf\/l-organigramme\/","title":{"rendered":"Pr\u00e9sentation de l&rsquo;ALF"},"content":{"rendered":"<p><span style=\"font-family: helvetica, arial, sans-serif;font-size: 14pt;color: #000000\">L&rsquo;Association des Ludoth\u00e8ques Fran\u00e7aises a pour objet de f\u00e9d\u00e9rer, repr\u00e9senter et accompagner les ludoth\u00e8ques et les structures ludiques fran\u00e7aises qui partagent son projet politique et les fa\u00e7ons de faire autour du jeu qui y sont d\u00e9crites.<\/span><\/p>\n<div class=\"su-divider su-divider-style-default\" style=\"margin:15px 0;border-width:3px;border-color:#999999\"><\/div><div class=\"su-row\"><div class=\"su-column su-column-size-1-3\"><div class=\"su-column-inner su-u-clearfix su-u-trim\">\n<p><a href=\"https:\/\/www.kananas.com\/associationdesludothequesfrancaises\/wp-content\/uploads\/sites\/482\/2023\/05\/Prix-Lizzie-Maggie.jpg\"><img loading=\"lazy\" decoding=\"async\" class=\"wp-image-5255 alignright\" src=\"https:\/\/www.kananas.com\/associationdesludothequesfrancaises\/wp-content\/uploads\/sites\/482\/2023\/05\/Macaron_Lizzie_2023-300x300.png\" alt=\"\" width=\"153\" height=\"153\" srcset=\"https:\/\/www.kananas.com\/associationdesludothequesfrancaises\/wp-content\/uploads\/sites\/482\/2023\/05\/Macaron_Lizzie_2023-300x300.png 300w, https:\/\/www.kananas.com\/associationdesludothequesfrancaises\/wp-content\/uploads\/sites\/482\/2023\/05\/Macaron_Lizzie_2023-1024x1024.png 1024w, https:\/\/www.kananas.com\/associationdesludothequesfrancaises\/wp-content\/uploads\/sites\/482\/2023\/05\/Macaron_Lizzie_2023-150x150.png 150w, https:\/\/www.kananas.com\/associationdesludothequesfrancaises\/wp-content\/uploads\/sites\/482\/2023\/05\/Macaron_Lizzie_2023-768x768.png 768w, https:\/\/www.kananas.com\/associationdesludothequesfrancaises\/wp-content\/uploads\/sites\/482\/2023\/05\/Macaron_Lizzie_2023-1536x1536.png 1536w, https:\/\/www.kananas.com\/associationdesludothequesfrancaises\/wp-content\/uploads\/sites\/482\/2023\/05\/Macaron_Lizzie_2023-2048x2048.png 2048w, https:\/\/www.kananas.com\/associationdesludothequesfrancaises\/wp-content\/uploads\/sites\/482\/2023\/05\/Macaron_Lizzie_2023-271x271.png 271w\" sizes=\"auto, (max-width: 153px) 100vw, 153px\" \/><\/a><\/p>\n<\/div><\/div> <div class=\"su-column su-column-size-2-3\"><div class=\"su-column-inner su-u-clearfix su-u-trim\">\n<p>&nbsp;<\/p>\n<p>&nbsp;<\/p>\n<p><span style=\"font-family: helvetica, arial, sans-serif;font-size: 14pt\"><span style=\"color: #000000\">En 2023 l&rsquo;ALF s&rsquo;est vu d\u00e9cern\u00e9e le prix Lizzie Magie ! Ce prix r\u00e9compense l&rsquo;engagement social, politique et environnemental de l&rsquo;association. Voir la<\/span> <a href=\"https:\/\/www.kananas.com\/associationdesludothequesfrancaises\/wp-content\/uploads\/sites\/482\/2023\/05\/Prix-Lizzie-Maggie.jpg\"><span style=\"color: #5fa781\">fiche compl\u00e8te<\/span><\/a>.<\/span><\/p>\n<\/div><\/div><\/div>\n<p><span style=\"font-family: helvetica, arial, sans-serif;font-size: 12pt;color: #5fa781\"><strong><a style=\"color: #5fa781\" href=\"https:\/\/backoffice.kananas.com\/drive.php?doc=MTcwMC9kb2N1bWVudHMvRG9jdW1lbnRzLW9mZmljaWVscy1uYXRpb25hbC9Eb2N1bWVudHMtZGUtYmFzZS1BTEYvUHJvamV0LXBvbGl0aXF1ZS5wZGY=\">Le Projet politique de l\u2019ALF<\/a>\u00a0 \u00a0\u00a0 \u00a0\u00a0 \u00a0\u00a0 <a style=\"color: #5fa781\" href=\"https:\/\/backoffice.kananas.com\/drive.php?doc=MTcwMC9kb2N1bWVudHMvRG9jdW1lbnRzLW9mZmljaWVscy1uYXRpb25hbC9QbGFxdWV0dGUyMDI1LnBkZg==\">La plaquette de <span style=\"color: #5fa781\">pr\u00e9sentation<\/span><\/a><\/strong><\/span><span style=\"color: #5fa781\"><span style=\"font-family: helvetica, arial, sans-serif;font-size: 12pt\"><strong>\u00a0 \u00a0\u00a0 \u00a0\u00a0 \u00a0\u00a0 <\/strong><a style=\"color: #5fa781\" href=\"http:\/\/www.kananas.com\/associationdesludothequesfrancaises\/nos-valeurs\/\"><strong>Nos valeurs<\/strong><\/a><\/span><strong>\u00a0<\/strong><span style=\"font-size: 12pt\"><strong><span style=\"font-family: helvetica, arial, sans-serif\">\u00a0 \u00a0\u00a0 \u00a0\u00a0 \u00a0\u00a0 <\/span><a style=\"color: #5fa781\" href=\"https:\/\/backoffice.kananas.com\/drive.php?doc=MTcwMC9Eb3NzaWVyLWRlLXByZXNzZS0yMDI1LnBkZg==\"><span style=\"font-family: helvetica, arial, sans-serif\">Dossier de presse<\/span><\/a><\/strong><\/span><\/span> <div class=\"su-divider su-divider-style-default\" style=\"margin:15px 0;border-width:3px;border-color:#999999\"><\/div><span style=\"font-family: helvetica, arial, sans-serif;font-size: 14pt\"><span style=\"color: #ff0000\"><div class=\"su-row\"><div class=\"su-column su-column-size-1-2\"><div class=\"su-column-inner su-u-clearfix su-u-trim\"><\/span><\/span><\/p>\n<p><span style=\"font-family: helvetica, arial, sans-serif;font-size: 14pt\"><span style=\"color: #ff0000\"><span style=\"font-size: 14pt\">Nos Missions\u00a0\u00a0<\/span><\/span> <\/span><\/p>\n<p><span style=\"font-family: helvetica, arial, sans-serif;font-size: 12pt;color: #000000\">Mission de repr\u00e9sentation, de veille et d\u2019influence<\/span><br \/>\n<span style=\"font-family: helvetica, arial, sans-serif;font-size: 10pt;color: #000000\">Ce travail s\u2019effectue en direction de r\u00e9seaux, d\u2019institutions, ou instances reconnues comme ayant trait au jeu et \u00e0 l\u2019action des ludoth\u00e8ques, ou que nous identifions comme pertinent au regard de notre action.<\/span><\/p>\n<p><span style=\"font-family: helvetica, arial, sans-serif;font-size: 12pt;color: #000000\">Mission de cr\u00e9ation et de diffusion d\u2019outils et de proc\u00e9dures<\/span><br \/>\n<span style=\"font-family: helvetica, arial, sans-serif;font-size: 10pt;color: #000000\">Ce travail s\u2019effectue \u00e0 la fois en direction des ludoth\u00e8ques et des diff\u00e9rents niveaux d\u2019ALF. Il a pour but de mettre en coh\u00e9rence notre r\u00e9seau, de centraliser nos ressources, et d\u2019optimiser notre fonctionnement en mettant en place des outils et proc\u00e9dures rendant le travail plus efficace.<\/span><\/p>\n<p><span style=\"font-family: helvetica, arial, sans-serif;font-size: 12pt;color: #000000\">Mission d\u2019animation de travail cr\u00e9atif, d\u2019exp\u00e9rimentation et de formation<\/span><br \/>\n<span style=\"font-family: helvetica, arial, sans-serif;font-size: 10pt;color: #000000\">Ce travail est transversal. Il a pour finalit\u00e9 d\u2019enrichir la r\u00e9flexion autour des ludoth\u00e8ques et de leur environnement, des notions de jeux et de jouer, et de leur place dans les soci\u00e9t\u00e9s dans lesquelles ils s\u2019inscrivent.<\/span><\/p>\n<p><span style=\"font-family: helvetica, arial, sans-serif;font-size: 12pt;color: #000000\">Mission de soutien, d\u2019animation et de d\u00e9veloppement du r\u00e9seau<\/span><br \/>\n<span style=\"font-family: helvetica, arial, sans-serif;font-size: 10pt;color: #000000\">Cette mission a pour objectif de soutenir et d\u2019animer le r\u00e9seau en place, et de favoriser son d\u00e9veloppement, notamment celui de nouvelles structures.<\/span><\/div><\/div> <div class=\"su-column su-column-size-1-2\"><div class=\"su-column-inner su-u-clearfix su-u-trim\">\n<p><span style=\"font-size: 14pt;font-family: helvetica, arial, sans-serif;color: #ff0000\"><img loading=\"lazy\" decoding=\"async\" class=\"alignleft wp-image-6047\" src=\"https:\/\/www.kananas.com\/associationdesludothequesfrancaises\/wp-content\/uploads\/sites\/482\/2025\/07\/Frise-Historique-300x297.png\" alt=\"Frise historique de l'A.L.F\" width=\"415\" height=\"411\" \/>Quelques rep\u00e8res chronologiques<br \/>\n<\/span><\/p>\n<ul>\n<li><span style=\"font-family: helvetica, arial, sans-serif;font-size: 12pt;color: #000000\">1979\u00a0: cr\u00e9ation de l\u2019ALF<\/span><\/li>\n<li><span style=\"font-family: helvetica, arial, sans-serif;font-size: 12pt;color: #000000\">1982 : cr\u00e9ation de la premi\u00e8re ALF r\u00e9gionale : l&rsquo;ALF Nord<\/span><\/li>\n<li><span style=\"font-family: helvetica, arial, sans-serif;font-size: 12pt;color: #000000\">1993 : 1\u00e8re Universit\u00e9 d\u2019\u00e9t\u00e9 des Ludoth\u00e9caires<\/span><\/li>\n<li><span style=\"font-family: helvetica, arial, sans-serif;font-size: 12pt;color: #000000\">1999 : l\u2019ALF coordonne la 1\u00e8re F\u00eate du Jeu<\/span><\/li>\n<li><span style=\"font-family: helvetica, arial, sans-serif;font-size: 12pt;color: #000000\">2003 : cr\u00e9ation de la Charte de qualit\u00e9 des ludoth\u00e8ques<\/span><\/li>\n<li><span style=\"font-family: helvetica, arial, sans-serif;font-size: 12pt;color: #000000\">2008 : l\u2019ALF accueille le 22\u00e8me congr\u00e8s international des ludoth\u00e8ques \u00e0 Paris<\/span><\/li>\n<li><span style=\"font-family: helvetica, arial, sans-serif;font-size: 12pt;color: #000000\">2012 : \u00e9dition de la fiche m\u00e9tier Ludoth\u00e9caire<\/span><\/li>\n<li><span style=\"font-family: helvetica, arial, sans-serif;font-size: 12pt;color: #000000\">2015\u00a0: mise en service de la base de donn\u00e9es Wikiludo<\/span><\/li>\n<li><span style=\"font-family: helvetica, arial, sans-serif;font-size: 12pt;color: #000000\">2016\u00a0: adoption du projet politique de l\u2019ALF<\/span><\/li>\n<li><span style=\"font-family: helvetica, arial, sans-serif;font-size: 12pt;color: #000000\">2017-2019 : restructuration des ALF r\u00e9gionales suite \u00e0 la r\u00e9forme territoriale<br \/>\n<\/span><\/li>\n<li><span style=\"font-family: helvetica, arial, sans-serif;color: #000000;font-size: 12pt\">2023 :\u00a0<\/span><span style=\"font-family: helvetica, arial, sans-serif;color: #000000;font-size: 12pt\">R\u00e9f\u00e9rentiel des ludoth\u00e8ques<\/span><\/li>\n<\/ul>\n<p><span style=\"color: #000000\"><\/div><\/div><\/div><\/span><\/p>\n<div class=\"su-divider su-divider-style-default\" style=\"margin:15px 0;border-width:3px;border-color:#999999\"><\/div>\n<p><span style=\"color: #ff0000;font-family: helvetica, arial, sans-serif\"><div class=\"su-row\"><div class=\"su-column su-column-size-1-2\"><div class=\"su-column-inner su-u-clearfix su-u-trim\"><span style=\"font-family: helvetica, arial, sans-serif;color: #ff0000;font-size: 14pt\">Le Conseil d&rsquo;Administration<\/span><\/span><\/p>\n<ul>\n<li><span style=\"font-family: helvetica, arial, sans-serif;font-size: 12pt;color: #000000\"><strong>Anne Maz\u00e9<\/strong>, pr\u00e9sidente (Occitanie)<\/span><\/li>\n<li><span style=\"font-family: helvetica, arial, sans-serif;color: #000000;font-size: 12pt\"><strong>Nicolas Sornat<\/strong>, vice pr\u00e9sident (Nouvelle Aquitaine)<\/span><\/li>\n<li><span style=\"font-family: helvetica, arial, sans-serif;font-size: 12pt;color: #000000\"><strong>Sol\u00e8ne Gabellec<\/strong>, tr\u00e9sori\u00e8re (Membre associ\u00e9e)<\/span><\/li>\n<li><span style=\"color: #000000;font-family: helvetica, arial, sans-serif;font-size: 12pt\"><b>Dominique Dumeste, <\/b>secr\u00e9taire (PACA)<\/span><\/li>\n<li><span style=\"font-family: helvetica, arial, sans-serif;font-size: 12pt;color: #000000\"><strong>J\u00e9r\u00e9my Chesneau<\/strong>, secr\u00e9taire adjoint (Bretagne)<\/span><\/li>\n<li><span style=\"font-family: helvetica, arial, sans-serif;font-size: 12pt;color: #000000\"><strong>Fran\u00e7oise Cunin<\/strong>, administratrice (Grand Est)<\/span><\/li>\n<li><span style=\"font-family: helvetica, arial, sans-serif;color: #000000;font-size: 12pt\"><strong>Virginie Merland<\/strong>, administratrice (Grand Est)<\/span><\/li>\n<li><span style=\"font-size: 12pt;font-family: helvetica, arial, sans-serif;color: #000000\"><strong>Alexandre Hirtz-Kalafat, <\/strong>administrateur (Ile-de-France)<\/span><\/li>\n<li><span style=\"font-family: helvetica, arial, sans-serif;font-size: 12pt;color: #000000\"><strong>Elo\u00efse Messac, <\/strong>administratrice (Membre associ\u00e9e)<\/span><\/li>\n<li><span style=\"font-family: helvetica, arial, sans-serif;font-size: 12pt;color: #000000\"><strong>St\u00e9phane Mandville<\/strong>, administrateur (Normandie)<\/span><\/li>\n<li><span style=\"font-family: helvetica, arial, sans-serif;font-size: 12pt;color: #000000\"><strong>Isabelle Salles<\/strong>, administratrice (AURA)<\/span><\/li>\n<\/ul>\n<p><span style=\"color: #ff0000;font-family: helvetica, arial, sans-serif\">\u00a0<\/span><span style=\"color: #ff0000;font-family: helvetica, arial, sans-serif\"><\/div><\/div> <div class=\"su-column su-column-size-1-2\"><div class=\"su-column-inner su-u-clearfix su-u-trim\"><\/span><span style=\"font-family: helvetica, arial, sans-serif;font-size: 14pt\"><span style=\"color: #ff0000\">L&rsquo;\u00e9quipe salari\u00e9e<\/span> <\/span><\/p>\n<ul>\n<li><span style=\"font-family: helvetica, arial, sans-serif;font-size: 12pt;color: #000000\"><strong>Oriane Thibeau Sutre<\/strong>, coordinatrice administrative<br \/>\n<\/span><\/li>\n<li><span style=\"font-family: helvetica, arial, sans-serif;font-size: 12pt;color: #000000\"><strong>Hillary Mabetomoka<\/strong>, agente administrative et comptable<\/span><\/li>\n<li><span style=\"font-size: 12pt;color: #000000\"><span style=\"font-family: helvetica, arial, sans-serif\"><strong>Antonin Merieux<\/strong>, coordinateur technique<\/span><\/span><\/li>\n<li><span style=\"font-size: 12pt\"><span style=\"font-family: helvetica, arial, sans-serif;color: #000000\"><strong>Sofia Kerrar<\/strong>, charg\u00e9e de communication et d&rsquo;animation du r\u00e9seau<\/span><span style=\"font-family: helvetica, arial, sans-serif\"><\/div><\/div><\/div><\/span><\/span><\/li>\n<\/ul>\n","protected":false},"excerpt":{"rendered":"<p>L&rsquo;Association des Ludoth\u00e8ques Fran\u00e7aises a pour objet de f\u00e9d\u00e9rer, repr\u00e9senter et accompagner les ludoth\u00e8ques et les structures ludiques fran\u00e7aises qui partagent son projet politique et les fa\u00e7ons de faire autour du jeu qui y sont d\u00e9crites. Le Projet politique de l\u2019ALF\u00a0 \u00a0\u00a0 \u00a0\u00a0 \u00a0\u00a0 La plaquette de pr\u00e9sentation\u00a0 \u00a0\u00a0 \u00a0\u00a0 \u00a0\u00a0 Nos valeurs\u00a0\u00a0 \u00a0\u00a0 \u00a0\u00a0<\/p>\n","protected":false},"author":493,"featured_media":0,"parent":4852,"menu_order":0,"comment_status":"closed","ping_status":"closed","template":"","meta":{"_crdt_document":"","footnotes":""},"class_list":["post-72","page","type-page","status-publish","hentry"],"_links":{"self":[{"href":"https:\/\/www.kananas.com\/associationdesludothequesfrancaises\/wp-json\/wp\/v2\/pages\/72","targetHints":{"allow":["GET"]}}],"collection":[{"href":"https:\/\/www.kananas.com\/associationdesludothequesfrancaises\/wp-json\/wp\/v2\/pages"}],"about":[{"href":"https:\/\/www.kananas.com\/associationdesludothequesfrancaises\/wp-json\/wp\/v2\/types\/page"}],"author":[{"embeddable":true,"href":"https:\/\/www.kananas.com\/associationdesludothequesfrancaises\/wp-json\/wp\/v2\/users\/493"}],"replies":[{"embeddable":true,"href":"https:\/\/www.kananas.com\/associationdesludothequesfrancaises\/wp-json\/wp\/v2\/comments?post=72"}],"version-history":[{"count":10,"href":"https:\/\/www.kananas.com\/associationdesludothequesfrancaises\/wp-json\/wp\/v2\/pages\/72\/revisions"}],"predecessor-version":[{"id":6436,"href":"https:\/\/www.kananas.com\/associationdesludothequesfrancaises\/wp-json\/wp\/v2\/pages\/72\/revisions\/6436"}],"up":[{"embeddable":true,"href":"https:\/\/www.kananas.com\/associationdesludothequesfrancaises\/wp-json\/wp\/v2\/pages\/4852"}],"wp:attachment":[{"href":"https:\/\/www.kananas.com\/associationdesludothequesfrancaises\/wp-json\/wp\/v2\/media?parent=72"}],"curies":[{"name":"wp","href":"https:\/\/api.w.org\/{rel}","templated":true}]}}