{"id":46,"date":"2022-12-21T10:23:33","date_gmt":"2022-12-21T09:23:33","guid":{"rendered":"https:\/\/www.kananas.com\/associationepkp644869\/?page_id=46"},"modified":"2023-02-13T16:56:09","modified_gmt":"2023-02-13T15:56:09","slug":"activites-proposees","status":"publish","type":"page","link":"https:\/\/www.kananas.com\/associationepkp644869\/activites\/activites-proposees\/","title":{"rendered":"BADMINTON"},"content":{"rendered":"<p><img loading=\"lazy\" decoding=\"async\" class=\"aligncenter wp-image-292 \" src=\"https:\/\/www.kananas.com\/associationepkp644869\/wp-content\/uploads\/sites\/2057\/2023\/02\/sila5775190700091.jpg\" alt=\"\" width=\"312\" height=\"234\" srcset=\"https:\/\/www.kananas.com\/associationepkp644869\/wp-content\/uploads\/sites\/2057\/2023\/02\/sila5775190700091.jpg 450w, https:\/\/www.kananas.com\/associationepkp644869\/wp-content\/uploads\/sites\/2057\/2023\/02\/sila5775190700091-300x225.jpg 300w\" sizes=\"auto, (max-width: 312px) 100vw, 312px\" \/><\/p>\n<p style=\"text-align: justify;padding-left: 40px\"><strong><span style=\"font-size: 14pt\">Le badminton est un sport complet qui sollicite tous les muscles et\u00a0 am\u00e9liore l\u2019endurance, la vitesse, l\u2019adresse,\u00a0 la pr\u00e9cision des gestes, la souplesse et la concentration.<\/span><\/strong><\/p>\n<p style=\"text-align: justify;padding-left: 40px\"><strong><span style=\"font-size: 14pt\">Le badminton n\u00e9cessite un travail important et quasi continu des membres inf\u00e9rieurs : La surface de jeu \u00e9tant assez r\u00e9duite, les d\u00e9placements deviennent courts et intenses et peuvent \u00eatre assimil\u00e9s \u00e0 une s\u00e9ance de fractionn\u00e9.<\/span><\/strong><\/p>\n<p style=\"text-align: justify;padding-left: 40px\"><strong><span style=\"font-size: 14pt\">Avec la multiplication des fentes, des sauts, des courses \u00e0 reculons, le badminton est l\u2019un des sports o\u00f9 les mouvements sont les plus divers.<\/span><\/strong><\/p>\n<p style=\"text-align: justify;padding-left: 40px\"><strong><span style=\"font-size: 14pt\">En insistant bien sur les \u00e9tirements, on peut vite gagner en souplesse, ce qui permettra d&rsquo;am\u00e9liorer ses d\u00e9placements sur le terrain.<\/span><\/strong><\/p>\n<p style=\"padding-left: 40px\"><span style=\"font-size: 14pt\"><strong>L&rsquo;association propose des s\u00e9ances <span style=\"color: #0000ff\">Badminton loisir<\/span> \u00e0 destination du public Adultes , du public adolescents et enfants : tous les niveaux sont accueillis au sein des sections !<\/strong><\/span><\/p>\n","protected":false},"excerpt":{"rendered":"<p>Le badminton est un sport complet qui sollicite tous les muscles et\u00a0 am\u00e9liore l\u2019endurance, la vitesse, l\u2019adresse,\u00a0 la pr\u00e9cision des<\/p>\n<p class=\"readmore\"><a href=\"https:\/\/www.kananas.com\/associationepkp644869\/activites\/activites-proposees\/\" title=\"Read BADMINTON\">Read more &raquo;<\/a><\/p>\n","protected":false},"author":2142,"featured_media":0,"parent":85,"menu_order":6,"comment_status":"closed","ping_status":"closed","template":"","meta":{"_crdt_document":"","footnotes":""},"class_list":["post-46","page","type-page","status-publish","hentry"],"_links":{"self":[{"href":"https:\/\/www.kananas.com\/associationepkp644869\/wp-json\/wp\/v2\/pages\/46","targetHints":{"allow":["GET"]}}],"collection":[{"href":"https:\/\/www.kananas.com\/associationepkp644869\/wp-json\/wp\/v2\/pages"}],"about":[{"href":"https:\/\/www.kananas.com\/associationepkp644869\/wp-json\/wp\/v2\/types\/page"}],"author":[{"embeddable":true,"href":"https:\/\/www.kananas.com\/associationepkp644869\/wp-json\/wp\/v2\/users\/2142"}],"replies":[{"embeddable":true,"href":"https:\/\/www.kananas.com\/associationepkp644869\/wp-json\/wp\/v2\/comments?post=46"}],"version-history":[{"count":10,"href":"https:\/\/www.kananas.com\/associationepkp644869\/wp-json\/wp\/v2\/pages\/46\/revisions"}],"predecessor-version":[{"id":370,"href":"https:\/\/www.kananas.com\/associationepkp644869\/wp-json\/wp\/v2\/pages\/46\/revisions\/370"}],"up":[{"embeddable":true,"href":"https:\/\/www.kananas.com\/associationepkp644869\/wp-json\/wp\/v2\/pages\/85"}],"wp:attachment":[{"href":"https:\/\/www.kananas.com\/associationepkp644869\/wp-json\/wp\/v2\/media?parent=46"}],"curies":[{"name":"wp","href":"https:\/\/api.w.org\/{rel}","templated":true}]}}