{"id":3,"date":"2020-04-01T16:59:32","date_gmt":"2020-04-01T14:59:32","guid":{"rendered":"http:\/\/www.kananas.com\/associationespoirdedenguin5682\/adhesion\/"},"modified":"2024-06-16T18:00:03","modified_gmt":"2024-06-16T16:00:03","slug":"adhesion","status":"publish","type":"page","link":"https:\/\/www.kananas.com\/associationespoirdedenguin5682\/adhesion\/","title":{"rendered":"Adhesion en ligne &#8211; Cr\u00e9ation Inscription"},"content":{"rendered":"<p>Bonjour,<\/p>\n<p>Merci de bien vouloir lire les informations ci-dessous pour mener \u00e0 bien votre inscription en ligne. En bas de cette page se trouve le bouton pour acc\u00e9der au formulaire en ligne.<\/p>\n<p>1\/ Avant de vous lancer dans votre demande d&rsquo;inscription en ligne vous devait <strong>avoir rempli et sign\u00e9 le formulaire d&rsquo;inscription\u00a0<\/strong><span style=\"color: #000000\"><b>\u00e9lectronique <\/b><\/span>depuis le site internet de l&rsquo;association onglet<strong> \u00ab\u00a0Inscription\u00a0\u00bb <\/strong>via l&rsquo;un des liens formulaire pr\u00e9sent en bas de page du site.<\/p>\n<p>Lien d&rsquo;acc\u00e8s direct vers l&rsquo;onglet \u00ab\u00a0Inscription\u00a0\u00bb du site de l&rsquo;association:<\/p>\n<ul>\n<li><a href=\"http:\/\/www.espoirdedenguin.fr\/index.php\/50-2\/\">http:\/\/www.espoirdedenguin.fr\/index.php\/50-2\/<\/a><\/li>\n<\/ul>\n<p>2\/<strong>Un certificat m\u00e9dical<\/strong> est \u00e0 d\u00e9poser seulement si vous avez r\u00e9pondu <strong>\u00ab\u00a0OUI\u00a0\u00bb<\/strong> \u00e0 une ou plusieurs questions du questionnaire de sant\u00e9. Dans le cas contraire si vous avez r\u00e9pondu <strong>\u00ab\u00a0NON\u00a0\u00bb<\/strong> \u00e0 toutes les questions un certificat m\u00e9dical n&rsquo;est pas obligatoire.<\/p>\n<p><strong>Aucun autre document n&rsquo;est \u00e0 d\u00e9poser lors de cette inscription en ligne, merci de ne pas nous d\u00e9poser <\/strong><span style=\"color: #000000\"><b>de formulaire, questionnaire de sant\u00e9 ou autres documents via cette proc\u00e9dure.<\/b><\/span><\/p>\n<hr \/>\n<p>3\/<strong>Commencer l&rsquo;inscription<\/strong> en choisissant la formule de votre choix et remplissez les informations demand\u00e9s.<\/p>\n<p><img loading=\"lazy\" decoding=\"async\" class=\"alignnone wp-image-138\" src=\"https:\/\/www.kananas.com\/associationespoirdedenguin5682\/wp-content\/uploads\/sites\/1746\/2022\/08\/Capture-decran-2022-08-31-a-00.39.41-300x69.png\" alt=\"\" width=\"626\" height=\"144\" srcset=\"https:\/\/www.kananas.com\/associationespoirdedenguin5682\/wp-content\/uploads\/sites\/1746\/2022\/08\/Capture-decran-2022-08-31-a-00.39.41-300x69.png 300w, https:\/\/www.kananas.com\/associationespoirdedenguin5682\/wp-content\/uploads\/sites\/1746\/2022\/08\/Capture-decran-2022-08-31-a-00.39.41-1024x237.png 1024w, https:\/\/www.kananas.com\/associationespoirdedenguin5682\/wp-content\/uploads\/sites\/1746\/2022\/08\/Capture-decran-2022-08-31-a-00.39.41-768x178.png 768w, https:\/\/www.kananas.com\/associationespoirdedenguin5682\/wp-content\/uploads\/sites\/1746\/2022\/08\/Capture-decran-2022-08-31-a-00.39.41-1536x355.png 1536w, https:\/\/www.kananas.com\/associationespoirdedenguin5682\/wp-content\/uploads\/sites\/1746\/2022\/08\/Capture-decran-2022-08-31-a-00.39.41-2048x474.png 2048w\" sizes=\"auto, (max-width: 626px) 100vw, 626px\" \/><\/p>\n<p><img loading=\"lazy\" decoding=\"async\" class=\"alignnone wp-image-137\" src=\"https:\/\/www.kananas.com\/associationespoirdedenguin5682\/wp-content\/uploads\/sites\/1746\/2022\/08\/Capture-decran-2022-08-31-a-00.39.59-300x135.png\" alt=\"\" width=\"640\" height=\"288\" srcset=\"https:\/\/www.kananas.com\/associationespoirdedenguin5682\/wp-content\/uploads\/sites\/1746\/2022\/08\/Capture-decran-2022-08-31-a-00.39.59-300x135.png 300w, https:\/\/www.kananas.com\/associationespoirdedenguin5682\/wp-content\/uploads\/sites\/1746\/2022\/08\/Capture-decran-2022-08-31-a-00.39.59-1024x461.png 1024w, https:\/\/www.kananas.com\/associationespoirdedenguin5682\/wp-content\/uploads\/sites\/1746\/2022\/08\/Capture-decran-2022-08-31-a-00.39.59-768x346.png 768w, https:\/\/www.kananas.com\/associationespoirdedenguin5682\/wp-content\/uploads\/sites\/1746\/2022\/08\/Capture-decran-2022-08-31-a-00.39.59-1536x692.png 1536w, https:\/\/www.kananas.com\/associationespoirdedenguin5682\/wp-content\/uploads\/sites\/1746\/2022\/08\/Capture-decran-2022-08-31-a-00.39.59-2048x922.png 2048w\" sizes=\"auto, (max-width: 640px) 100vw, 640px\" \/><\/p>\n<p><img loading=\"lazy\" decoding=\"async\" class=\"alignnone wp-image-141\" src=\"https:\/\/www.kananas.com\/associationespoirdedenguin5682\/wp-content\/uploads\/sites\/1746\/2022\/08\/Capture-decran-2022-08-31-a-00.45.08-300x56.png\" alt=\"\" width=\"638\" height=\"119\" srcset=\"https:\/\/www.kananas.com\/associationespoirdedenguin5682\/wp-content\/uploads\/sites\/1746\/2022\/08\/Capture-decran-2022-08-31-a-00.45.08-300x56.png 300w, https:\/\/www.kananas.com\/associationespoirdedenguin5682\/wp-content\/uploads\/sites\/1746\/2022\/08\/Capture-decran-2022-08-31-a-00.45.08-1024x190.png 1024w, https:\/\/www.kananas.com\/associationespoirdedenguin5682\/wp-content\/uploads\/sites\/1746\/2022\/08\/Capture-decran-2022-08-31-a-00.45.08-768x143.png 768w, https:\/\/www.kananas.com\/associationespoirdedenguin5682\/wp-content\/uploads\/sites\/1746\/2022\/08\/Capture-decran-2022-08-31-a-00.45.08-1536x285.png 1536w, https:\/\/www.kananas.com\/associationespoirdedenguin5682\/wp-content\/uploads\/sites\/1746\/2022\/08\/Capture-decran-2022-08-31-a-00.45.08-2048x381.png 2048w\" sizes=\"auto, (max-width: 638px) 100vw, 638px\" \/><\/p>\n<hr \/>\n<p>4\/ Cliquer sur sur <strong>Je ne suis pas un robot<\/strong>\u00a0puis\u00a0<strong>Enregistrer\u00a0<\/strong><\/p>\n<p><img loading=\"lazy\" decoding=\"async\" class=\"alignnone wp-image-136\" src=\"https:\/\/www.kananas.com\/associationespoirdedenguin5682\/wp-content\/uploads\/sites\/1746\/2022\/08\/Capture-decran-2022-08-31-a-00.40.13-300x58.png\" alt=\"\" width=\"636\" height=\"123\" srcset=\"https:\/\/www.kananas.com\/associationespoirdedenguin5682\/wp-content\/uploads\/sites\/1746\/2022\/08\/Capture-decran-2022-08-31-a-00.40.13-300x58.png 300w, https:\/\/www.kananas.com\/associationespoirdedenguin5682\/wp-content\/uploads\/sites\/1746\/2022\/08\/Capture-decran-2022-08-31-a-00.40.13-1024x197.png 1024w, https:\/\/www.kananas.com\/associationespoirdedenguin5682\/wp-content\/uploads\/sites\/1746\/2022\/08\/Capture-decran-2022-08-31-a-00.40.13-768x148.png 768w, https:\/\/www.kananas.com\/associationespoirdedenguin5682\/wp-content\/uploads\/sites\/1746\/2022\/08\/Capture-decran-2022-08-31-a-00.40.13-1536x296.png 1536w, https:\/\/www.kananas.com\/associationespoirdedenguin5682\/wp-content\/uploads\/sites\/1746\/2022\/08\/Capture-decran-2022-08-31-a-00.40.13-2048x395.png 2048w\" sizes=\"auto, (max-width: 636px) 100vw, 636px\" \/><\/p>\n<hr \/>\n<p>5\/ Cliquer sur <strong>Payer en ligne\u00a0<\/strong><\/p>\n<p><img loading=\"lazy\" decoding=\"async\" class=\"alignnone wp-image-128\" src=\"https:\/\/www.kananas.com\/associationespoirdedenguin5682\/wp-content\/uploads\/sites\/1746\/2022\/08\/Capture-decran-2022-08-31-a-00.04.53-300x176.png\" alt=\"\" width=\"360\" height=\"211\" srcset=\"https:\/\/www.kananas.com\/associationespoirdedenguin5682\/wp-content\/uploads\/sites\/1746\/2022\/08\/Capture-decran-2022-08-31-a-00.04.53-300x176.png 300w, https:\/\/www.kananas.com\/associationespoirdedenguin5682\/wp-content\/uploads\/sites\/1746\/2022\/08\/Capture-decran-2022-08-31-a-00.04.53-1024x600.png 1024w, https:\/\/www.kananas.com\/associationespoirdedenguin5682\/wp-content\/uploads\/sites\/1746\/2022\/08\/Capture-decran-2022-08-31-a-00.04.53-768x450.png 768w, https:\/\/www.kananas.com\/associationespoirdedenguin5682\/wp-content\/uploads\/sites\/1746\/2022\/08\/Capture-decran-2022-08-31-a-00.04.53.png 1356w\" sizes=\"auto, (max-width: 360px) 100vw, 360px\" \/><\/p>\n<hr \/>\n<p>6\/ Remplissez les informations de votre de carte de paiement<\/p>\n<p><img loading=\"lazy\" decoding=\"async\" class=\"alignnone wp-image-131\" src=\"https:\/\/www.kananas.com\/associationespoirdedenguin5682\/wp-content\/uploads\/sites\/1746\/2022\/08\/Capture-decran-2022-08-31-a-00.05.07-300x99.png\" alt=\"\" width=\"370\" height=\"122\" srcset=\"https:\/\/www.kananas.com\/associationespoirdedenguin5682\/wp-content\/uploads\/sites\/1746\/2022\/08\/Capture-decran-2022-08-31-a-00.05.07-300x99.png 300w, https:\/\/www.kananas.com\/associationespoirdedenguin5682\/wp-content\/uploads\/sites\/1746\/2022\/08\/Capture-decran-2022-08-31-a-00.05.07-1024x339.png 1024w, https:\/\/www.kananas.com\/associationespoirdedenguin5682\/wp-content\/uploads\/sites\/1746\/2022\/08\/Capture-decran-2022-08-31-a-00.05.07-768x254.png 768w, https:\/\/www.kananas.com\/associationespoirdedenguin5682\/wp-content\/uploads\/sites\/1746\/2022\/08\/Capture-decran-2022-08-31-a-00.05.07-1536x509.png 1536w, https:\/\/www.kananas.com\/associationespoirdedenguin5682\/wp-content\/uploads\/sites\/1746\/2022\/08\/Capture-decran-2022-08-31-a-00.05.07-2048x678.png 2048w\" sizes=\"auto, (max-width: 370px) 100vw, 370px\" \/><\/p>\n<hr \/>\n<p>7\/ Le message suivant s&rsquo;affiche, votre paiement est valid\u00e9 et votre inscription \u00e9galement Notre \u00e9quipe reviendra vers vous si il manque des informations ou documents.<\/p>\n<p><img loading=\"lazy\" decoding=\"async\" class=\"alignnone wp-image-102\" src=\"https:\/\/www.kananas.com\/associationespoirdedenguin5682\/wp-content\/uploads\/sites\/1746\/2022\/08\/Capture-decran-2022-08-30-a-23.05.13-300x79.png\" alt=\"\" width=\"380\" height=\"100\" srcset=\"https:\/\/www.kananas.com\/associationespoirdedenguin5682\/wp-content\/uploads\/sites\/1746\/2022\/08\/Capture-decran-2022-08-30-a-23.05.13-300x79.png 300w, https:\/\/www.kananas.com\/associationespoirdedenguin5682\/wp-content\/uploads\/sites\/1746\/2022\/08\/Capture-decran-2022-08-30-a-23.05.13-1024x269.png 1024w, https:\/\/www.kananas.com\/associationespoirdedenguin5682\/wp-content\/uploads\/sites\/1746\/2022\/08\/Capture-decran-2022-08-30-a-23.05.13-768x202.png 768w, https:\/\/www.kananas.com\/associationespoirdedenguin5682\/wp-content\/uploads\/sites\/1746\/2022\/08\/Capture-decran-2022-08-30-a-23.05.13-1536x403.png 1536w, https:\/\/www.kananas.com\/associationespoirdedenguin5682\/wp-content\/uploads\/sites\/1746\/2022\/08\/Capture-decran-2022-08-30-a-23.05.13.png 2034w\" sizes=\"auto, (max-width: 380px) 100vw, 380px\" \/><\/p>\n<hr \/>\n<p>8\/ Confirmation de paiement stripe<\/p>\n<p>Vous allez recevoir un justificatif de paiement par mail de notre partenaire de paiement stripe.<\/p>\n<p><img loading=\"lazy\" decoding=\"async\" class=\"alignnone wp-image-153\" src=\"https:\/\/www.kananas.com\/associationespoirdedenguin5682\/wp-content\/uploads\/sites\/1746\/2023\/08\/Capture-decran-2023-08-16-a-00.05.01-223x300.png\" alt=\"\" width=\"460\" height=\"618\" srcset=\"https:\/\/www.kananas.com\/associationespoirdedenguin5682\/wp-content\/uploads\/sites\/1746\/2023\/08\/Capture-decran-2023-08-16-a-00.05.01-223x300.png 223w, https:\/\/www.kananas.com\/associationespoirdedenguin5682\/wp-content\/uploads\/sites\/1746\/2023\/08\/Capture-decran-2023-08-16-a-00.05.01-761x1024.png 761w, https:\/\/www.kananas.com\/associationespoirdedenguin5682\/wp-content\/uploads\/sites\/1746\/2023\/08\/Capture-decran-2023-08-16-a-00.05.01-768x1034.png 768w, https:\/\/www.kananas.com\/associationespoirdedenguin5682\/wp-content\/uploads\/sites\/1746\/2023\/08\/Capture-decran-2023-08-16-a-00.05.01.png 884w\" sizes=\"auto, (max-width: 460px) 100vw, 460px\" \/><\/p>\n<p>Si vous souhaitez une facture merci de bien vouloir nous envoyer un mail \u00e0 contact@espoirdedenguin.fr<\/p>\n<hr \/>\n<p>&nbsp;<\/p>\n<p>Vous avez toutes les informations pour mener \u00e0 bien votre inscription, vous pouvez d\u00e8s maintenant d\u00e9marrer en cliquant sur le bouton ci-dessous.<\/p>\n\n<!-- iframe plugin v.6.0 wordpress.org\/plugins\/iframe\/ -->\n<iframe loading=\"lazy\" src=\"https:\/\/backoffice.kananas.com\/action_manager.php?event=hire&#038;id=5682\" frameborder=\"0\" width=\"100%\" height=\"840\" scrolling=\"auto\" class=\"iframe-class\"><\/iframe>\n\n<hr \/>\n<p>Nous restons disponible par mail \u00e0 l&rsquo;adresse contact@espoirdedenguin.fr pour toutes questions.<\/p>\n<p>&nbsp;<\/p>\n<p>&nbsp;<\/p>\n<p>&nbsp;<\/p>\n","protected":false},"excerpt":{"rendered":"<p>Bonjour, Merci de bien vouloir lire les informations ci-dessous pour mener \u00e0 bien votre inscription en ligne. En bas de cette page se trouve le bouton pour acc\u00e9der au formulaire en ligne. 1\/ Avant de vous lancer dans votre demande &hellip; <a href=\"https:\/\/www.kananas.com\/associationespoirdedenguin5682\/adhesion\/\">Continuer la lecture <span class=\"meta-nav\">&rarr;<\/span><\/a><\/p>\n","protected":false},"author":1804,"featured_media":0,"parent":0,"menu_order":0,"comment_status":"closed","ping_status":"closed","template":"","meta":{"_crdt_document":"","footnotes":""},"class_list":["post-3","page","type-page","status-publish","hentry"],"_links":{"self":[{"href":"https:\/\/www.kananas.com\/associationespoirdedenguin5682\/wp-json\/wp\/v2\/pages\/3","targetHints":{"allow":["GET"]}}],"collection":[{"href":"https:\/\/www.kananas.com\/associationespoirdedenguin5682\/wp-json\/wp\/v2\/pages"}],"about":[{"href":"https:\/\/www.kananas.com\/associationespoirdedenguin5682\/wp-json\/wp\/v2\/types\/page"}],"author":[{"embeddable":true,"href":"https:\/\/www.kananas.com\/associationespoirdedenguin5682\/wp-json\/wp\/v2\/users\/1804"}],"replies":[{"embeddable":true,"href":"https:\/\/www.kananas.com\/associationespoirdedenguin5682\/wp-json\/wp\/v2\/comments?post=3"}],"version-history":[{"count":48,"href":"https:\/\/www.kananas.com\/associationespoirdedenguin5682\/wp-json\/wp\/v2\/pages\/3\/revisions"}],"predecessor-version":[{"id":186,"href":"https:\/\/www.kananas.com\/associationespoirdedenguin5682\/wp-json\/wp\/v2\/pages\/3\/revisions\/186"}],"wp:attachment":[{"href":"https:\/\/www.kananas.com\/associationespoirdedenguin5682\/wp-json\/wp\/v2\/media?parent=3"}],"curies":[{"name":"wp","href":"https:\/\/api.w.org\/{rel}","templated":true}]}}