{"id":2125,"date":"2025-04-17T13:25:34","date_gmt":"2025-04-17T11:25:34","guid":{"rendered":"https:\/\/www.kananas.com\/asta9552\/?page_id=2125"},"modified":"2025-12-16T12:57:03","modified_gmt":"2025-12-16T11:57:03","slug":"lorganisation-de-lasta","status":"publish","type":"page","link":"https:\/\/www.kananas.com\/asta9552\/lorganisation-de-lasta\/","title":{"rendered":"L&rsquo;Organisation de l&rsquo;Asta"},"content":{"rendered":"\n<h2 class=\"wp-block-heading has-ast-global-color-0-color has-text-color has-link-color wp-elements-618045ab24b66c311ac3a145c00c8541\"><strong>L&rsquo;Organisation de l&rsquo;Asta<\/strong><\/h2>\n\n\n\n<p class=\"has-ast-global-color-0-color has-text-color has-link-color wp-elements-b5f28302782d675b1656944f374c0317 wp-block-paragraph\"><strong>Des valeurs communes, une autonomie, de la souplesse dans les diff\u00e9rents organes de l&rsquo;association :<\/strong><\/p>\n\n\n\n<ul style=\"border-width:1px\" class=\"wp-block-list\">\n<li>200 b\u00e9n\u00e9voles assurant des t\u00e2ches d&rsquo;animation, d&rsquo;organisation, d&rsquo;accueil ou de gestion,<\/li>\n\n\n\n<li>Des commissions anim\u00e9es par un responsable,<\/li>\n\n\n\n<li>Des sections en charge des activit\u00e9s, g\u00e9r\u00e9es par des bureaux : responsable de section, secr\u00e9taire, tr\u00e9sorier(e) et autres membres si besoin,<\/li>\n\n\n\n<li>Des professionels, pour animer certaines activit\u00e9s, ou en support \u00e0 la comptabilit\u00e9, au secr\u00e9tariat,<\/li>\n\n\n\n<li>Un r\u00e9seau de partenaires institutionnels ou associatifs dont la mairie de Grenoble et le D\u00e9partement, qui ont apport\u00e9 leur soutien depuis l&rsquo;origine de l&rsquo;ASTA.<\/li>\n<\/ul>\n\n\n\n<div class=\"wp-block-buttons is-content-justification-center is-layout-flex wp-container-core-buttons-is-layout-3e41869c wp-block-buttons-is-layout-flex\">\n<div class=\"wp-block-button\"><a class=\"wp-block-button__link wp-element-button\" href=\"https:\/\/drive.google.com\/file\/d\/1hzzNNvFfGLx81UWlHZSIQW6zLa-waJK2\/view?usp=drive_link\" target=\"_blank\" rel=\"noreferrer noopener\">R\u00f4le des structures de l&rsquo;Asta<\/a><\/div>\n\n\n\n<div class=\"wp-block-button\"><a class=\"wp-block-button__link wp-element-button\" href=\"https:\/\/drive.google.com\/file\/d\/1z8bE2jwLn5eqGazZyvxfF8X10ar8c5t_\/view?usp=drive_link\" target=\"_blank\" rel=\"noreferrer noopener\">Organisation des commissions<\/a><\/div>\n\n\n\n<div class=\"wp-block-button\"><a class=\"wp-block-button__link wp-element-button\" href=\"https:\/\/drive.google.com\/file\/d\/13rOR0P1D9dDnIWyEuN47hRhvyNZYSklP\/view?usp=drive_link\" target=\"_blank\" rel=\"noreferrer noopener\">Trombinoscope du CA<\/a><\/div>\n<\/div>\n\n\n\n<p class=\"has-ast-global-color-0-color has-text-color has-link-color has-medium-font-size wp-elements-1ce50c70ac2f67f63ba7fed89a3d97d8 wp-block-paragraph\"><strong>L&rsquo;Assembl\u00e9e G\u00e9n\u00e9rale<\/strong>:<\/p>\n\n\n\n<p class=\"wp-block-paragraph\">Les membre de l\u00a0\u00bbAsta, \u00e0 jour de leur cotisation, peuvent participer \u00e0 l\u2019assembl\u00e9e g\u00e9n\u00e9rale.<br>Elle est pr\u00e9sid\u00e9e par le Pr\u00e9sident. Elle d\u00e9lib\u00e8re sur les rapports moraux et financiers qui lui sont pr\u00e9sent\u00e9s.<br>Elle pourvoit au renouvellement, chaque ann\u00e9e, des membres du Conseil d\u2019Administration par un vote \u00e0 bulletin secret suivant les modalit\u00e9s inscrites dans les Statuts et le R\u00e8glement Int\u00e9rieur.<\/p>\n\n\n\n<p class=\"wp-block-paragraph\">Pour consulter les Statuts&nbsp;<a href=\"https:\/\/drive.google.com\/file\/d\/1dJ3aqLbBjDcH4TMGFAZODnScWgCGazFT\/view?usp=drive_link\" data-type=\"link\" data-id=\"https:\/\/drive.google.com\/file\/d\/1dJ3aqLbBjDcH4TMGFAZODnScWgCGazFT\/view?usp=drive_link\" target=\"_blank\" rel=\"noreferrer noopener\">cliquer<\/a><a href=\"https:\/\/drive.google.com\/file\/d\/1dJ3aqLbBjDcH4TMGFAZODnScWgCGazFT\/view?usp=drive_link\" data-type=\"link\" data-id=\"https:\/\/drive.google.com\/file\/d\/1dJ3aqLbBjDcH4TMGFAZODnScWgCGazFT\/view?usp=drive_link\" target=\"_blank\" rel=\"noreferrer noopener\"><\/a><a href=\"https:\/\/drive.google.com\/file\/d\/1_OJVmNdkL39kpM6rOBAd-GiAyWpjO_ny\/view?usp=drive_link\" data-type=\"link\" data-id=\"https:\/\/drive.google.com\/file\/d\/1_OJVmNdkL39kpM6rOBAd-GiAyWpjO_ny\/view?usp=drive_link\" target=\"_blank\" rel=\"noreferrer noopener\">ici<\/a><br>Pour consulter le R\u00e8glement Int\u00e9rieur <a href=\"https:\/\/drive.google.com\/file\/d\/1N177WSNc72ggAqWbQHhfcIMoL2My3TCc\/view?usp=drive_link\" data-type=\"link\" data-id=\"https:\/\/drive.google.com\/file\/d\/1N177WSNc72ggAqWbQHhfcIMoL2My3TCc\/view?usp=drive_link\" target=\"_blank\" rel=\"noreferrer noopener\">cliquer ici<\/a><br>Pour consulter les documents examin\u00e9s lors de l&rsquo;Assembl\u00e9e G\u00e9n\u00e9rale, <a href=\"https:\/\/www.kananas.com\/asta9552\/documents-ag\/\" data-type=\"link\" data-id=\"https:\/\/www.kananas.com\/asta9552\/documents-ag\/\" target=\"_blank\" rel=\"noreferrer noopener\">cliquer ici<\/a><\/p>\n\n\n\n<p class=\"has-ast-global-color-0-color has-text-color has-link-color has-medium-font-size wp-elements-6a5d0e81af639b4f3ccca80d3fcbe102 wp-block-paragraph\"><strong>Le Conseil d&rsquo;Administration<\/strong> :<\/p>\n\n\n\n<p class=\"wp-block-paragraph\">Il est compos\u00e9, actuellement, de 25 membres, \u00e9lus pour 3 ans lors de l&rsquo;Assembl\u00e9e G\u00e9n\u00e9rale, parmi les adh\u00e9rents de l\u2019association.<br>A ces \u00e9lus s\u2019ajoutent des membres d\u2019honneur, des membres sympathisants et des personnes morales. Il se r\u00e9unit au moins une fois par trimestre.<br>Le Conseil choisit parmi ses membres, au scrutin secret, un Bureau de 6 \u00e0 12 membres qui \u00e9lit parmi ces membres un(e) Pr\u00e9sident(e), un(e) vice-Pr\u00e9sident(e), un(e) Tr\u00e9sorier(e), un(e) Secr\u00e9taire G\u00e9n\u00e9rale.<br>Pour consulter la composition du Conseil d\u2019administration&nbsp;<a href=\"https:\/\/drive.google.com\/file\/d\/1pPyYsVg5STOc4MzhPawnTK4jnYValUBM\/view?usp=drive_link\" data-type=\"link\" data-id=\"https:\/\/drive.google.com\/file\/d\/1pPyYsVg5STOc4MzhPawnTK4jnYValUBM\/view?usp=drive_link\" target=\"_blank\" rel=\"noreferrer noopener\">cliquer ici<\/a><\/p>\n\n\n\n<p class=\"has-ast-global-color-0-color has-text-color has-link-color has-medium-font-size wp-elements-d8a38cc897737d51bc12bf5c1ddcd933 wp-block-paragraph\"><strong>Les Commissions<\/strong> :<\/p>\n\n\n\n<p class=\"wp-block-paragraph\">Des commissions compos\u00e9es de Membres du CA mais aussi d&rsquo;adh\u00e9rentsconcourrent au bon fonctionnement de l&rsquo;Asta.<br>En 2025 il existe 6 commissions : Adh\u00e9sions \/ B\u00e9n\u00e9volat \/ Communications \/ Formation \/ Syst\u00e8me d&rsquo;Information \/ Transport.<\/p>\n\n\n\n<p class=\"has-ast-global-color-0-color has-text-color has-link-color has-medium-font-size wp-elements-cc25f44151aeb6d2f9c8d6f88648cbb3 wp-block-paragraph\"><strong>Les Responsables de Section :<\/strong><\/p>\n\n\n\n<p class=\"wp-block-paragraph\">Ils assurent la gestion de leur section : animation et organisation des activit\u00e9s, gestion comptable consistant \u00e0 \u00e9quilibrer recettes et d\u00e9penses sur la saison. Pour consulter la liste des Responsables de Section&nbsp;<a href=\"https:\/\/drive.google.com\/file\/d\/1kpCZciB1EQZL49iR60GCXz2_tt-MQlF3\/view?usp=drive_link\" data-type=\"link\" data-id=\"https:\/\/drive.google.com\/file\/d\/1kpCZciB1EQZL49iR60GCXz2_tt-MQlF3\/view?usp=drive_link\" target=\"_blank\" rel=\"noreferrer noopener\">cliquer ici<\/a><a href=\"http:\/\/www.kananas.com\/asta9552\/wp-content\/uploads\/sites\/2299\/2025\/04\/Resp-activite-ASTA.jpg\" data-type=\"link\" data-id=\"http:\/\/www.kananas.com\/asta9552\/wp-content\/uploads\/sites\/2299\/2025\/04\/Resp-activite-ASTA.jpg\">&nbsp;<\/a><\/p>\n\n\n\n<p class=\"has-ast-global-color-0-color has-text-color has-link-color has-medium-font-size wp-elements-f2b3c127a8420dba56b06e6985bc50df wp-block-paragraph\"><strong>Le Projet Associatif 2024\/2028 :<\/strong><\/p>\n\n\n\n<p class=\"wp-block-paragraph\">Ensemble construisons l&rsquo;ASTA de demain : Adh\u00e9rents &#8211; B\u00e9n\u00e9voles &#8211; Professionnels<br>Pour consulter le Projet Associatif 2024\/2028 <a href=\"https:\/\/www.kananas.com\/asta9552\/projet-associatif-asta\/\" data-type=\"link\" data-id=\"https:\/\/www.kananas.com\/asta9552\/projet-associatif-asta\/\" target=\"_blank\" rel=\"noreferrer noopener\">cliquer ici<\/a><\/p>\n\n\n\n<p class=\"has-ast-global-color-0-color has-text-color has-link-color has-medium-font-size wp-elements-6b0c1e0a758b97e2bcc5f1bd10824c93 wp-block-paragraph\"><strong>Plus de 200 b\u00e9n\u00e9voles :<\/strong><\/p>\n\n\n\n<p class=\"wp-block-paragraph\">Plus de 200 b\u00e9n\u00e9voles assurent des t\u00e2ches d\u2019animation, d\u2019organisation, d\u2019accueil ou de gestion.<br>Pour consulter notre Charte du B\u00e9n\u00e9volat <a href=\"https:\/\/drive.google.com\/file\/d\/14viTK1Ykb0sfU6QMcGxZQ-jBf1XnTF9S\/view?usp=drive_link\" data-type=\"link\" data-id=\"https:\/\/drive.google.com\/file\/d\/14viTK1Ykb0sfU6QMcGxZQ-jBf1XnTF9S\/view?usp=drive_link\" target=\"_blank\" rel=\"noreferrer noopener\">cliquer ici<\/a><br>Pour consulter notre Charte des utilisateurs du Syst\u00e8me d\u2019Information <a href=\"https:\/\/drive.google.com\/file\/d\/1N_9c69Yglq9xwTA-Qry303aMVj74RRD_\/view?usp=drive_link\" data-type=\"link\" data-id=\"https:\/\/drive.google.com\/file\/d\/1N_9c69Yglq9xwTA-Qry303aMVj74RRD_\/view?usp=drive_link\" target=\"_blank\" rel=\"noreferrer noopener\">cliquer ici<\/a><\/p>\n\n\n\n<p class=\"wp-block-paragraph\"><\/p>\n","protected":false},"excerpt":{"rendered":"<p>L&rsquo;Organisation de l&rsquo;Asta Des valeurs communes, une autonomie, de la souplesse dans les diff\u00e9rents organes de l&rsquo;association : L&rsquo;Assembl\u00e9e G\u00e9n\u00e9rale: Les membre de l\u00a0\u00bbAsta, \u00e0 jour de leur cotisation, peuvent participer \u00e0 l\u2019assembl\u00e9e g\u00e9n\u00e9rale.Elle est pr\u00e9sid\u00e9e par le Pr\u00e9sident. Elle d\u00e9lib\u00e8re sur les rapports moraux et financiers qui lui sont pr\u00e9sent\u00e9s.Elle pourvoit au renouvellement, chaque [&hellip;]<\/p>\n","protected":false},"author":2467,"featured_media":0,"parent":0,"menu_order":0,"comment_status":"closed","ping_status":"closed","template":"","meta":{"_crdt_document":"","site-sidebar-layout":"default","site-content-layout":"","ast-site-content-layout":"default","site-content-style":"default","site-sidebar-style":"default","ast-global-header-display":"","ast-banner-title-visibility":"","ast-main-header-display":"","ast-hfb-above-header-display":"","ast-hfb-below-header-display":"","ast-hfb-mobile-header-display":"","site-post-title":"","ast-breadcrumbs-content":"","ast-featured-img":"","footer-sml-layout":"","ast-disable-related-posts":"","theme-transparent-header-meta":"","adv-header-id-meta":"","stick-header-meta":"","header-above-stick-meta":"","header-main-stick-meta":"","header-below-stick-meta":"","astra-migrate-meta-layouts":"default","ast-page-background-enabled":"default","ast-page-background-meta":{"desktop":{"background-color":"var(--ast-global-color-4)","background-image":"","background-repeat":"repeat","background-position":"center center","background-size":"auto","background-attachment":"scroll","background-type":"","background-media":"","overlay-type":"","overlay-color":"","overlay-opacity":"","overlay-gradient":""},"tablet":{"background-color":"","background-image":"","background-repeat":"repeat","background-position":"center center","background-size":"auto","background-attachment":"scroll","background-type":"","background-media":"","overlay-type":"","overlay-color":"","overlay-opacity":"","overlay-gradient":""},"mobile":{"background-color":"","background-image":"","background-repeat":"repeat","background-position":"center center","background-size":"auto","background-attachment":"scroll","background-type":"","background-media":"","overlay-type":"","overlay-color":"","overlay-opacity":"","overlay-gradient":""}},"ast-content-background-meta":{"desktop":{"background-color":"var(--ast-global-color-5)","background-image":"","background-repeat":"repeat","background-position":"center center","background-size":"auto","background-attachment":"scroll","background-type":"","background-media":"","overlay-type":"","overlay-color":"","overlay-opacity":"","overlay-gradient":""},"tablet":{"background-color":"var(--ast-global-color-5)","background-image":"","background-repeat":"repeat","background-position":"center center","background-size":"auto","background-attachment":"scroll","background-type":"","background-media":"","overlay-type":"","overlay-color":"","overlay-opacity":"","overlay-gradient":""},"mobile":{"background-color":"var(--ast-global-color-5)","background-image":"","background-repeat":"repeat","background-position":"center center","background-size":"auto","background-attachment":"scroll","background-type":"","background-media":"","overlay-type":"","overlay-color":"","overlay-opacity":"","overlay-gradient":""}},"footnotes":""},"class_list":["post-2125","page","type-page","status-publish","hentry"],"_links":{"self":[{"href":"https:\/\/www.kananas.com\/asta9552\/wp-json\/wp\/v2\/pages\/2125","targetHints":{"allow":["GET"]}}],"collection":[{"href":"https:\/\/www.kananas.com\/asta9552\/wp-json\/wp\/v2\/pages"}],"about":[{"href":"https:\/\/www.kananas.com\/asta9552\/wp-json\/wp\/v2\/types\/page"}],"author":[{"embeddable":true,"href":"https:\/\/www.kananas.com\/asta9552\/wp-json\/wp\/v2\/users\/2467"}],"replies":[{"embeddable":true,"href":"https:\/\/www.kananas.com\/asta9552\/wp-json\/wp\/v2\/comments?post=2125"}],"version-history":[{"count":10,"href":"https:\/\/www.kananas.com\/asta9552\/wp-json\/wp\/v2\/pages\/2125\/revisions"}],"predecessor-version":[{"id":3887,"href":"https:\/\/www.kananas.com\/asta9552\/wp-json\/wp\/v2\/pages\/2125\/revisions\/3887"}],"wp:attachment":[{"href":"https:\/\/www.kananas.com\/asta9552\/wp-json\/wp\/v2\/media?parent=2125"}],"curies":[{"name":"wp","href":"https:\/\/api.w.org\/{rel}","templated":true}]}}

<h2 class="wp-block-heading has-ast-global-color-0-color has-text-color has-link-color wp-elements-618045ab24b66c311ac3a145c00c8541"><strong>L&rsquo;Organisation de l&rsquo;Asta</strong></h2>



<p class="has-ast-global-color-0-color has-text-color has-link-color wp-elements-b5f28302782d675b1656944f374c0317 wp-block-paragraph"><strong>Des valeurs communes, une autonomie, de la souplesse dans les différents organes de l&rsquo;association :</strong></p>



<ul style="border-width:1px" class="wp-block-list">
<li>200 bénévoles assurant des tâches d&rsquo;animation, d&rsquo;organisation, d&rsquo;accueil ou de gestion,</li>



<li>Des commissions animées par un responsable,</li>



<li>Des sections en charge des activités, gérées par des bureaux : responsable de section, secrétaire, trésorier(e) et autres membres si besoin,</li>



<li>Des professionels, pour animer certaines activités, ou en support à la comptabilité, au secrétariat,</li>



<li>Un réseau de partenaires institutionnels ou associatifs dont la mairie de Grenoble et le Département, qui ont apporté leur soutien depuis l&rsquo;origine de l&rsquo;ASTA.</li>
</ul>



<div class="wp-block-buttons is-content-justification-center is-layout-flex wp-container-core-buttons-is-layout-3e41869c wp-block-buttons-is-layout-flex">
<div class="wp-block-button"><a class="wp-block-button__link wp-element-button" href="https://drive.google.com/file/d/1hzzNNvFfGLx81UWlHZSIQW6zLa-waJK2/view?usp=drive_link" target="_blank" rel="noreferrer noopener">Rôle des structures de l&rsquo;Asta</a></div>



<div class="wp-block-button"><a class="wp-block-button__link wp-element-button" href="https://drive.google.com/file/d/1z8bE2jwLn5eqGazZyvxfF8X10ar8c5t_/view?usp=drive_link" target="_blank" rel="noreferrer noopener">Organisation des commissions</a></div>



<div class="wp-block-button"><a class="wp-block-button__link wp-element-button" href="https://drive.google.com/file/d/13rOR0P1D9dDnIWyEuN47hRhvyNZYSklP/view?usp=drive_link" target="_blank" rel="noreferrer noopener">Trombinoscope du CA</a></div>
</div>



<p class="has-ast-global-color-0-color has-text-color has-link-color has-medium-font-size wp-elements-1ce50c70ac2f67f63ba7fed89a3d97d8 wp-block-paragraph"><strong>L&rsquo;Assemblée Générale</strong>:</p>



<p class="wp-block-paragraph">Les membre de l »Asta, à jour de leur cotisation, peuvent participer à l’assemblée générale.<br>Elle est présidée par le Président. Elle délibère sur les rapports moraux et financiers qui lui sont présentés.<br>Elle pourvoit au renouvellement, chaque année, des membres du Conseil d’Administration par un vote à bulletin secret suivant les modalités inscrites dans les Statuts et le Règlement Intérieur.</p>



<p class="wp-block-paragraph">Pour consulter les Statuts&nbsp;<a href="https://drive.google.com/file/d/1dJ3aqLbBjDcH4TMGFAZODnScWgCGazFT/view?usp=drive_link" data-type="link" data-id="https://drive.google.com/file/d/1dJ3aqLbBjDcH4TMGFAZODnScWgCGazFT/view?usp=drive_link" target="_blank" rel="noreferrer noopener">cliquer</a><a href="https://drive.google.com/file/d/1dJ3aqLbBjDcH4TMGFAZODnScWgCGazFT/view?usp=drive_link" data-type="link" data-id="https://drive.google.com/file/d/1dJ3aqLbBjDcH4TMGFAZODnScWgCGazFT/view?usp=drive_link" target="_blank" rel="noreferrer noopener"></a><a href="https://drive.google.com/file/d/1_OJVmNdkL39kpM6rOBAd-GiAyWpjO_ny/view?usp=drive_link" data-type="link" data-id="https://drive.google.com/file/d/1_OJVmNdkL39kpM6rOBAd-GiAyWpjO_ny/view?usp=drive_link" target="_blank" rel="noreferrer noopener">ici</a><br>Pour consulter le Règlement Intérieur <a href="https://drive.google.com/file/d/1N177WSNc72ggAqWbQHhfcIMoL2My3TCc/view?usp=drive_link" data-type="link" data-id="https://drive.google.com/file/d/1N177WSNc72ggAqWbQHhfcIMoL2My3TCc/view?usp=drive_link" target="_blank" rel="noreferrer noopener">cliquer ici</a><br>Pour consulter les documents examinés lors de l&rsquo;Assemblée Générale, <a href="https://www.kananas.com/asta9552/documents-ag/" data-type="link" data-id="https://www.kananas.com/asta9552/documents-ag/" target="_blank" rel="noreferrer noopener">cliquer ici</a></p>



<p class="has-ast-global-color-0-color has-text-color has-link-color has-medium-font-size wp-elements-6a5d0e81af639b4f3ccca80d3fcbe102 wp-block-paragraph"><strong>Le Conseil d&rsquo;Administration</strong> :</p>



<p class="wp-block-paragraph">Il est composé, actuellement, de 25 membres, élus pour 3 ans lors de l&rsquo;Assemblée Générale, parmi les adhérents de l’association.<br>A ces élus s’ajoutent des membres d’honneur, des membres sympathisants et des personnes morales. Il se réunit au moins une fois par trimestre.<br>Le Conseil choisit parmi ses membres, au scrutin secret, un Bureau de 6 à 12 membres qui élit parmi ces membres un(e) Président(e), un(e) vice-Président(e), un(e) Trésorier(e), un(e) Secrétaire Générale.<br>Pour consulter la composition du Conseil d’administration&nbsp;<a href="https://drive.google.com/file/d/1pPyYsVg5STOc4MzhPawnTK4jnYValUBM/view?usp=drive_link" data-type="link" data-id="https://drive.google.com/file/d/1pPyYsVg5STOc4MzhPawnTK4jnYValUBM/view?usp=drive_link" target="_blank" rel="noreferrer noopener">cliquer ici</a></p>



<p class="has-ast-global-color-0-color has-text-color has-link-color has-medium-font-size wp-elements-d8a38cc897737d51bc12bf5c1ddcd933 wp-block-paragraph"><strong>Les Commissions</strong> :</p>



<p class="wp-block-paragraph">Des commissions composées de Membres du CA mais aussi d&rsquo;adhérentsconcourrent au bon fonctionnement de l&rsquo;Asta.<br>En 2025 il existe 6 commissions : Adhésions / Bénévolat / Communications / Formation / Système d&rsquo;Information / Transport.</p>



<p class="has-ast-global-color-0-color has-text-color has-link-color has-medium-font-size wp-elements-cc25f44151aeb6d2f9c8d6f88648cbb3 wp-block-paragraph"><strong>Les Responsables de Section :</strong></p>



<p class="wp-block-paragraph">Ils assurent la gestion de leur section : animation et organisation des activités, gestion comptable consistant à équilibrer recettes et dépenses sur la saison. Pour consulter la liste des Responsables de Section&nbsp;<a href="https://drive.google.com/file/d/1kpCZciB1EQZL49iR60GCXz2_tt-MQlF3/view?usp=drive_link" data-type="link" data-id="https://drive.google.com/file/d/1kpCZciB1EQZL49iR60GCXz2_tt-MQlF3/view?usp=drive_link" target="_blank" rel="noreferrer noopener">cliquer ici</a><a href="http://www.kananas.com/asta9552/wp-content/uploads/sites/2299/2025/04/Resp-activite-ASTA.jpg" data-type="link" data-id="http://www.kananas.com/asta9552/wp-content/uploads/sites/2299/2025/04/Resp-activite-ASTA.jpg">&nbsp;</a></p>



<p class="has-ast-global-color-0-color has-text-color has-link-color has-medium-font-size wp-elements-f2b3c127a8420dba56b06e6985bc50df wp-block-paragraph"><strong>Le Projet Associatif 2024/2028 :</strong></p>



<p class="wp-block-paragraph">Ensemble construisons l&rsquo;ASTA de demain : Adhérents &#8211; Bénévoles &#8211; Professionnels<br>Pour consulter le Projet Associatif 2024/2028 <a href="https://www.kananas.com/asta9552/projet-associatif-asta/" data-type="link" data-id="https://www.kananas.com/asta9552/projet-associatif-asta/" target="_blank" rel="noreferrer noopener">cliquer ici</a></p>



<p class="has-ast-global-color-0-color has-text-color has-link-color has-medium-font-size wp-elements-6b0c1e0a758b97e2bcc5f1bd10824c93 wp-block-paragraph"><strong>Plus de 200 bénévoles :</strong></p>



<p class="wp-block-paragraph">Plus de 200 bénévoles assurent des tâches d’animation, d’organisation, d’accueil ou de gestion.<br>Pour consulter notre Charte du Bénévolat <a href="https://drive.google.com/file/d/14viTK1Ykb0sfU6QMcGxZQ-jBf1XnTF9S/view?usp=drive_link" data-type="link" data-id="https://drive.google.com/file/d/14viTK1Ykb0sfU6QMcGxZQ-jBf1XnTF9S/view?usp=drive_link" target="_blank" rel="noreferrer noopener">cliquer ici</a><br>Pour consulter notre Charte des utilisateurs du Système d’Information <a href="https://drive.google.com/file/d/1N_9c69Yglq9xwTA-Qry303aMVj74RRD_/view?usp=drive_link" data-type="link" data-id="https://drive.google.com/file/d/1N_9c69Yglq9xwTA-Qry303aMVj74RRD_/view?usp=drive_link" target="_blank" rel="noreferrer noopener">cliquer ici</a></p>



<p class="wp-block-paragraph"></p>

<p>L&rsquo;Organisation de l&rsquo;Asta Des valeurs communes, une autonomie, de la souplesse dans les différents organes de l&rsquo;association : L&rsquo;Assemblée Générale: Les membre de l »Asta, à jour de leur cotisation, peuvent participer à l’assemblée générale.Elle est présidée par le Président. Elle délibère sur les rapports moraux et financiers qui lui sont présentés.Elle pourvoit au renouvellement, chaque [&hellip;]</p>
