{"id":971,"date":"2025-03-26T12:46:23","date_gmt":"2025-03-26T11:46:23","guid":{"rendered":"https:\/\/www.kananas.com\/asta9552\/?page_id=971"},"modified":"2026-03-18T12:53:39","modified_gmt":"2026-03-18T11:53:39","slug":"chorale","status":"publish","type":"page","link":"https:\/\/www.kananas.com\/asta9552\/chorale\/","title":{"rendered":"Activit\u00e9 Chorale"},"content":{"rendered":"\n<h2 class=\"wp-block-heading has-text-align-center alignwide has-ast-global-color-0-color has-text-color has-link-color wp-elements-94758148a3d8456f48de13f615ba72e6\"><strong>La chorale de l&rsquo;Asta<\/strong><\/h2>\n\n\n\n<p class=\"has-ast-global-color-0-color has-text-color has-link-color has-medium-font-size wp-elements-ff45aea3edf97f3fca5371921010aaab wp-block-paragraph\">La Chorale de l\u2019ASTA a \u00e9t\u00e9 form\u00e9e en 1997 par un groupe de randonneurs. Il est actuellement dirig\u00e9 par Dani\u00e8le Olinger. Le r\u00e9pertoire, pour voix mixtes, est vari\u00e9, associant chansons fran\u00e7aises et pi\u00e8ces traditionnelles, classiques ou r\u00e9centes, folkloriques et populaires ou parfois issue de la musique sacr\u00e9e.<\/p>\n\n\n\n<p class=\"has-ast-global-color-0-color has-text-color has-link-color has-medium-font-size wp-elements-e6434b0c9bc5f62e75d5ac18d61f7666 wp-block-paragraph\">La chorale accueille tous ceux qui souhaitent les bienfaits du chant choral, m\u00eame sans formation musicale. <br>Elle se produit aussi bien lors de concerts animations dans des maisons de retraite que dans des concerts \u00e0 but humanitaire ou pour profiter de regroupements avec d\u2019autres chorales. <br><br>Le concert de fin d\u2019ann\u00e9e permet de r\u00e9unir parents et amis. <br><br>L\u2019inscription a lieu sur place \u00e0 compter du lundi 15 septembre 2025, jour de la rentr\u00e9e de la chorale, avec une adh\u00e9sion ASTA \u00e0 jour. Une participation est demand\u00e9e pour payer les partitions et les frais de fonctionnement.<\/p>\n\n\n\n<p class=\"has-ast-global-color-0-color has-text-color has-link-color has-medium-font-size wp-elements-5fa9cfe38e29a6dd435bcd18e642445d wp-block-paragraph\">Nous contacter : Dani\u00e8le Olinger au 06.71.20.17.28 ou <a href=\"mailto:ddolinger@orange.fr\" target=\"_blank\" rel=\"noreferrer noopener\">ddolinger@orange.fr<\/a><\/p>\n\n\n\n<p class=\"has-ast-global-color-0-color has-text-color has-link-color has-medium-font-size wp-elements-635f438d39647a1344902df4aed3cc60 wp-block-paragraph\"><\/p>\n\n\n\n<figure class=\"wp-block-image aligncenter size-full\"><img loading=\"lazy\" decoding=\"async\" width=\"444\" height=\"261\" src=\"http:\/\/www.kananas.com\/asta9552\/wp-content\/uploads\/sites\/2299\/2025\/04\/ASTA-chorale-2-juin-24.jpg\" alt=\"\" class=\"wp-image-1818\" srcset=\"https:\/\/www.kananas.com\/asta9552\/wp-content\/uploads\/sites\/2299\/2025\/04\/ASTA-chorale-2-juin-24.jpg 444w, https:\/\/www.kananas.com\/asta9552\/wp-content\/uploads\/sites\/2299\/2025\/04\/ASTA-chorale-2-juin-24-300x176.jpg 300w\" sizes=\"auto, (max-width: 444px) 100vw, 444px\" \/><\/figure>\n\n\n\n<hr class=\"wp-block-separator has-alpha-channel-opacity\" \/>\n\n\n\n<div class=\"wp-block-buttons alignwide is-content-justification-center is-layout-flex wp-container-core-buttons-is-layout-3e41869c wp-block-buttons-is-layout-flex\">\n<div style=\"--wp--block-button--width: 50;\" class=\"wp-block-button has-custom-width wp-block-button__width wp-block-button__width-50\"><a class=\"wp-block-button__link has-text-align-center wp-element-button\" href=\"https:\/\/astachorale.blogspot.com\/\" target=\"_blank\" rel=\"noreferrer noopener\">Le blog de la Chorale<\/a><\/div>\n<\/div>\n\n\n\n<p class=\"has-ast-global-color-2-color has-luminous-vivid-amber-to-luminous-vivid-orange-gradient-background has-text-color has-background has-link-color wp-elements-8d2a33577091be679cee472fd8409e8a wp-block-paragraph\"><strong>Modalit\u00e9s de fonctionnement<\/strong> :<\/p>\n\n\n\n<div class=\"wp-block-media-text is-stacked-on-mobile\" style=\"grid-template-columns:33% auto\"><figure class=\"wp-block-media-text__media\"><img loading=\"lazy\" decoding=\"async\" width=\"879\" height=\"730\" src=\"http:\/\/www.kananas.com\/asta9552\/wp-content\/uploads\/sites\/2299\/2025\/03\/Capture.jpg\" alt=\"\" class=\"wp-image-976 size-full\" srcset=\"https:\/\/www.kananas.com\/asta9552\/wp-content\/uploads\/sites\/2299\/2025\/03\/Capture.jpg 879w, https:\/\/www.kananas.com\/asta9552\/wp-content\/uploads\/sites\/2299\/2025\/03\/Capture-300x249.jpg 300w, https:\/\/www.kananas.com\/asta9552\/wp-content\/uploads\/sites\/2299\/2025\/03\/Capture-768x638.jpg 768w\" sizes=\"auto, (max-width: 879px) 100vw, 879px\" \/><\/figure><div class=\"wp-block-media-text__content\">\n<p class=\"wp-block-paragraph\">L<strong>a section Chorale de l\u2019ASTA se r\u00e9unit tous les lundis de septembre \u00e0 mi-juin de 14h. \u00e0 16h.15 :<\/strong><br>Salle Christian Gally, rue du Couvent, au bout de la rue Andr\u00e9 Rivoire \u00e0 Grenoble (Les Eaux-Claires)<br>Les r\u00e9p\u00e9titions ont lieu <strong>l&rsquo;apr\u00e8s-midi<\/strong> pour une dur\u00e9e de 2h15.<\/p>\n<\/div><\/div>\n\n\n\n<p class=\"wp-block-paragraph\"><\/p>\n\n\n\n<p class=\"has-ast-global-color-2-color has-luminous-vivid-amber-to-luminous-vivid-orange-gradient-background has-text-color has-background has-link-color wp-elements-78a1faba05b506234100e2c20aef5c10 wp-block-paragraph\"><strong>Information et Inscriptions :<\/strong><\/p>\n\n\n\n<p class=\"wp-block-paragraph\">L&rsquo;adh\u00e9sion \u00ab&nbsp;D\u00e9tente&nbsp;\u00bb est obligatoire pour participer (sauf si vous pratiquez d\u2019autres activit\u00e9s&nbsp;: vous renseigner lors d\u2019une permanence de l&rsquo;Asta).<br>L\u2019inscription a lieu sur place \u00e0 compter du lundi 15 septembre 2025, jour de la rentr\u00e9e de la chorale, avec l\u2019adh\u00e9sion ASTA \u00e0 jour.<br>Une participation est demand\u00e9e pour payer les partitions et les frais de fonctionnement.<\/p>\n\n\n\n<p class=\"has-ast-global-color-2-color has-luminous-vivid-amber-to-luminous-vivid-orange-gradient-background has-text-color has-background has-link-color wp-elements-b1d06446df8c9b4d8c11fb12cfde508c wp-block-paragraph\"><strong>S\u00e9jours Randonn\u00e9e :<\/strong><\/p>\n\n\n\n<p class=\"wp-block-paragraph\">Un stage \u00ab\u00a0chorale\u00a0\u00bb est organis\u00e9 chaque ann\u00e9e<\/p>\n\n\n\n<div class=\"wp-block-buttons alignwide is-content-justification-center is-layout-flex wp-container-core-buttons-is-layout-3e41869c wp-block-buttons-is-layout-flex\">\n<div class=\"wp-block-button\"><a class=\"wp-block-button__link has-medium-font-size has-custom-font-size wp-element-button\" href=\"https:\/\/www.kananas.com\/asta9552\/activite-sejours-2\/\" target=\"_blank\" rel=\"noreferrer noopener\">Retrouvez ici les s\u00e9jours organis\u00e9s par l&rsquo;Asta<\/a><\/div>\n<\/div>\n","protected":false},"excerpt":{"rendered":"<p>La chorale de l&rsquo;Asta La Chorale de l\u2019ASTA a \u00e9t\u00e9 form\u00e9e en 1997 par un groupe de randonneurs. Il est actuellement dirig\u00e9 par Dani\u00e8le Olinger. Le r\u00e9pertoire, pour voix mixtes, est vari\u00e9, associant chansons fran\u00e7aises et pi\u00e8ces traditionnelles, classiques ou r\u00e9centes, folkloriques et populaires ou parfois issue de la musique sacr\u00e9e. La chorale accueille tous [&hellip;]<\/p>\n","protected":false},"author":2467,"featured_media":0,"parent":0,"menu_order":0,"comment_status":"closed","ping_status":"closed","template":"","meta":{"_crdt_document":"","site-sidebar-layout":"default","site-content-layout":"","ast-site-content-layout":"","site-content-style":"default","site-sidebar-style":"default","ast-global-header-display":"","ast-banner-title-visibility":"","ast-main-header-display":"","ast-hfb-above-header-display":"","ast-hfb-below-header-display":"","ast-hfb-mobile-header-display":"","site-post-title":"","ast-breadcrumbs-content":"","ast-featured-img":"","footer-sml-layout":"","ast-disable-related-posts":"","theme-transparent-header-meta":"","adv-header-id-meta":"","stick-header-meta":"","header-above-stick-meta":"","header-main-stick-meta":"","header-below-stick-meta":"","astra-migrate-meta-layouts":"default","ast-page-background-enabled":"default","ast-page-background-meta":{"desktop":{"background-color":"var(--ast-global-color-4)","background-image":"","background-repeat":"repeat","background-position":"center center","background-size":"auto","background-attachment":"scroll","background-type":"","background-media":"","overlay-type":"","overlay-color":"","overlay-opacity":"","overlay-gradient":""},"tablet":{"background-color":"","background-image":"","background-repeat":"repeat","background-position":"center center","background-size":"auto","background-attachment":"scroll","background-type":"","background-media":"","overlay-type":"","overlay-color":"","overlay-opacity":"","overlay-gradient":""},"mobile":{"background-color":"","background-image":"","background-repeat":"repeat","background-position":"center center","background-size":"auto","background-attachment":"scroll","background-type":"","background-media":"","overlay-type":"","overlay-color":"","overlay-opacity":"","overlay-gradient":""}},"ast-content-background-meta":{"desktop":{"background-color":"var(--ast-global-color-5)","background-image":"","background-repeat":"repeat","background-position":"center center","background-size":"auto","background-attachment":"scroll","background-type":"","background-media":"","overlay-type":"","overlay-color":"","overlay-opacity":"","overlay-gradient":""},"tablet":{"background-color":"var(--ast-global-color-5)","background-image":"","background-repeat":"repeat","background-position":"center center","background-size":"auto","background-attachment":"scroll","background-type":"","background-media":"","overlay-type":"","overlay-color":"","overlay-opacity":"","overlay-gradient":""},"mobile":{"background-color":"var(--ast-global-color-5)","background-image":"","background-repeat":"repeat","background-position":"center center","background-size":"auto","background-attachment":"scroll","background-type":"","background-media":"","overlay-type":"","overlay-color":"","overlay-opacity":"","overlay-gradient":""}},"footnotes":""},"class_list":["post-971","page","type-page","status-publish","hentry"],"_links":{"self":[{"href":"https:\/\/www.kananas.com\/asta9552\/wp-json\/wp\/v2\/pages\/971","targetHints":{"allow":["GET"]}}],"collection":[{"href":"https:\/\/www.kananas.com\/asta9552\/wp-json\/wp\/v2\/pages"}],"about":[{"href":"https:\/\/www.kananas.com\/asta9552\/wp-json\/wp\/v2\/types\/page"}],"author":[{"embeddable":true,"href":"https:\/\/www.kananas.com\/asta9552\/wp-json\/wp\/v2\/users\/2467"}],"replies":[{"embeddable":true,"href":"https:\/\/www.kananas.com\/asta9552\/wp-json\/wp\/v2\/comments?post=971"}],"version-history":[{"count":10,"href":"https:\/\/www.kananas.com\/asta9552\/wp-json\/wp\/v2\/pages\/971\/revisions"}],"predecessor-version":[{"id":4075,"href":"https:\/\/www.kananas.com\/asta9552\/wp-json\/wp\/v2\/pages\/971\/revisions\/4075"}],"wp:attachment":[{"href":"https:\/\/www.kananas.com\/asta9552\/wp-json\/wp\/v2\/media?parent=971"}],"curies":[{"name":"wp","href":"https:\/\/api.w.org\/{rel}","templated":true}]}}

Activité Chorale

<h2 class="wp-block-heading has-text-align-center alignwide has-ast-global-color-0-color has-text-color has-link-color wp-elements-94758148a3d8456f48de13f615ba72e6"><strong>La chorale de l&rsquo;Asta</strong></h2>



<p class="has-ast-global-color-0-color has-text-color has-link-color has-medium-font-size wp-elements-ff45aea3edf97f3fca5371921010aaab wp-block-paragraph">La Chorale de l’ASTA a été formée en 1997 par un groupe de randonneurs. Il est actuellement dirigé par Danièle Olinger. Le répertoire, pour voix mixtes, est varié, associant chansons françaises et pièces traditionnelles, classiques ou récentes, folkloriques et populaires ou parfois issue de la musique sacrée.</p>



<p class="has-ast-global-color-0-color has-text-color has-link-color has-medium-font-size wp-elements-e6434b0c9bc5f62e75d5ac18d61f7666 wp-block-paragraph">La chorale accueille tous ceux qui souhaitent les bienfaits du chant choral, même sans formation musicale. <br>Elle se produit aussi bien lors de concerts animations dans des maisons de retraite que dans des concerts à but humanitaire ou pour profiter de regroupements avec d’autres chorales. <br><br>Le concert de fin d’année permet de réunir parents et amis. <br><br>L’inscription a lieu sur place à compter du lundi 15 septembre 2025, jour de la rentrée de la chorale, avec une adhésion ASTA à jour. Une participation est demandée pour payer les partitions et les frais de fonctionnement.</p>



<p class="has-ast-global-color-0-color has-text-color has-link-color has-medium-font-size wp-elements-5fa9cfe38e29a6dd435bcd18e642445d wp-block-paragraph">Nous contacter : Danièle Olinger au 06.71.20.17.28 ou <a href="mailto:ddolinger@orange.fr" target="_blank" rel="noreferrer noopener">ddolinger@orange.fr</a></p>



<p class="has-ast-global-color-0-color has-text-color has-link-color has-medium-font-size wp-elements-635f438d39647a1344902df4aed3cc60 wp-block-paragraph"></p>



<figure class="wp-block-image aligncenter size-full"><img loading="lazy" decoding="async" width="444" height="261" src="http://www.kananas.com/asta9552/wp-content/uploads/sites/2299/2025/04/ASTA-chorale-2-juin-24.jpg" alt="" class="wp-image-1818" srcset="https://www.kananas.com/asta9552/wp-content/uploads/sites/2299/2025/04/ASTA-chorale-2-juin-24.jpg 444w, https://www.kananas.com/asta9552/wp-content/uploads/sites/2299/2025/04/ASTA-chorale-2-juin-24-300x176.jpg 300w" sizes="auto, (max-width: 444px) 100vw, 444px" /></figure>



<hr class="wp-block-separator has-alpha-channel-opacity" />



<div class="wp-block-buttons alignwide is-content-justification-center is-layout-flex wp-container-core-buttons-is-layout-3e41869c wp-block-buttons-is-layout-flex">
<div style="--wp--block-button--width: 50;" class="wp-block-button has-custom-width wp-block-button__width wp-block-button__width-50"><a class="wp-block-button__link has-text-align-center wp-element-button" href="https://astachorale.blogspot.com/" target="_blank" rel="noreferrer noopener">Le blog de la Chorale</a></div>
</div>



<p class="has-ast-global-color-2-color has-luminous-vivid-amber-to-luminous-vivid-orange-gradient-background has-text-color has-background has-link-color wp-elements-8d2a33577091be679cee472fd8409e8a wp-block-paragraph"><strong>Modalités de fonctionnement</strong> :</p>



<div class="wp-block-media-text is-stacked-on-mobile" style="grid-template-columns:33% auto"><figure class="wp-block-media-text__media"><img loading="lazy" decoding="async" width="879" height="730" src="http://www.kananas.com/asta9552/wp-content/uploads/sites/2299/2025/03/Capture.jpg" alt="" class="wp-image-976 size-full" srcset="https://www.kananas.com/asta9552/wp-content/uploads/sites/2299/2025/03/Capture.jpg 879w, https://www.kananas.com/asta9552/wp-content/uploads/sites/2299/2025/03/Capture-300x249.jpg 300w, https://www.kananas.com/asta9552/wp-content/uploads/sites/2299/2025/03/Capture-768x638.jpg 768w" sizes="auto, (max-width: 879px) 100vw, 879px" /></figure><div class="wp-block-media-text__content">
<p class="wp-block-paragraph">L<strong>a section Chorale de l’ASTA se réunit tous les lundis de septembre à mi-juin de 14h. à 16h.15 :</strong><br>Salle Christian Gally, rue du Couvent, au bout de la rue André Rivoire à Grenoble (Les Eaux-Claires)<br>Les répétitions ont lieu <strong>l&rsquo;après-midi</strong> pour une durée de 2h15.</p>
</div></div>



<p class="wp-block-paragraph"></p>



<p class="has-ast-global-color-2-color has-luminous-vivid-amber-to-luminous-vivid-orange-gradient-background has-text-color has-background has-link-color wp-elements-78a1faba05b506234100e2c20aef5c10 wp-block-paragraph"><strong>Information et Inscriptions :</strong></p>



<p class="wp-block-paragraph">L&rsquo;adhésion «&nbsp;Détente&nbsp;» est obligatoire pour participer (sauf si vous pratiquez d’autres activités&nbsp;: vous renseigner lors d’une permanence de l&rsquo;Asta).<br>L’inscription a lieu sur place à compter du lundi 15 septembre 2025, jour de la rentrée de la chorale, avec l’adhésion ASTA à jour.<br>Une participation est demandée pour payer les partitions et les frais de fonctionnement.</p>



<p class="has-ast-global-color-2-color has-luminous-vivid-amber-to-luminous-vivid-orange-gradient-background has-text-color has-background has-link-color wp-elements-b1d06446df8c9b4d8c11fb12cfde508c wp-block-paragraph"><strong>Séjours Randonnée :</strong></p>



<p class="wp-block-paragraph">Un stage « chorale » est organisé chaque année</p>



<div class="wp-block-buttons alignwide is-content-justification-center is-layout-flex wp-container-core-buttons-is-layout-3e41869c wp-block-buttons-is-layout-flex">
<div class="wp-block-button"><a class="wp-block-button__link has-medium-font-size has-custom-font-size wp-element-button" href="https://www.kananas.com/asta9552/activite-sejours-2/" target="_blank" rel="noreferrer noopener">Retrouvez ici les séjours organisés par l&rsquo;Asta</a></div>
</div>

<p>La chorale de l&rsquo;Asta La Chorale de l’ASTA a été formée en 1997 par un groupe de randonneurs. Il est actuellement dirigé par Danièle Olinger. Le répertoire, pour voix mixtes, est varié, associant chansons françaises et pièces traditionnelles, classiques ou récentes, folkloriques et populaires ou parfois issue de la musique sacrée. La chorale accueille tous [&hellip;]</p>
