{"id":116,"date":"2012-01-15T16:43:44","date_gmt":"2012-01-15T16:43:44","guid":{"rendered":"http:\/\/www.gestasso.com\/association\/atelierdereliureduboisdelagarenne\/?page_id=116"},"modified":"2019-06-11T23:49:02","modified_gmt":"2019-06-11T21:49:02","slug":"photos","status":"publish","type":"page","link":"https:\/\/www.kananas.com\/atelierdereliureduboisdelagarenne\/photos\/","title":{"rendered":"Photos"},"content":{"rendered":"<p><a href=\"http:\/\/www.kananas.com\/atelierdereliureduboisdelagarenne\/wp-content\/uploads\/sites\/1056\/2019\/06\/Partie_1_Reliures_Buissonni\u00e8res.pdf\">_Partie_1_Reliures_Buissonni\u00e8res<\/a><\/p>\n<p><a href=\"http:\/\/www.kananas.com\/atelierdereliureduboisdelagarenne\/wp-content\/uploads\/sites\/1056\/2019\/06\/Partie_2_Reliures_Buissonni\u00e8res.pdf\">_Partie_2_Reliures_Buissonni\u00e8res<\/a><\/p>\n<p><a href=\"http:\/\/www.kananas.com\/atelierdereliureduboisdelagarenne\/wp-content\/uploads\/sites\/1056\/2019\/06\/Partie_3_Reliures_Buissonni\u00e8res.pdf\">_Partie_3_Reliures_Buissonni\u00e8res<\/a><\/p>\n<p>&nbsp;<\/p>\n<table border=\"1\">\n<tbody>\n<tr>\n<td><a href=\"http:\/\/www.kananas.com\/atelierdereliureduboisdelagarenne\/wp-content\/uploads\/sites\/1056\/2012\/01\/IMG_6849-21.jpg\"><img loading=\"lazy\" decoding=\"async\" class=\"alignnone size-medium wp-image-58\" src=\"http:\/\/www.kananas.com\/atelierdereliureduboisdelagarenne\/wp-content\/uploads\/sites\/1056\/2012\/01\/IMG_6849-21-300x200.jpg\" alt=\"\" width=\"300\" height=\"200\" srcset=\"https:\/\/www.kananas.com\/atelierdereliureduboisdelagarenne\/wp-content\/uploads\/sites\/1056\/2012\/01\/IMG_6849-21-300x200.jpg 300w, https:\/\/www.kananas.com\/atelierdereliureduboisdelagarenne\/wp-content\/uploads\/sites\/1056\/2012\/01\/IMG_6849-21-768x512.jpg 768w, https:\/\/www.kananas.com\/atelierdereliureduboisdelagarenne\/wp-content\/uploads\/sites\/1056\/2012\/01\/IMG_6849-21-1024x683.jpg 1024w\" sizes=\"auto, (max-width: 300px) 100vw, 300px\" \/><\/a><\/td>\n<td><a href=\"http:\/\/www.kananas.com\/atelierdereliureduboisdelagarenne\/wp-content\/uploads\/sites\/1056\/2012\/01\/IMG_6848-21.jpg\"><img loading=\"lazy\" decoding=\"async\" class=\"alignnone size-medium wp-image-59\" src=\"http:\/\/www.kananas.com\/atelierdereliureduboisdelagarenne\/wp-content\/uploads\/sites\/1056\/2012\/01\/IMG_6848-21-300x200.jpg\" alt=\"\" width=\"300\" height=\"200\" srcset=\"https:\/\/www.kananas.com\/atelierdereliureduboisdelagarenne\/wp-content\/uploads\/sites\/1056\/2012\/01\/IMG_6848-21-300x200.jpg 300w, https:\/\/www.kananas.com\/atelierdereliureduboisdelagarenne\/wp-content\/uploads\/sites\/1056\/2012\/01\/IMG_6848-21-768x512.jpg 768w, https:\/\/www.kananas.com\/atelierdereliureduboisdelagarenne\/wp-content\/uploads\/sites\/1056\/2012\/01\/IMG_6848-21-1024x683.jpg 1024w\" sizes=\"auto, (max-width: 300px) 100vw, 300px\" \/><\/a><\/td>\n<\/tr>\n<\/tbody>\n<\/table>\n<p>&nbsp;<\/p>\n<table border=\"1\">\n<tbody>\n<tr>\n<td><a href=\"http:\/\/www.kananas.com\/atelierdereliureduboisdelagarenne\/wp-content\/uploads\/sites\/1056\/2012\/01\/IMG_6850-2.jpg\"><img loading=\"lazy\" decoding=\"async\" class=\"alignnone size-medium wp-image-57\" src=\"http:\/\/www.kananas.com\/atelierdereliureduboisdelagarenne\/wp-content\/uploads\/sites\/1056\/2012\/01\/IMG_6850-2-300x200.jpg\" alt=\"\" width=\"300\" height=\"200\" srcset=\"https:\/\/www.kananas.com\/atelierdereliureduboisdelagarenne\/wp-content\/uploads\/sites\/1056\/2012\/01\/IMG_6850-2-300x200.jpg 300w, https:\/\/www.kananas.com\/atelierdereliureduboisdelagarenne\/wp-content\/uploads\/sites\/1056\/2012\/01\/IMG_6850-2-768x512.jpg 768w, https:\/\/www.kananas.com\/atelierdereliureduboisdelagarenne\/wp-content\/uploads\/sites\/1056\/2012\/01\/IMG_6850-2-1024x683.jpg 1024w\" sizes=\"auto, (max-width: 300px) 100vw, 300px\" \/><\/a><\/td>\n<td><a href=\"http:\/\/www.kananas.com\/atelierdereliureduboisdelagarenne\/wp-content\/uploads\/sites\/1056\/2012\/01\/IMG_6840-21.jpg\"><img loading=\"lazy\" decoding=\"async\" class=\"alignnone size-medium wp-image-70\" src=\"http:\/\/www.kananas.com\/atelierdereliureduboisdelagarenne\/wp-content\/uploads\/sites\/1056\/2012\/01\/IMG_6840-21-300x200.jpg\" alt=\"\" width=\"300\" height=\"200\" srcset=\"https:\/\/www.kananas.com\/atelierdereliureduboisdelagarenne\/wp-content\/uploads\/sites\/1056\/2012\/01\/IMG_6840-21-300x200.jpg 300w, https:\/\/www.kananas.com\/atelierdereliureduboisdelagarenne\/wp-content\/uploads\/sites\/1056\/2012\/01\/IMG_6840-21-768x512.jpg 768w, https:\/\/www.kananas.com\/atelierdereliureduboisdelagarenne\/wp-content\/uploads\/sites\/1056\/2012\/01\/IMG_6840-21-1024x683.jpg 1024w\" sizes=\"auto, (max-width: 300px) 100vw, 300px\" \/><\/a><\/td>\n<\/tr>\n<\/tbody>\n<\/table>\n","protected":false},"excerpt":{"rendered":"<p>_Partie_1_Reliures_Buissonni\u00e8res _Partie_2_Reliures_Buissonni\u00e8res _Partie_3_Reliures_Buissonni\u00e8res &nbsp; &nbsp;<\/p>\n","protected":false},"author":1090,"featured_media":0,"parent":0,"menu_order":0,"comment_status":"closed","ping_status":"closed","template":"","meta":{"_crdt_document":"","footnotes":""},"class_list":["post-116","page","type-page","status-publish","hentry"],"_links":{"self":[{"href":"https:\/\/www.kananas.com\/atelierdereliureduboisdelagarenne\/wp-json\/wp\/v2\/pages\/116","targetHints":{"allow":["GET"]}}],"collection":[{"href":"https:\/\/www.kananas.com\/atelierdereliureduboisdelagarenne\/wp-json\/wp\/v2\/pages"}],"about":[{"href":"https:\/\/www.kananas.com\/atelierdereliureduboisdelagarenne\/wp-json\/wp\/v2\/types\/page"}],"author":[{"embeddable":true,"href":"https:\/\/www.kananas.com\/atelierdereliureduboisdelagarenne\/wp-json\/wp\/v2\/users\/1090"}],"replies":[{"embeddable":true,"href":"https:\/\/www.kananas.com\/atelierdereliureduboisdelagarenne\/wp-json\/wp\/v2\/comments?post=116"}],"version-history":[{"count":2,"href":"https:\/\/www.kananas.com\/atelierdereliureduboisdelagarenne\/wp-json\/wp\/v2\/pages\/116\/revisions"}],"predecessor-version":[{"id":236,"href":"https:\/\/www.kananas.com\/atelierdereliureduboisdelagarenne\/wp-json\/wp\/v2\/pages\/116\/revisions\/236"}],"wp:attachment":[{"href":"https:\/\/www.kananas.com\/atelierdereliureduboisdelagarenne\/wp-json\/wp\/v2\/media?parent=116"}],"curies":[{"name":"wp","href":"https:\/\/api.w.org\/{rel}","templated":true}]}}