{"id":309,"date":"2022-10-02T19:12:42","date_gmt":"2022-10-02T17:12:42","guid":{"rendered":"https:\/\/www.kananas.com\/atelierdereliureduboisdelagarenne\/?page_id=309"},"modified":"2025-10-03T17:45:45","modified_gmt":"2025-10-03T15:45:45","slug":"textes-reglementaires","status":"publish","type":"page","link":"https:\/\/www.kananas.com\/atelierdereliureduboisdelagarenne\/textes-reglementaires\/","title":{"rendered":"Textes r\u00e9glementaires"},"content":{"rendered":"<ul>\n<li><strong>Statuts de l&rsquo;A.R.B.G.<\/strong><br \/>\n<a href=\"https:\/\/www.kananas.com\/atelierdereliureduboisdelagarenne\/wp-content\/uploads\/sites\/1056\/2022\/10\/Statuts-ARBG-juillet-2019.pdf\">Statuts ARBG juillet 2019<\/a><\/li>\n<li><strong>R\u00e8glement int\u00e9rieur de l&rsquo;A.R.B.G.<\/strong><br \/>\n<a href=\"https:\/\/www.kananas.com\/atelierdereliureduboisdelagarenne\/wp-content\/uploads\/sites\/1056\/2025\/10\/Reglement-interieur_RI-2025.pdf\">Reglement-interieur_RI-2025.pdf<\/a><\/li>\n<li><strong>Protection des donn\u00e9es<\/strong><br \/>\n<span style=\"font-size: 10pt\"><em><span style=\"color: #000000\"><span style=\"font-family: Century Gothic, sans-serif\">En application du R\u00e8glement G\u00e9n\u00e9ral sur la Protection des Donn\u00e9es (RGPD), nous\u00a0 informons l&rsquo;adh\u00e9rent que ses donn\u00e9es \u00e0 caract\u00e8re personnel collect\u00e9es par l\u2019A.R.B.G. ont \u00e9t\u00e9 recueillies sur la base de son consentement, aux fins d\u2019inscription, d\u2019information, de r\u00e8glement et de statistiques. Il peut retirer son consentement \u00e0 tout moment et exercer ses droits d\u2019acc\u00e8s, d\u2019opposition, de rectification, de portabilit\u00e9 et d\u2019effacement de ses donn\u00e9es en contactant un membre du CA. En cas de violation du RGPD, il a le droit d\u2019introduire une r\u00e9clamation aupr\u00e8s de la CNIL.<\/span><\/span><\/em><\/span><\/li>\n<li><strong>Droit \u00e0 l&rsquo;image<\/strong><br \/>\n<span style=\"font-size: 10pt\"><em><span style=\"color: #000000\"><span style=\"font-family: Century Gothic, sans-serif\">L&rsquo;adh\u00e9rent est averti que toutes les photos prises lors des \u00e9v\u00e9nements internes ou externes dans le cadre des activit\u00e9s de l&rsquo;association peuvent \u00eatre utilis\u00e9es sur le site internet : http:\/\/www.kananas.com\/atelierdereliureduboisdelagarenne.<br \/>\n<\/span><\/span><span style=\"color: #000000\"><span style=\"font-family: Century Gothic, sans-serif\">Toute personne dont la photo appara\u00eet sur ce site,b\u00e9n\u00e9ficie du droit de retrait de l&rsquo;image. Il suffit alors de contacter un membre du CA en indiquant les r\u00e9f\u00e9rences de la photo concern\u00e9e. D\u00e8s r\u00e9ception du message nous enl\u00e8verons la(les) photo(s) du site. Toutes les photos \u00e9dit\u00e9es sur ce site sont la propri\u00e9t\u00e9 de l\u2019A.R.B.G.<\/span><\/span><\/em><\/span><\/li>\n<li><strong>Contrat d&rsquo;engagement r\u00e9publicain<br \/>\n<\/strong><a href=\"https:\/\/www.kananas.com\/atelierdereliureduboisdelagarenne\/wp-content\/uploads\/sites\/1056\/2022\/10\/Contrat-Engagement-Republicain.pdf\">Contrat Engagement R\u00e9publicain<\/a><strong><br \/>\n<\/strong><\/li>\n<\/ul>\n","protected":false},"excerpt":{"rendered":"<p>Statuts de l&rsquo;A.R.B.G. Statuts ARBG juillet 2019 R\u00e8glement int\u00e9rieur de l&rsquo;A.R.B.G. Reglement-interieur_RI-2025.pdf Protection des donn\u00e9es En application du R\u00e8glement G\u00e9n\u00e9ral sur la Protection des Donn\u00e9es (RGPD), nous\u00a0 informons l&rsquo;adh\u00e9rent que ses donn\u00e9es \u00e0 caract\u00e8re personnel collect\u00e9es par l\u2019A.R.B.G. ont \u00e9t\u00e9 &hellip; <a href=\"https:\/\/www.kananas.com\/atelierdereliureduboisdelagarenne\/textes-reglementaires\/\">Continuer la lecture <span class=\"meta-nav\">&rarr;<\/span><\/a><\/p>\n","protected":false},"author":1090,"featured_media":0,"parent":0,"menu_order":0,"comment_status":"closed","ping_status":"closed","template":"","meta":{"_crdt_document":"","footnotes":""},"class_list":["post-309","page","type-page","status-publish","hentry"],"_links":{"self":[{"href":"https:\/\/www.kananas.com\/atelierdereliureduboisdelagarenne\/wp-json\/wp\/v2\/pages\/309","targetHints":{"allow":["GET"]}}],"collection":[{"href":"https:\/\/www.kananas.com\/atelierdereliureduboisdelagarenne\/wp-json\/wp\/v2\/pages"}],"about":[{"href":"https:\/\/www.kananas.com\/atelierdereliureduboisdelagarenne\/wp-json\/wp\/v2\/types\/page"}],"author":[{"embeddable":true,"href":"https:\/\/www.kananas.com\/atelierdereliureduboisdelagarenne\/wp-json\/wp\/v2\/users\/1090"}],"replies":[{"embeddable":true,"href":"https:\/\/www.kananas.com\/atelierdereliureduboisdelagarenne\/wp-json\/wp\/v2\/comments?post=309"}],"version-history":[{"count":9,"href":"https:\/\/www.kananas.com\/atelierdereliureduboisdelagarenne\/wp-json\/wp\/v2\/pages\/309\/revisions"}],"predecessor-version":[{"id":390,"href":"https:\/\/www.kananas.com\/atelierdereliureduboisdelagarenne\/wp-json\/wp\/v2\/pages\/309\/revisions\/390"}],"wp:attachment":[{"href":"https:\/\/www.kananas.com\/atelierdereliureduboisdelagarenne\/wp-json\/wp\/v2\/media?parent=309"}],"curies":[{"name":"wp","href":"https:\/\/api.w.org\/{rel}","templated":true}]}}