{"id":4,"date":"2024-08-07T12:13:44","date_gmt":"2024-08-07T10:13:44","guid":{"rendered":"https:\/\/www.kananas.com\/pierreauto9578\/espace-perso\/"},"modified":"2024-11-12T23:56:16","modified_gmt":"2024-11-12T22:56:16","slug":"espace-perso","status":"publish","type":"page","link":"https:\/\/www.kananas.com\/clubpantherfrance\/espace-perso\/","title":{"rendered":"Espace adh\u00e9rent"},"content":{"rendered":"\n<p class=\"wp-block-paragraph\">R\u00e9serv\u00e9 aux adh\u00e9rents cet espace permet d\u2019acc\u00e9der \u00e0 vos informations personnelles , \u00e0 la boutique , et toute la vie du club &#8230;<\/p>\n\n\n\n<p class=\"wp-block-paragraph\">Cette section est \u00e9volutive et va s&rsquo;enrichir dans les semaines et les mois a venir , n\u2019h\u00e9sitez pas a revenir r\u00e9guli\u00e8rement !  <\/p>\n","protected":false},"excerpt":{"rendered":"<p>R\u00e9serv\u00e9 aux adh\u00e9rents cet espace permet d\u2019acc\u00e9der \u00e0 vos informations personnelles , \u00e0 la boutique , et toute la vie du club &#8230; Cette section est \u00e9volutive et va s&rsquo;enrichir dans les semaines et les mois a venir , n\u2019h\u00e9sitez pas a revenir r\u00e9guli\u00e8rement !<\/p>\n","protected":false},"author":2399,"featured_media":0,"parent":0,"menu_order":0,"comment_status":"closed","ping_status":"closed","template":"","meta":{"_crdt_document":"","footnotes":""},"class_list":["post-4","page","type-page","status-publish","hentry"],"_links":{"self":[{"href":"https:\/\/www.kananas.com\/clubpantherfrance\/wp-json\/wp\/v2\/pages\/4","targetHints":{"allow":["GET"]}}],"collection":[{"href":"https:\/\/www.kananas.com\/clubpantherfrance\/wp-json\/wp\/v2\/pages"}],"about":[{"href":"https:\/\/www.kananas.com\/clubpantherfrance\/wp-json\/wp\/v2\/types\/page"}],"author":[{"embeddable":true,"href":"https:\/\/www.kananas.com\/clubpantherfrance\/wp-json\/wp\/v2\/users\/2399"}],"replies":[{"embeddable":true,"href":"https:\/\/www.kananas.com\/clubpantherfrance\/wp-json\/wp\/v2\/comments?post=4"}],"version-history":[{"count":11,"href":"https:\/\/www.kananas.com\/clubpantherfrance\/wp-json\/wp\/v2\/pages\/4\/revisions"}],"predecessor-version":[{"id":966,"href":"https:\/\/www.kananas.com\/clubpantherfrance\/wp-json\/wp\/v2\/pages\/4\/revisions\/966"}],"wp:attachment":[{"href":"https:\/\/www.kananas.com\/clubpantherfrance\/wp-json\/wp\/v2\/media?parent=4"}],"curies":[{"name":"wp","href":"https:\/\/api.w.org\/{rel}","templated":true}]}}