{"id":479,"date":"2024-10-29T22:26:27","date_gmt":"2024-10-29T21:26:27","guid":{"rendered":"https:\/\/www.kananas.com\/clubpantherfrance\/?page_id=479"},"modified":"2025-06-25T20:33:05","modified_gmt":"2025-06-25T18:33:05","slug":"j72","status":"publish","type":"page","link":"https:\/\/www.kananas.com\/clubpantherfrance\/j72\/","title":{"rendered":"J72"},"content":{"rendered":"\n<div class=\"wp-block-columns alignfull is-layout-flex wp-container-core-columns-is-layout-3a88641f wp-block-columns-is-layout-flex\">\n<div class=\"wp-block-column is-layout-flow wp-block-column-is-layout-flow\" style=\"flex-basis:33.33%\">\n<div style=\"height:100px\" aria-hidden=\"true\" class=\"wp-block-spacer\"><\/div>\n\n\n\n<figure class=\"wp-block-image size-full\"><img loading=\"lazy\" decoding=\"async\" width=\"474\" height=\"272\" src=\"http:\/\/www.kananas.com\/clubpantherfrance\/wp-content\/uploads\/sites\/2301\/2024\/10\/J72-1-e1730322595762.jpg\" alt=\"\" class=\"wp-image-537\" srcset=\"https:\/\/www.kananas.com\/clubpantherfrance\/wp-content\/uploads\/sites\/2301\/2024\/10\/J72-1-e1730322595762.jpg 474w, https:\/\/www.kananas.com\/clubpantherfrance\/wp-content\/uploads\/sites\/2301\/2024\/10\/J72-1-e1730322595762-300x172.jpg 300w\" sizes=\"auto, (max-width: 474px) 100vw, 474px\" \/><\/figure>\n\n\n\n<figure class=\"wp-block-image size-full\"><img loading=\"lazy\" decoding=\"async\" width=\"469\" height=\"310\" src=\"http:\/\/www.kananas.com\/clubpantherfrance\/wp-content\/uploads\/sites\/2301\/2024\/10\/J72-2-e1730322646753.jpg\" alt=\"\" class=\"wp-image-538\" srcset=\"https:\/\/www.kananas.com\/clubpantherfrance\/wp-content\/uploads\/sites\/2301\/2024\/10\/J72-2-e1730322646753.jpg 469w, https:\/\/www.kananas.com\/clubpantherfrance\/wp-content\/uploads\/sites\/2301\/2024\/10\/J72-2-e1730322646753-300x198.jpg 300w\" sizes=\"auto, (max-width: 469px) 100vw, 469px\" \/><\/figure>\n\n\n\n<figure class=\"wp-block-image size-full\"><img loading=\"lazy\" decoding=\"async\" width=\"466\" height=\"349\" src=\"http:\/\/www.kananas.com\/clubpantherfrance\/wp-content\/uploads\/sites\/2301\/2024\/10\/J72-3-e1730322689126.jpg\" alt=\"\" class=\"wp-image-539\" srcset=\"https:\/\/www.kananas.com\/clubpantherfrance\/wp-content\/uploads\/sites\/2301\/2024\/10\/J72-3-e1730322689126.jpg 466w, https:\/\/www.kananas.com\/clubpantherfrance\/wp-content\/uploads\/sites\/2301\/2024\/10\/J72-3-e1730322689126-300x225.jpg 300w\" sizes=\"auto, (max-width: 466px) 100vw, 466px\" \/><\/figure>\n<\/div>\n\n\n\n<div class=\"wp-block-column is-layout-flow wp-block-column-is-layout-flow\" style=\"flex-basis:66.66%\">\n<p class=\"wp-block-paragraph\">Je suis une <strong>Panther J72<\/strong>, produite par la Panther Westwinds company , fond\u00e9e par Robert Jankel en Angleterre en 1972.<br>Notre p\u00e8re R.Jankel voulait garder ce style classique qui fait notre charme, mais en y associant les performances et le luxe des grandes automobiles britanniques ! Il s\u2019est donc inspir\u00e9 de la Jaguar SS100 pour nous dessiner et nous donner vie.<br>Mon ch\u00e2ssis est d\u2019origine Panther et mon moteur vient de chez Jaguar : 6 cyl en ligne de 3.7 L boite auto ou<br>manuelle ( le c\u00e9l\u00e8bre XK ) , puis 4.2l et m\u00eame le fameux V12 de 5.3 L ! Ce c\u0153ur me donne une puissance tr\u00e8s<br>respectable de 200 \u00e0 266 Cv , pour un poids de 1250 kg , ce qui me permet d\u2019atteindre les 225 km\/h et les 6.6 sec au 0-100 pour le moteur le plus puissant !<br>J\u2019ai une carrosserie en aluminium, et poss\u00e8de tous les \u00e9l\u00e9ments des voitures grand luxe de l\u2019\u00e9poque !<br>Avec mes s\u0153urs nous sommes presque toutes diff\u00e9rentes : couleurs bi-tons, roues, cuirs Connolly , moteurs,<br>personnalisation \u2026 et nous sommes environ 400 n\u00e9es entre 1972 et 1984.<br>Nous avons ouvert la voie des s\u00e9ries artisanales chez Panther, en m\u00ealant sportivit\u00e9, luxe et style classique des ann\u00e9es 30, mais dans une r\u00e9alisation moderne et fiable. De nombreuses vedettes, com\u00e9diens, chanteurs, \u2026 ont succomb\u00e9 \u00e0 mes charmes, me mettant \u00e0 l\u2019affiche des magazines !<br>Mon look me rend tr\u00e8s d\u00e9sirable mais j\u2019avoue quelques petits d\u00e9fauts : Malgr\u00e9 ma taille imposante, il faut rester<br>souple pour monter \u00e0 bord, et il ne faut pas que le temps soit trop variable, la mise en place de la capote<br>n\u00e9cessitant de la pratique !<br>J\u2019ai aussi des demi-s\u0153urs, les Deville, encore plus grandes et luxueuses que moi, qui ont particuli\u00e8rement r\u00e9ussi au cin\u00e9ma, et les Lima\/Kallista, qui ont fond\u00e9 une grande famille.<\/p>\n<\/div>\n<\/div>\n","protected":false},"excerpt":{"rendered":"<p>Je suis une Panther J72, produite par la Panther Westwinds company , fond\u00e9e par Robert Jankel en Angleterre en 1972.Notre p\u00e8re R.Jankel voulait garder ce style classique qui fait notre charme, mais en y associant les performances et le luxe des grandes automobiles britanniques ! Il s\u2019est donc inspir\u00e9 de la Jaguar SS100 pour nous [&hellip;]<\/p>\n","protected":false},"author":2399,"featured_media":529,"parent":0,"menu_order":0,"comment_status":"closed","ping_status":"closed","template":"page-with-sidebar","meta":{"_crdt_document":"","footnotes":""},"class_list":["post-479","page","type-page","status-publish","has-post-thumbnail","hentry"],"_links":{"self":[{"href":"https:\/\/www.kananas.com\/clubpantherfrance\/wp-json\/wp\/v2\/pages\/479","targetHints":{"allow":["GET"]}}],"collection":[{"href":"https:\/\/www.kananas.com\/clubpantherfrance\/wp-json\/wp\/v2\/pages"}],"about":[{"href":"https:\/\/www.kananas.com\/clubpantherfrance\/wp-json\/wp\/v2\/types\/page"}],"author":[{"embeddable":true,"href":"https:\/\/www.kananas.com\/clubpantherfrance\/wp-json\/wp\/v2\/users\/2399"}],"replies":[{"embeddable":true,"href":"https:\/\/www.kananas.com\/clubpantherfrance\/wp-json\/wp\/v2\/comments?post=479"}],"version-history":[{"count":3,"href":"https:\/\/www.kananas.com\/clubpantherfrance\/wp-json\/wp\/v2\/pages\/479\/revisions"}],"predecessor-version":[{"id":1181,"href":"https:\/\/www.kananas.com\/clubpantherfrance\/wp-json\/wp\/v2\/pages\/479\/revisions\/1181"}],"wp:featuredmedia":[{"embeddable":true,"href":"https:\/\/www.kananas.com\/clubpantherfrance\/wp-json\/wp\/v2\/media\/529"}],"wp:attachment":[{"href":"https:\/\/www.kananas.com\/clubpantherfrance\/wp-json\/wp\/v2\/media?parent=479"}],"curies":[{"name":"wp","href":"https:\/\/api.w.org\/{rel}","templated":true}]}}