{"id":59,"date":"2024-08-11T17:04:27","date_gmt":"2024-08-11T15:04:27","guid":{"rendered":"https:\/\/www.kananas.com\/pierreauto9578\/?page_id=59"},"modified":"2025-06-25T21:27:10","modified_gmt":"2025-06-25T19:27:10","slug":"accueil-club","status":"publish","type":"page","link":"https:\/\/www.kananas.com\/clubpantherfrance\/","title":{"rendered":"Bienvenue sur le site du Club Panther France"},"content":{"rendered":"\n<p class=\"has-black-color has-text-color has-background has-link-color has-medium-font-size wp-elements-a140f9a28316737898ccd5c85f3fdab1 wp-block-paragraph\" style=\"background:linear-gradient(180deg,rgb(238,238,238) 0%,rgb(169,184,195) 100%)\"><strong>Bienvenue sur le site du Club Panther France<\/strong><br>Notre objectif est simple : prendre du plaisir avec nos voitures et nos amis ! <br>Si vous poss\u00e9dez d\u00e9j\u00e0 une Panther , vous \u00eates comme nous tomb\u00e9s amoureux d&rsquo;une voiture atypique , qui provoque un sourire irr\u00e9pressible \u00e0 ses conducteurs et passagers ! <br>Mais maintenir en \u00e9tat de fonctionnement ces merveilles n&rsquo;est pas toujours simple et l&rsquo;objectif commun est d&rsquo;apporter conseils , supports et partages \u00e0 la collectivit\u00e9 , chacun \u00e0 son niveau <br>Nous avons aussi d\u00e9fini nos valeurs que nous avons essay\u00e9es de traduire dans nos statuts : convivialit\u00e9 , partage , respect mutuel , fonctionnement associatif ( donc non commercial ) .<br>Nous accueillons avec plaisir tous les propri\u00e9taires de Panther qui souhaitent int\u00e9grer notre association en adh\u00e9rant \u00e0 ses valeurs<\/p>\n\n\n\n<p class=\"has-pale-cyan-blue-background-color has-background has-medium-font-size wp-block-paragraph\">Pour r\u00e9pondre au mieux aux diverses attentes , nous avons donc imagin\u00e9 un club \u00e0 2 niveaux :<br>Une structure r\u00e9gionale qui apporte proximit\u00e9 entre les membres, entraide, sorties sur des destinations locales, \u2026<br>Une structure nationale qui apporte des moyens : digitaux, support aux organisations de salons, n\u00e9gociations pour pi\u00e8ces, goodies, regroupement annuel, \u2026<br>Ces 2 niveaux sont reli\u00e9s par les D\u00e9l\u00e9gu\u00e9s r\u00e9gionaux (actions r\u00e9gionales), qui font partie du Comit\u00e9 d\u2019Administration du club (actions nationales).<\/p>\n\n\n\n<p class=\"has-pale-cyan-blue-background-color has-background has-medium-font-size wp-block-paragraph\">Nous organisons aussi annuellement ( 2eme quinzaine de Septembre ) un week-end qui permet de se retrouver au del\u00e0 des r\u00e9gions et de d\u00e9couvrir nos superbes paysages ! La destination change chaque ann\u00e9e pour se rapprocher des adh\u00e9rents et varier les plaisirs !<\/p>\n\n\n\n<div class=\"wp-block-file\"><a id=\"wp-block-file--media-7011dcde-d0b7-478d-add8-4c01d5489e07\" href=\"https:\/\/www.kananas.com\/pierreauto9578\/wp-content\/uploads\/sites\/2301\/2024\/08\/statuts-club-panther-France-2023-04-18.pdf\">statuts club panther France 2023 04 18<\/a><a href=\"https:\/\/www.kananas.com\/pierreauto9578\/wp-content\/uploads\/sites\/2301\/2024\/08\/statuts-club-panther-France-2023-04-18.pdf\" class=\"wp-block-file__button wp-element-button\" download aria-describedby=\"wp-block-file--media-7011dcde-d0b7-478d-add8-4c01d5489e07\">T\u00e9l\u00e9charger<\/a><\/div>\n\n\n\n<div class=\"wp-block-file\"><a id=\"wp-block-file--media-e16cac7b-17dc-469d-863f-cc79ce162db0\" href=\"https:\/\/www.kananas.com\/pierreauto9578\/wp-content\/uploads\/sites\/2301\/2024\/08\/Reglement-interieur-2023-03-23.pdf\">R\u00e8glement int\u00e9rieur 2023 03 23<\/a><a href=\"https:\/\/www.kananas.com\/pierreauto9578\/wp-content\/uploads\/sites\/2301\/2024\/08\/Reglement-interieur-2023-03-23.pdf\" class=\"wp-block-file__button wp-element-button\" download aria-describedby=\"wp-block-file--media-e16cac7b-17dc-469d-863f-cc79ce162db0\">T\u00e9l\u00e9charger<\/a><\/div>\n","protected":false},"excerpt":{"rendered":"<p>Bienvenue sur le site du Club Panther FranceNotre objectif est simple : prendre du plaisir avec nos voitures et nos amis ! Si vous poss\u00e9dez d\u00e9j\u00e0 une Panther , vous \u00eates comme nous tomb\u00e9s amoureux d&rsquo;une voiture atypique , qui provoque un sourire irr\u00e9pressible \u00e0 ses conducteurs et passagers ! Mais maintenir en \u00e9tat de [&hellip;]<\/p>\n","protected":false},"author":2399,"featured_media":22,"parent":0,"menu_order":0,"comment_status":"closed","ping_status":"closed","template":"","meta":{"_crdt_document":"","footnotes":""},"class_list":["post-59","page","type-page","status-publish","has-post-thumbnail","hentry"],"_links":{"self":[{"href":"https:\/\/www.kananas.com\/clubpantherfrance\/wp-json\/wp\/v2\/pages\/59","targetHints":{"allow":["GET"]}}],"collection":[{"href":"https:\/\/www.kananas.com\/clubpantherfrance\/wp-json\/wp\/v2\/pages"}],"about":[{"href":"https:\/\/www.kananas.com\/clubpantherfrance\/wp-json\/wp\/v2\/types\/page"}],"author":[{"embeddable":true,"href":"https:\/\/www.kananas.com\/clubpantherfrance\/wp-json\/wp\/v2\/users\/2399"}],"replies":[{"embeddable":true,"href":"https:\/\/www.kananas.com\/clubpantherfrance\/wp-json\/wp\/v2\/comments?post=59"}],"version-history":[{"count":24,"href":"https:\/\/www.kananas.com\/clubpantherfrance\/wp-json\/wp\/v2\/pages\/59\/revisions"}],"predecessor-version":[{"id":1094,"href":"https:\/\/www.kananas.com\/clubpantherfrance\/wp-json\/wp\/v2\/pages\/59\/revisions\/1094"}],"wp:featuredmedia":[{"embeddable":true,"href":"https:\/\/www.kananas.com\/clubpantherfrance\/wp-json\/wp\/v2\/media\/22"}],"wp:attachment":[{"href":"https:\/\/www.kananas.com\/clubpantherfrance\/wp-json\/wp\/v2\/media?parent=59"}],"curies":[{"name":"wp","href":"https:\/\/api.w.org\/{rel}","templated":true}]}}