{"id":2751,"date":"2015-12-15T11:40:03","date_gmt":"2015-12-15T10:40:03","guid":{"rendered":"http:\/\/www.gestasso.com\/association\/comitedejumelagedesaintpierredalbigny\/?page_id=2751"},"modified":"2015-12-15T11:40:03","modified_gmt":"2015-12-15T10:40:03","slug":"statuts","status":"publish","type":"page","link":"https:\/\/www.kananas.com\/comitedejumelagedesaintpierredalbigny\/statuts\/","title":{"rendered":"Statuts"},"content":{"rendered":"<p class=\"p1\"><span class=\"s1\">Comit\u00e9 de Jumelage de \u00a0<\/span><span class=\"s1\">Saint-Pierre d&rsquo;Albigny et Stetten(Kernen) im Remstal <\/span><\/p>\n<p class=\"p4\"><strong><span class=\"s1\">STATUTS<\/span><\/strong><\/p>\n<p class=\"p5\"><span class=\"s1\">Adopt\u00e9s le 27 janvier 1978<\/span><\/p>\n<p class=\"p5\"><span class=\"s1\">Modifi\u00e9s le 11 mars 2000, le 11 octobre 2002 et le <b>3 octobre 2014<\/b><\/span><\/p>\n<p class=\"p7\"><span class=\"s1\"><b>Article 1 &#8211; D\u00e9nomination<\/b><\/span><\/p>\n<p class=\"p7\"><span class=\"s1\">Les personnes qui adh\u00e8rent aux pr\u00e9sents statuts forment une association r\u00e9gie par la loi du 1<\/span><span class=\"s2\"><sup>er<\/sup><\/span><span class=\"s1\"> juillet 1901 et le d\u00e9cret du 16 ao\u00fbt 1901 ayant pour d\u00e9nomination : \u00ab\u00a0<b>Comit\u00e9 de jumelage de Saint Pierre d&rsquo;Albigny &#8211; Stetten im Remstal<\/b> \u00ab\u00a0. Son logo est actuellement :<\/span><\/p>\n<p class=\"p7\"><span class=\"s1\">\u00a0<a href=\"http:\/\/www.kananas.com\/comitedejumelagedesaintpierredalbigny\/wp-content\/uploads\/sites\/1208\/2014\/01\/LOGO3-OVALE.jpg\"><img loading=\"lazy\" decoding=\"async\" class=\"alignnone size-thumbnail wp-image-2348\" src=\"http:\/\/www.kananas.com\/comitedejumelagedesaintpierredalbigny\/wp-content\/uploads\/sites\/1208\/2014\/01\/LOGO3-OVALE-151x162.jpg\" alt=\"LOGO3-OVALE.jpg\" width=\"151\" height=\"162\" \/><\/a><\/span><\/p>\n<p class=\"p7\"><span class=\"s1\"><b>Article 2 &#8211; Objet<\/b><\/span><\/p>\n<p class=\"p7\"><span class=\"s1\">L&rsquo;association a pour but de favoriser, (dans le cadre des engagements pris par les communes et consign\u00e9s dans le serment de jumelage sign\u00e9 par les Maires en 1972 et 1973) l&rsquo;\u00e9tablissement de relations entre les habitants de la commune de Saint Pierre d&rsquo;Albigny et, par extension, de son canton avec ceux de la ville de Stetten (Kernen) im Remstal (Allemagne F\u00e9d\u00e9rale), dans tous les domaines : scolaire, sportif, culturel, social, \u00e9conomique, etc. afin de permettre une meilleure connaissance r\u00e9ciproque.<\/span><\/p>\n<p class=\"p7\"><span class=\"s1\">D&rsquo;une mani\u00e8re plus g\u00e9n\u00e9rale, l&rsquo;association a \u00e9galement pour objet la sensibilisation des citoyens aux r\u00e9alit\u00e9s europ\u00e9ennes et la diffusion d&rsquo;informations sur la construction europ\u00e9enne. <\/span><\/p>\n<p class=\"p7\"><span class=\"s1\">Elle peut, \u00e0 cet effet, agir par tous moyens : apprentissage de langues, coordination et organisation des \u00e9changes, accueil de d\u00e9l\u00e9gations de la ville jumelle ou de ses partenaires et de mani\u00e8re plus g\u00e9n\u00e9rale, elle peut organiser toutes manifestations, \u00e9changes, rencontres, utiles \u00e0 la r\u00e9alisation de son objet.<\/span><\/p>\n<p class=\"p7\"><span class=\"s1\">Pour atteindre les objectifs ci-dessus, l&rsquo;association travaillera en accord avec la municipalit\u00e9 et en coop\u00e9ration avec les groupes ou organismes locaux dont l&rsquo;activit\u00e9 comporte des \u00e9changes sur un plan international.<\/span><\/p>\n<p class=\"p7\"><span class=\"s1\"><b>Article 3 &#8211; Si\u00e8ge social<\/b><\/span><\/p>\n<p class=\"p7\"><span class=\"s1\">Le si\u00e8ge social de l&rsquo;association est fix\u00e9 \u00e0 Saint Pierre d&rsquo;Albigny. Il peut \u00eatre transf\u00e9r\u00e9 en tout autre lieu sur d\u00e9cision du Conseil d&rsquo;Administration. Des moyens mobiliers et immobiliers peuvent \u00eatre mis \u00e0 disposition de l&rsquo;association par la commune de Saint-Pierre d&rsquo;Albigny, par convention.<\/span><\/p>\n<p class=\"p7\"><span class=\"s1\"><b>Article 4 &#8211; Membres<\/b><\/span><\/p>\n<ul>\n<li class=\"li7\"><span class=\"s1\">Sont <b>membres d&rsquo;honneur<\/b>, d\u00e9sign\u00e9s par le Conseil d&rsquo;Administration<\/span> <span class=\"s1\">les personnes physiques ou morales qui se sont distingu\u00e9es par leur action en faveur du rapprochement entre les peuples de l&rsquo;Europe et ont rendu des services signal\u00e9s \u00e0 l&rsquo;association. Ils sont dispens\u00e9s de cotisation annuelle et disposent d&rsquo;une voix consultative en Assembl\u00e9e G\u00e9n\u00e9rale.<\/span><\/li>\n<li class=\"li7\"><span class=\"s1\">Sont <b>membres de droit<\/b>, les repr\u00e9sentant les municipalit\u00e9s du Canton ainsi que la Communaut\u00e9 de Communes \u00e0 concurrence de 1 membre par collectivit\u00e9 locale, le Conseiller g\u00e9n\u00e9ral du canton. Ils sont dispens\u00e9s de cotisation annuelle et disposent d&rsquo;une voix consultative en Assembl\u00e9e G\u00e9n\u00e9rale.<\/span><\/li>\n<li class=\"li7\"><span class=\"s1\">Sont <b>membres bienfaiteurs<\/b>, d\u00e9sign\u00e9s par le Conseil d&rsquo;Administration<\/span> <span class=\"s1\">les personnes physiques ou morales qui soutiennent l&rsquo;association. Ils disposent d&rsquo;une voix consultative en Assembl\u00e9e G\u00e9n\u00e9rale.<\/span><\/li>\n<li class=\"li7\"><span class=\"s1\">Pour faire partie de l&rsquo;association, comme <b>membres actifs<\/b>, il faut adh\u00e9rer aux pr\u00e9sents statuts, \u00eatre agr\u00e9\u00e9 par le Conseil d&rsquo;Administration et s&rsquo;acquitter de la cotisation dont le montant est fix\u00e9e par l&rsquo;Assembl\u00e9e G\u00e9n\u00e9rale.<\/span><\/li>\n<\/ul>\n<p class=\"p7\"><span class=\"s1\">Les mineurs peuvent adh\u00e9rer \u00e0 l&rsquo;association sous r\u00e9serve dune autorisation \u00e9crite de leurs parents ou tuteurs l\u00e9gaux. Ils sont alors membres \u00e0 part enti\u00e8re de l&rsquo;association.<\/span><\/p>\n<p class=\"p7\"><span class=\"s1\">Le Conseil d&rsquo;Administration pourra refuser des adh\u00e9sions si les candidats n&rsquo;adh\u00e8rent pas \u00e0 ses buts et objectifs, tels que d\u00e9finis \u00e0 l&rsquo;article 2.<\/span><\/p>\n<p class=\"p7\"><span class=\"s1\">L&rsquo;association s&rsquo;interdit toute discrimination, veille au respect de ce principe et garantit la libert\u00e9 de conscience pour chacun de ses membres.<\/span><\/p>\n<p class=\"p7\"><span class=\"s1\"><b>Article 5 &#8211; Radiation<\/b><\/span><\/p>\n<p class=\"p7\"><span class=\"s1\">La qualit\u00e9 de membre de l&rsquo;association se perd :<\/span><\/p>\n<ul>\n<li class=\"li7\"><span class=\"s1\">par d\u00e9mission ;<\/span><\/li>\n<li class=\"li7\"><span class=\"s1\">par d\u00e9c\u00e8s ;<\/span><\/li>\n<li class=\"li7\"><span class=\"s1\">par radiation prononc\u00e9e par le Comit\u00e9 d&rsquo;Administration pour non paiement de la cotisation ou pour motif grave, l&rsquo;int\u00e9ress\u00e9 ayant \u00e9t\u00e9, dans ce dernier cas, pr\u00e9alablement invit\u00e9 par lettre recommand\u00e9e \u00e0 se pr\u00e9senter devant le Conseil d&rsquo;Administration pour fournir ses explications ;<\/span><\/li>\n<li class=\"li7\"><span class=\"s1\">par la fin ou la r\u00e9vocation du mandat confi\u00e9 par une collectivit\u00e9 locale.<\/span><\/li>\n<\/ul>\n<p class=\"p7\"><span class=\"s1\"><b>Article 6 &#8211; Ressources<\/b><\/span><\/p>\n<p class=\"p7\"><span class=\"s1\">Les ressources annuelles de l&rsquo;association comprennent :<\/span><\/p>\n<ul>\n<li class=\"li7\"><span class=\"s1\">le montant des cotisations d\u00e9cid\u00e9 chaque ann\u00e9e par l&rsquo;Assembl\u00e9e G\u00e9n\u00e9rale et vers\u00e9es par ses membres ;<\/span><\/li>\n<li class=\"li7\"><span class=\"s1\">le produit des f\u00eates et manifestations diverses qui peuvent \u00eatre organis\u00e9es par l&rsquo;association ;<\/span><\/li>\n<li class=\"li7\"><span class=\"s1\">les contributions des participants aux activit\u00e9s de l\u2019association (cycles d&rsquo;initiations linguistiques ou autres actions de formation) ;<\/span><\/li>\n<li class=\"li7\"><span class=\"s1\">les recettes provenant de toutes activit\u00e9s payantes organis\u00e9es par l&rsquo;association ainsi que des recettes de m\u00e9c\u00e9nat ou de sponsoring ;<\/span><\/li>\n<li class=\"li7\"><span class=\"s1\">les subventions qui peuvent lui \u00eatre allou\u00e9es par l&rsquo;Etat, le d\u00e9partement, la commune, un organisme europ\u00e9en, un organisme public ou une association ;<\/span><\/li>\n<li class=\"li7\"><span class=\"s1\">les dons faits au Conseil d&rsquo;Administration ;<\/span><\/li>\n<li class=\"li7\"><span class=\"s1\">les revenus, des biens et valeurs appartenant \u00e0 l&rsquo;association ;<\/span><\/li>\n<li class=\"li7\"><span class=\"s1\">et d&rsquo;une mani\u00e8re g\u00e9n\u00e9rale par tout produit non contraire \u00e0 la Loi.<\/span><\/li>\n<\/ul>\n<p class=\"p7\"><span class=\"s1\"><b>Article 7 &#8211; Conseil d&rsquo;Administration<\/b><\/span><\/p>\n<p class=\"p7\"><span class=\"s1\">L&rsquo;association est administr\u00e9e par un Conseil d&rsquo;Administration compos\u00e9 de 9 membres au minimum et de 12 membres au maximum.<\/span><\/p>\n<p class=\"p7\"><span class=\"s1\">Les repr\u00e9sentants des membres adh\u00e9rents sont \u00e9lus par l&rsquo;Assembl\u00e9e G\u00e9n\u00e9rale Ordinaire au scrutin secret, ou \u00e0 main lev\u00e9e si l&rsquo;assembl\u00e9e en est d&rsquo;accord, pour une dur\u00e9e de 3 ans. Les candidats sont issus des membres actifs, \u00e0 jour de cotisation, depuis au moins 6 mois. Ils devront faire acte de candidature au moins une semaine avant l&rsquo;Assembl\u00e9e G\u00e9n\u00e9rale, par courrier au Pr\u00e9sident.Ils sont renouvel\u00e9s par tiers tous les ans. Les membres sortants sont r\u00e9\u00e9ligibles. <\/span><\/p>\n<p class=\"p7\"><span class=\"s1\">En cas de vacances, le Conseil d&rsquo;Administration peut pourvoir provisoirement au remplacement de ses membres d\u00e9missionnaires, d\u00e9c\u00e9d\u00e9s ou radi\u00e9s. Il est proc\u00e9d\u00e9 \u00e0 leur remplacement d\u00e9finitif par la prochaine Assembl\u00e9e G\u00e9n\u00e9rale. Les pouvoirs des membres ainsi \u00e9lus prennent fin \u00e0 l&rsquo;\u00e9poque o\u00f9 devait normalement expirer le mandat des membres remplac\u00e9s.<\/span><\/p>\n<p class=\"p7\"><span class=\"s1\">Toutes les fonctions de membre du Conseil d&rsquo;Administration sont b\u00e9n\u00e9voles.<\/span><\/p>\n<p class=\"p7\"><span class=\"s1\"><b>Article 8 &#8211; R\u00e9unions du Conseil d&rsquo;Administration<\/b><\/span><\/p>\n<p class=\"p7\"><span class=\"s1\">Le Conseil d&rsquo;Administration se r\u00e9unit au moins une fois par trimestre, pour d\u00e9lib\u00e9rer de toutes les affaires concernant l&rsquo;association. Aucune condition de quorum n&rsquo;est requise. Les d\u00e9cisions sont prises \u00e0 la majorit\u00e9 des voix ; en cas de partage, celle du Pr\u00e9sident est pr\u00e9pond\u00e9rante. Les membres du Conseil d&rsquo;Administration peuvent disposer &#8211; au maximum &#8211; d&rsquo;un pouvoir de membres du Conseil d&rsquo;Administration emp\u00each\u00e9s ou absents. Sur demande d&rsquo;un administrateur, le vote se d\u00e9roule \u00e0 bulletins secrets. Tout membre du conseil qui, sans excuse, n\u2019aura pas assist\u00e9 \u00e0 trois r\u00e9unions cons\u00e9cutives, pourra \u00eatre consid\u00e9r\u00e9 comme d\u00e9missionnaire. <\/span><\/p>\n<p class=\"p7\"><span class=\"s1\">Le Conseil d&rsquo;Administration peut inviter \u00e0 ses r\u00e9unions tout personne utile \u00e0 son information sur l&rsquo;ordre du jour.<\/span><\/p>\n<p class=\"p7\"><span class=\"s1\"><b>Article 9 &#8211; Bureau<\/b><\/span><\/p>\n<p class=\"p7\"><span class=\"s1\">Au cours de la r\u00e9union qui suivra l&rsquo;Assembl\u00e9e G\u00e9n\u00e9rale Ordinaire, le Conseil d&rsquo;Administration proc\u00e9dera \u00e0 l&rsquo;\u00e9lection du <b>Bureau<\/b> constitu\u00e9 de six membres au maximum. <\/span><\/p>\n<p class=\"p7\"><span class=\"s1\">Les membres \u00e9lus le sont au scrutin secret ou \u00e0 main lev\u00e9e si l&rsquo;assembl\u00e9e en est d&rsquo;accord, pour la p\u00e9riode qui va d&rsquo;une Assembl\u00e9e G\u00e9n\u00e9rale Ordinaire \u00e0 une autre Assembl\u00e9e G\u00e9n\u00e9rale Ordinaire. Les membres sortants sont r\u00e9\u00e9ligibles.<\/span><\/p>\n<p class=\"p7\"><span class=\"s1\">Le bureau r\u00e9partit, lors de sa premi\u00e8re r\u00e9union apr\u00e8s sa d\u00e9signation par le Conseil d&rsquo;Administration, les t\u00e2ches en son sein. En tout \u00e9tat de cause, il doit \u00eatre compos\u00e9 d&rsquo;au moins :<\/span><\/p>\n<ul>\n<li class=\"li7\"><span class=\"s1\">un(e) <b>Pr\u00e9sident<\/b>(e) , <\/span><\/li>\n<li class=\"li7\"><span class=\"s1\">un(e) <b>Secr\u00e9taire <\/b>,<\/span><\/li>\n<li class=\"li7\"><span class=\"s1\">un(e) <b>tr\u00e9sorier<\/b>(\u00e8re) <\/span><\/li>\n<\/ul>\n<p class=\"p7\"><span class=\"s1\">Il est possible de cumuler deux fonctions si cela est n\u00e9cessaire.<\/span><\/p>\n<p class=\"p7\"><span class=\"s1\">Les trois autres membres possibles peuvent avoir les fonctions de Vice-pr\u00e9sident(e) et de secr\u00e9taire adjoint(e) ou de tr\u00e9sorier (\u00e8re) adjoint(e). Les membres de droit ne peuvent \u00eatre \u00e9ligibles au Bureau.<\/span><\/p>\n<p class=\"p7\"><span class=\"s1\">Le bureau se r\u00e9unit chaque fois que cela est n\u00e9cessaire sur la convocation du secr\u00e9taire,soit sur l&rsquo;initiative de celui-ci, soit \u00e0 la demande du Pr\u00e9sident, soit \u00e0 la demande du tiers de ses membres.<\/span><\/p>\n<p class=\"p7\"><span class=\"s1\">Le bureau statue sur toutes les questions int\u00e9ressant le bon fonctionnement de l&rsquo;association. Il repr\u00e9sente l&rsquo;association, il fixe notamment les droits d&rsquo;inscription ou de participation aux activit\u00e9s et manifestations de l&rsquo;association. Le montant de ces droits s&rsquo;impose \u00e0 tout participant.<\/span><\/p>\n<p class=\"p7\"><span class=\"s1\">Il peut d\u00e9cider de toute action ou repr\u00e9sentation en justice utile aux int\u00e9r\u00eats de l&rsquo;association. <\/span><\/p>\n<p class=\"p7\"><span class=\"s1\">Il convoque autant que de besoin le Conseil d&rsquo;Administration.<\/span><\/p>\n<p class=\"p7\"><span class=\"s1\">Toutefois, ses d\u00e9cisions doivent \u00eatre soumises \u00e0 l&rsquo;approbation du Conseil d&rsquo;Administration lors de sa prochaine s\u00e9ance. Il rend compte de l&rsquo;ex\u00e9cution des conventions sign\u00e9es par l&rsquo;association et plus g\u00e9n\u00e9ralement de son activit\u00e9 \u00e0 chaque Conseil d&rsquo;Administration.<\/span><\/p>\n<p class=\"p7\"><span class=\"s1\">Le mandat de chaque membre du Bureau prend fin lorsque cesse son mandat au Conseil d&rsquo;Administration.<\/span><\/p>\n<p class=\"p7\"><span class=\"s1\">Le Bureau peut inviter \u00e0 ses r\u00e9unions tout personne utile \u00e0 son information sur l&rsquo;ordre du jour.<\/span><\/p>\n<p class=\"p7\"><span class=\"s1\">Toutes les fonctions de membres du Bureau sont b\u00e9n\u00e9voles.<\/span><\/p>\n<p class=\"p7\"><span class=\"s1\"><b>Article 10 &#8211; Commissions<\/b><\/span><\/p>\n<p class=\"p7\"><span class=\"s1\">Pour \u00e9tudier les diff\u00e9rentes questions relatives au jumelage, le comit\u00e9 pourra constituer des commissions sp\u00e9cialis\u00e9es, plac\u00e9es sous la direction d&rsquo;un(e) secr\u00e9taire qui sera l&rsquo;interm\u00e9diaire entre la commission et le bureau. Elles pourront comprendre des techniciens.<\/span><\/p>\n<p class=\"p7\"><span class=\"s1\"><b>Article 11 &#8211; Assembl\u00e9e G\u00e9n\u00e9rale Ordinaire<\/b><\/span><\/p>\n<p class=\"p7\"><span class=\"s1\">L&rsquo;Assembl\u00e9e G\u00e9n\u00e9rale Ordinaire se compose de tous les membres actifs ou bienfaiteurs de l&rsquo;association \u00e0 jour de cotisation, les membres d&rsquo;honneur et les membres de droit. <\/span><\/p>\n<p class=\"p7\"><span class=\"s1\">Elle se r\u00e9unit <b>une fois par an minimum<\/b>, et chaque fois qu&rsquo;elle est convoqu\u00e9e par le Conseil d&rsquo;Administration ou sur la demande de la moiti\u00e9 des membres actifs.<\/span><\/p>\n<p class=\"p7\"><span class=\"s1\">Une convocation est adress\u00e9e au moins quinze jours \u00e0 l&rsquo;avance par les soins du (de la) secr\u00e9taire. L&rsquo;ordre du jour est indiqu\u00e9 sur la convocation.<\/span><\/p>\n<p class=\"p7\"><span class=\"s1\">L&rsquo;Assembl\u00e9e G\u00e9n\u00e9rale \u00e9lit les membres du Conseil d&rsquo;Administration, ainsi que pr\u00e9cis\u00e9 dans l&rsquo;article 7 des pr\u00e9sents statuts, d\u00e9signe les membres d&rsquo;honneur, statue sur le rapport moral et sur les comptes de l&rsquo;exercice clos, fixe le taux des cotisations, statue, s&rsquo;il y a lieu, sur les modifications du R\u00e8glement Int\u00e9rieur et d&rsquo;une fa\u00e7on g\u00e9n\u00e9rale, d\u00e9lib\u00e8re sur l&rsquo;ordre du jour pr\u00e9sent\u00e9 par le Conseil d&rsquo;Administration.<\/span><\/p>\n<p class=\"p7\"><span class=\"s1\">Ne pourront faire l&rsquo;objet d&rsquo;un vote, lors de l&rsquo;Assembl\u00e9e G\u00e9n\u00e9rale, que les questions soumises \u00e0 l&rsquo;ordre du jour. Pour d\u00e9lib\u00e9rer valablement, la pr\u00e9sence ou la repr\u00e9sentation du quart des membres ayant voix d\u00e9lib\u00e9rative est exig\u00e9e. Les d\u00e9cisions sont prises \u00e0 la majorit\u00e9 simple des membres pr\u00e9sents ou repr\u00e9sent\u00e9s. Si le quorum n\u2019est pas r\u00e9uni, une seconde assembl\u00e9e se tiendra dans le mois suivant et pourra d\u00e9lib\u00e9rer valablement quel que soit le nombre de membres pr\u00e9sents ou repr\u00e9sent\u00e9s. <\/span><\/p>\n<p class=\"p7\"><span class=\"s1\">Chaque membre ne peut disposer &#8211; au maximum &#8211; que de deux pouvoirs d\u00e9pos\u00e9s sur le bureau de l&rsquo;Assembl\u00e9e G\u00e9n\u00e9rale avant l&rsquo;ouverture de celle-ci.<\/span><\/p>\n<p class=\"p7\"><span class=\"s1\">En cas de partage, la voix du Pr\u00e9sident est pr\u00e9pond\u00e9rante.<\/span><\/p>\n<p class=\"p7\"><span class=\"s1\"><b>Article 12 &#8211; Assembl\u00e9e G\u00e9n\u00e9rale Extraordinaire<\/b><\/span><\/p>\n<p class=\"p7\"><span class=\"s1\">Sur proposition du Bureau ou \u00e0 la demande du \u2153 des membres du Conseil d&rsquo;Administration, le Pr\u00e9sident peut convoquer une Assembl\u00e9e G\u00e9n\u00e9rale Extraordinaire pour discuter de la seule question ayant provoqu\u00e9 la r\u00e9union. Les r\u00e8gles de quorum sont les m\u00eames que celles pr\u00e9sidant aux Assembl\u00e9es G\u00e9n\u00e9rales Ordinaires.<\/span><\/p>\n<p class=\"p7\"><span class=\"s1\">Seule une Assembl\u00e9e G\u00e9n\u00e9rale Extraordinaire peut modifier les pr\u00e9sents statuts.<\/span><\/p>\n<p class=\"p7\"><span class=\"s1\"><b>Article 13 &#8211; R\u00e8glement int\u00e9rieur<\/b><\/span><\/p>\n<p class=\"p7\"><span class=\"s1\">Un r\u00e8glement int\u00e9rieur pourra \u00eatre \u00e9tabli par le Bureau pour pr\u00e9ciser en tant que de besoin les modalit\u00e9s d&rsquo;application des pr\u00e9sents statuts. Il sera soumis \u00e0 l&rsquo;adoption de l&rsquo;Assembl\u00e9e G\u00e9n\u00e9rale Ordinaire et s&rsquo;imposera \u00e0 tout participant aux activit\u00e9s de l&rsquo;association.<\/span><\/p>\n<p class=\"p7\"><span class=\"s1\"><b>Article 14 &#8211; Dissolution<\/b><\/span><\/p>\n<p class=\"p7\"><span class=\"s1\">La dissolution de l&rsquo;association ne pourra \u00eatre prononc\u00e9e que lors d&rsquo;une Assembl\u00e9e G\u00e9n\u00e9rale sp\u00e9cialement convoqu\u00e9e et \u00e0 la majorit\u00e9 de la moiti\u00e9 des adh\u00e9rents inscrits. Au cas o\u00f9 cette majorit\u00e9 ne serait pas acquise, une deuxi\u00e8me r\u00e9union aurait lieu quinze jours plus tard et sa d\u00e9cision serait valable quelle que soit la majorit\u00e9.<\/span><\/p>\n<p class=\"p7\"><span class=\"s1\">L&rsquo;actif net de l&rsquo;association sera d\u00e9volu \u00e0 un organisme d\u00e9sign\u00e9 par l&rsquo;Assembl\u00e9e G\u00e9n\u00e9rale Sp\u00e9ciale et en lien avec l&rsquo;objet de l&rsquo;association.<\/span><\/p>\n<p class=\"p7\"><span class=\"s1\">La dissolution doit faire l&rsquo;objet d&rsquo;une d\u00e9claration \u00e0 la Pr\u00e9fecture du D\u00e9partement.<\/span><\/p>\n<p class=\"p7\"><span class=\"s1\"><b>Conclusion<\/b><\/span><\/p>\n<p class=\"p7\"><span class=\"s1\">Les pr\u00e9sents statuts ont \u00e9t\u00e9 \u00e9tablis et adopt\u00e9s en Assembl\u00e9e G\u00e9n\u00e9rale Extraordinaire le vendredi trois octobre deux mille quatorze et prendront effet pour l&rsquo;ann\u00e9e 2014 \/ 2015 (deux mille quatorze\/deux mille quinze).<\/span><\/p>\n","protected":false},"excerpt":{"rendered":"<p>Comit\u00e9 de Jumelage de \u00a0Saint-Pierre d&rsquo;Albigny et Stetten(Kernen) im Remstal STATUTS Adopt\u00e9s le 27 janvier 1978 Modifi\u00e9s le 11 mars 2000, le 11 octobre 2002 et le 3 octobre 2014 Article 1 &#8211; D\u00e9nomination Les personnes qui adh\u00e8rent aux pr\u00e9sents statuts forment une association r\u00e9gie par la loi du 1er juillet 1901 et le d\u00e9cret &hellip; <\/p>\n<p><a class=\"more-link btn\" href=\"https:\/\/www.kananas.com\/comitedejumelagedesaintpierredalbigny\/statuts\/\">Lire la suite<\/a><\/p>\n","protected":false},"author":1245,"featured_media":0,"parent":0,"menu_order":0,"comment_status":"open","ping_status":"open","template":"","meta":{"_crdt_document":"","footnotes":""},"class_list":["post-2751","page","type-page","status-publish","hentry","nodate","item-wrap"],"_links":{"self":[{"href":"https:\/\/www.kananas.com\/comitedejumelagedesaintpierredalbigny\/wp-json\/wp\/v2\/pages\/2751","targetHints":{"allow":["GET"]}}],"collection":[{"href":"https:\/\/www.kananas.com\/comitedejumelagedesaintpierredalbigny\/wp-json\/wp\/v2\/pages"}],"about":[{"href":"https:\/\/www.kananas.com\/comitedejumelagedesaintpierredalbigny\/wp-json\/wp\/v2\/types\/page"}],"author":[{"embeddable":true,"href":"https:\/\/www.kananas.com\/comitedejumelagedesaintpierredalbigny\/wp-json\/wp\/v2\/users\/1245"}],"replies":[{"embeddable":true,"href":"https:\/\/www.kananas.com\/comitedejumelagedesaintpierredalbigny\/wp-json\/wp\/v2\/comments?post=2751"}],"version-history":[{"count":0,"href":"https:\/\/www.kananas.com\/comitedejumelagedesaintpierredalbigny\/wp-json\/wp\/v2\/pages\/2751\/revisions"}],"wp:attachment":[{"href":"https:\/\/www.kananas.com\/comitedejumelagedesaintpierredalbigny\/wp-json\/wp\/v2\/media?parent=2751"}],"curies":[{"name":"wp","href":"https:\/\/api.w.org\/{rel}","templated":true}]}}