{"id":4,"date":"2018-10-29T14:16:40","date_gmt":"2018-10-29T13:16:40","guid":{"rendered":"http:\/\/www.kananas.com\/comitAdejumelagedesaintpierredalbigny4559\/espace-perso\/"},"modified":"2018-12-05T15:48:05","modified_gmt":"2018-12-05T14:48:05","slug":"espace-perso","status":"publish","type":"page","link":"https:\/\/www.kananas.com\/comitedejumelagedesaintpierredalbigny\/espace-perso\/","title":{"rendered":"Espace adh\u00e9rent"},"content":{"rendered":"<p><em>R\u00e9serv\u00e9 aux adh\u00e9rents, n\u00e9cessite un code d&rsquo;acc\u00e8s<\/em><\/p>\n\n<!-- iframe plugin v.6.0 wordpress.org\/plugins\/iframe\/ -->\n<iframe loading=\"lazy\" src=\"https:\/\/backoffice.kananas.com\/action_manager.php?event=member_connect&#038;front=1\" frameborder=\"0\" width=\"100%\" height=\"800\" scrolling=\"auto\" class=\"iframe-class\"><\/iframe>\n\n","protected":false},"excerpt":{"rendered":"<p>R\u00e9serv\u00e9 aux adh\u00e9rents, n\u00e9cessite un code d&rsquo;acc\u00e8s<\/p>\n","protected":false},"author":1245,"featured_media":0,"parent":0,"menu_order":0,"comment_status":"closed","ping_status":"closed","template":"template-onecolumn.php","meta":{"_crdt_document":"","footnotes":""},"class_list":["post-4","page","type-page","status-publish","hentry","nodate","item-wrap"],"_links":{"self":[{"href":"https:\/\/www.kananas.com\/comitedejumelagedesaintpierredalbigny\/wp-json\/wp\/v2\/pages\/4","targetHints":{"allow":["GET"]}}],"collection":[{"href":"https:\/\/www.kananas.com\/comitedejumelagedesaintpierredalbigny\/wp-json\/wp\/v2\/pages"}],"about":[{"href":"https:\/\/www.kananas.com\/comitedejumelagedesaintpierredalbigny\/wp-json\/wp\/v2\/types\/page"}],"author":[{"embeddable":true,"href":"https:\/\/www.kananas.com\/comitedejumelagedesaintpierredalbigny\/wp-json\/wp\/v2\/users\/1245"}],"replies":[{"embeddable":true,"href":"https:\/\/www.kananas.com\/comitedejumelagedesaintpierredalbigny\/wp-json\/wp\/v2\/comments?post=4"}],"version-history":[{"count":2,"href":"https:\/\/www.kananas.com\/comitedejumelagedesaintpierredalbigny\/wp-json\/wp\/v2\/pages\/4\/revisions"}],"predecessor-version":[{"id":3229,"href":"https:\/\/www.kananas.com\/comitedejumelagedesaintpierredalbigny\/wp-json\/wp\/v2\/pages\/4\/revisions\/3229"}],"wp:attachment":[{"href":"https:\/\/www.kananas.com\/comitedejumelagedesaintpierredalbigny\/wp-json\/wp\/v2\/media?parent=4"}],"curies":[{"name":"wp","href":"https:\/\/api.w.org\/{rel}","templated":true}]}}