{"id":226,"date":"2017-02-04T22:30:23","date_gmt":"2017-02-04T21:30:23","guid":{"rendered":"http:\/\/www.kananas.com\/compostelle\/?page_id=226"},"modified":"2020-04-29T20:00:37","modified_gmt":"2020-04-29T18:00:37","slug":"itineraires","status":"publish","type":"page","link":"https:\/\/www.kananas.com\/compostelle\/itineraires\/","title":{"rendered":"Itin\u00e9raires"},"content":{"rendered":"<p><a href=\"https:\/\/www.compostelle28.org\/\"><img decoding=\"async\" class=\"alignleft\" style=\"border: 0px\" src=\"http:\/\/images.supportduweb.com\/buttons.php?frm=1&amp;btn_type=59&amp;txt=Retour Accueil\" alt=\"Accueil\" \/><\/a><br \/>\n<a href=\"http:\/\/www.kananas.com\/compostelle\/itineraires-eureliens\/\"><img decoding=\"async\" class=\"alignright\" style=\"border: 0px\" src=\"http:\/\/images.supportduweb.com\/buttons.php?frm=1&amp;btn_type=59&amp;txt=Itin\u00e9raires Eur\u00e9liens\" alt=\"Itin\u00e9raires Eur\u00e9liens\" \/><\/a><br \/>\n<a href=\"http:\/\/www.kananas.com\/compostelle\/balisage\/\"><img decoding=\"async\" class=\"alignright\" style=\"border: 0px\" src=\"http:\/\/images.supportduweb.com\/buttons.php?frm=1&amp;btn_type=59&amp;txt=Balisage\" alt=\"Balisage\" \/><\/a><br \/>\n<a href=\"http:\/\/www.kananas.com\/compostelle\/hebergements\/\"><img decoding=\"async\" class=\"alignright\" style=\"border: 0px\" src=\"http:\/\/images.supportduweb.com\/buttons.php?frm=1&amp;btn_type=59&amp;txt=H\u00e9bergements\" alt=\"H\u00e9bergements\" \/><\/a><br \/>\n<a href=\"http:\/\/www.kananas.com\/compostelle\/infos pratiques\/\"><img decoding=\"async\" class=\"alignright\" style=\"border: 0px\" src=\"http:\/\/images.supportduweb.com\/buttons.php?frm=1&amp;btn_type=59&amp;txt=Infos Pratiques\" alt=\"Infos Pratiques\" \/><\/a><\/p>\n<p>&nbsp;<br \/>\n<a href=\"http:\/\/www.kananas.com\/compostelle\/wp-content\/uploads\/sites\/37\/2020\/04\/CCVL-complet-2.pdf\"><\/p>\n<p style=\"text-align: right\"><img loading=\"lazy\" decoding=\"async\" class=\"wp-image-1151 alignright\" src=\"http:\/\/www.kananas.com\/compostelle\/wp-content\/uploads\/sites\/37\/2020\/04\/CCVL-Copie-\u00e9cran.jpg\" alt=\"\" width=\"239\" height=\"366\" srcset=\"https:\/\/www.kananas.com\/compostelle\/wp-content\/uploads\/sites\/37\/2020\/04\/CCVL-Copie-\u00e9cran.jpg 561w, https:\/\/www.kananas.com\/compostelle\/wp-content\/uploads\/sites\/37\/2020\/04\/CCVL-Copie-\u00e9cran-196x300.jpg 196w\" sizes=\"auto, (max-width: 239px) 100vw, 239px\" \/><\/p>\n<p>&nbsp;<\/p>\n<p>&nbsp;<\/p>\n<p style=\"text-align: center\"><span style=\"text-align: center\"><span style=\"text-decoration: underline\"><span style=\"font-size: 10pt\"><a href=\"http:\/\/www.compostelle28.org\/uploaded\/carte-europe.jpg\" target=\"_blank\" rel=\"noopener noreferrer\"><strong>CARTE GENERALE DES CHEMINS EUROPEENS<\/strong><\/a><\/span><\/span><br \/>\n<span style=\"text-decoration: underline\"> <span style=\"font-size: 10pt\"> <a href=\"http:\/\/www.compostelle28.org\/uploaded\/carte-chemin-france-modifia-e.jpg\" target=\"_blank\" rel=\"noopener noreferrer\"><strong>CARTE DETAILLEE DES CHEMINS FRANCAIS<\/strong><\/a><\/span><\/span><br \/>\n<span style=\"text-decoration: underline\"><span style=\"font-size: 10pt\"> <a href=\"http:\/\/www.compostelle28.org\/uploaded\/carte-france-espagne.jpg\" target=\"_blank\" rel=\"noopener noreferrer\"><strong>CARTE DES CHEMINS FRANCO-ESPAGNOLS<\/strong><\/a><\/span> <\/span><\/span><\/p>\n<p>&nbsp;<\/p>\n<h3><\/h3>\n<h3><\/h3>\n<h3 style=\"text-align: center\">CHEMINER depuis ou \u00e0 travers L&rsquo;EURE-ET-LOIR<br \/>\n(<span style=\"font-size: 12pt\">Association<\/span>: 06 52 43 66 62)<\/h3>\n<p><span style=\"font-size: 10pt;font-family: georgia,palatino,serif\">Chartres et l&rsquo;Eure-et-Loir ont \u00e9t\u00e9 de tous temps \u00e0 la crois\u00e9e des chemins de p\u00e8lerinage (Notre-Dame, Saint Martin, Saint Michel, Saint Jacques).<\/span><\/p>\n<p><span style=\"font-size: 10pt;font-family: georgia,palatino,serif\">Convergeant vers Chartres pour rejoindre ensuite Tours via Chateaudun et Vend\u00f4me, maillons de la voie de Tours (via turonensis) \u00e9voqu\u00e9e d\u00e8s le XII\u00e8me si\u00e8cle par Aymeri de Picaud, mentionn\u00e9s au XV\u00e8me si\u00e8cle dans les itin\u00e9raires de Bruges \u00ab De Brugis usque Sanctum Jacobum per Naverram primo Parisius usque Tours directe-aliter per\u00a0<strong>Carnotum<\/strong>\u00a0\u00bb, les itin\u00e9raires eur\u00e9liens, ainsi que le confirme la carte ci-dessus, constituent l&rsquo;armature de plusieurs voies europ\u00e9ennes :<\/span><\/p>\n<ul>\n<li style=\"list-style-type: none\">\n<ul>\n<li style=\"list-style-type: none\">\n<ul>\n<li style=\"list-style-type: none\">\n<ul>\n<li style=\"list-style-type: none\">\n<ul>\n<li style=\"list-style-type: none\">\n<ul>\n<li style=\"list-style-type: none\">\n<ul>\n<li style=\"list-style-type: none\">\n<ul>\n<li style=\"list-style-type: none\">\n<ul>\n<li style=\"list-style-type: none\">\n<ul>\n<li><span style=\"font-size: 10pt;font-family: georgia,palatino,serif\">en provenance du Royaume-Uni via Rouen Evreux et Dreux.<\/span><\/li>\n<li><span style=\"font-size: 10pt;font-family: georgia,palatino,serif\">en provenance des Pays-Bas via la Belgique.<\/span><\/li>\n<li><span style=\"font-size: 10pt;font-family: georgia,palatino,serif\">en provenance du Danemark via l&rsquo;Allemagne et Paris.<\/span><\/li>\n<\/ul>\n<\/li>\n<\/ul>\n<\/li>\n<\/ul>\n<\/li>\n<\/ul>\n<\/li>\n<\/ul>\n<\/li>\n<\/ul>\n<\/li>\n<\/ul>\n<\/li>\n<\/ul>\n<\/li>\n<\/ul>\n<\/li>\n<\/ul>\n<p><span style=\"font-size: 10pt;font-family: georgia,palatino,serif\"><strong>Au p\u00e8lerin qui souhaite partir de Chartres<\/strong> nous indiquons o\u00f9\u00a0 <a href=\"http:\/\/www.kananas.com\/compostelle\/wp-content\/uploads\/sites\/37\/2020\/01\/accueil-2017-nd-chartres.pdf\"><span style=\"text-decoration: underline\"><strong>\u00eatre accueilli<\/strong><\/span><\/a>, comment obtenir son\u00a0<span style=\"text-decoration: underline\"><strong><a href=\"http:\/\/www.kananas.com\/compostelle\/credentiale-2\/\">carnet de p\u00e8lerin<\/a><\/strong><\/span>\u00a0appel\u00e9 aussi \u00ab credencial del peregrino \u00bb.<\/span><\/p>\n<p><span style=\"font-size: 10pt;font-family: georgia,palatino,serif\"><strong>Au p\u00e8lerin<\/strong>\u00a0\u00e0 pied, \u00e0 v\u00e9lo ou accompagn\u00e9 de son \u00e2ne,\u00a0<strong>qui traverse notre d\u00e9partement<\/strong>\u00a0nous proposons des\u00a0<span style=\"text-decoration: underline\"><strong><a href=\"http:\/\/www.kananas.com\/compostelle\/itineraires-eureliens\/\">itin\u00e9raires eur\u00e9liens<\/a><\/strong><\/span>\u00a0reconnus, directs et agr\u00e9ables.<\/span><\/p>\n<p style=\"text-align: center\"><span style=\"font-size: 10pt;font-family: georgia,palatino,serif;color: #ff0000\"><strong>ATTENTION:<\/strong><\/span><\/p>\n<p><span style=\"font-size: 10pt;font-family: georgia,palatino,serif;color: #ff0000\"><strong>De Chartres \u00e0 Tours, il existe 2 itin\u00e9raires balis\u00e9s \u00ab\u00a0Chemins de Compostelle\u00a0\u00bb. Cheminant ensemble ils se distinguent ainsi:<\/strong><\/span><\/p>\n<ul>\n<li style=\"list-style-type: none\">\n<ul>\n<li style=\"list-style-type: none\">\n<ul>\n<li style=\"list-style-type: none\">\n<ul>\n<li style=\"list-style-type: none\">\n<ul>\n<li style=\"list-style-type: none\">\n<ul>\n<li style=\"list-style-type: none\">\n<ul>\n<li style=\"list-style-type: none\">\n<ul>\n<li style=\"list-style-type: none\">\n<ul>\n<li style=\"list-style-type: none\">\n<ol>\n<li><span style=\"font-size: 10pt;font-family: georgia,palatino,serif;color: #ff0000\"><strong>LE DIRECT: Celui des p\u00e8lerins et randonneurs pratiquant la marche au long court. C&rsquo;est la voie Turonensis, historique et traditionnelle, d\u00e9crite ici.<\/strong><\/span><\/li>\n<li><span style=\"font-size: 10pt;font-family: georgia,palatino,serif;color: #ff0000\"><strong>LE VAGABOND: C&rsquo;est le GR 655 ouest qui serpente par des sites touristiques (informations sur le\u00a0<\/strong><strong><a style=\"color: #ff0000\" href=\"http:\/\/www.123randonnee.fr\/\" target=\"_blank\" rel=\"noopener noreferrer\">site du Conseil D\u00e9partemental 28<\/a><\/strong><strong>.<\/strong><\/span><\/li>\n<\/ol>\n<\/li>\n<\/ul>\n<\/li>\n<\/ul>\n<\/li>\n<\/ul>\n<\/li>\n<\/ul>\n<\/li>\n<\/ul>\n<\/li>\n<\/ul>\n<\/li>\n<\/ul>\n<\/li>\n<\/ul>\n<\/li>\n<\/ul>\n<p><span style=\"font-family: georgia,palatino,serif;font-size: 10pt\"><strong>Au p\u00e8lerin qui ne sait o\u00f9 s&rsquo;adresser pour dormir<\/strong>\u00a0nous proposons, itin\u00e9raire par itin\u00e9raire, des possibilit\u00e9s d&rsquo;\u00a0<strong>h\u00e9bergement<\/strong>\u00a0public ou personnalis\u00e9 ainsi que les principaux points de restauration.<\/span><\/p>\n<p><span style=\"font-family: georgia,palatino,serif;font-size: 10pt\"><strong>Au p\u00e8lerin qui ne sait trop comment s&rsquo;y prendre<\/strong>\u00a0pour pr\u00e9parer son voyage, nous proposons des\u00a0<span style=\"text-decoration: underline\"><a href=\"http:\/\/www.kananas.com\/compostelle\/infos-pratiques\/\"><strong>conseils pratiques<\/strong><\/a><\/span>\u00a0pour partir.<\/span><\/p>\n<p><span style=\"font-size: 10pt;font-family: georgia,palatino,serif\"> S&rsquo;il souhaite tester ces conseils avant son d\u00e9part ou simplement s&rsquo;entra\u00eener un peu nous lui proposons une \u00ab mise en route \u00bb en notre compagnie sur un bout de chemin.<\/span><\/p>\n","protected":false},"excerpt":{"rendered":"<p>&nbsp; &nbsp; &nbsp; CARTE GENERALE DES CHEMINS EUROPEENS CARTE DETAILLEE DES CHEMINS FRANCAIS CARTE DES CHEMINS FRANCO-ESPAGNOLS &nbsp; CHEMINER depuis ou \u00e0 travers L&rsquo;EURE-ET-LOIR (Association: 06 52 43 66 62) Chartres et l&rsquo;Eure-et-Loir ont \u00e9t\u00e9 de tous temps \u00e0 la<\/p>\n","protected":false},"author":44,"featured_media":0,"parent":0,"menu_order":0,"comment_status":"closed","ping_status":"closed","template":"","meta":{"footnotes":""},"class_list":["post-226","page","type-page","status-publish","hentry"],"_links":{"self":[{"href":"https:\/\/www.kananas.com\/compostelle\/wp-json\/wp\/v2\/pages\/226","targetHints":{"allow":["GET"]}}],"collection":[{"href":"https:\/\/www.kananas.com\/compostelle\/wp-json\/wp\/v2\/pages"}],"about":[{"href":"https:\/\/www.kananas.com\/compostelle\/wp-json\/wp\/v2\/types\/page"}],"author":[{"embeddable":true,"href":"https:\/\/www.kananas.com\/compostelle\/wp-json\/wp\/v2\/users\/44"}],"replies":[{"embeddable":true,"href":"https:\/\/www.kananas.com\/compostelle\/wp-json\/wp\/v2\/comments?post=226"}],"version-history":[{"count":50,"href":"https:\/\/www.kananas.com\/compostelle\/wp-json\/wp\/v2\/pages\/226\/revisions"}],"predecessor-version":[{"id":1159,"href":"https:\/\/www.kananas.com\/compostelle\/wp-json\/wp\/v2\/pages\/226\/revisions\/1159"}],"wp:attachment":[{"href":"https:\/\/www.kananas.com\/compostelle\/wp-json\/wp\/v2\/media?parent=226"}],"curies":[{"name":"wp","href":"https:\/\/api.w.org\/{rel}","templated":true}]}}

Itinéraires

<p><a href="https://www.compostelle28.org/"><img decoding="async" class="alignleft" style="border: 0px" src="http://images.supportduweb.com/buttons.php?frm=1&amp;btn_type=59&amp;txt=Retour Accueil" alt="Accueil" /></a><br />
<a href="http://www.kananas.com/compostelle/itineraires-eureliens/"><img decoding="async" class="alignright" style="border: 0px" src="http://images.supportduweb.com/buttons.php?frm=1&amp;btn_type=59&amp;txt=Itinéraires Euréliens" alt="Itinéraires Euréliens" /></a><br />
<a href="http://www.kananas.com/compostelle/balisage/"><img decoding="async" class="alignright" style="border: 0px" src="http://images.supportduweb.com/buttons.php?frm=1&amp;btn_type=59&amp;txt=Balisage" alt="Balisage" /></a><br />
<a href="http://www.kananas.com/compostelle/hebergements/"><img decoding="async" class="alignright" style="border: 0px" src="http://images.supportduweb.com/buttons.php?frm=1&amp;btn_type=59&amp;txt=Hébergements" alt="Hébergements" /></a><br />
<a href="http://www.kananas.com/compostelle/infos pratiques/"><img decoding="async" class="alignright" style="border: 0px" src="http://images.supportduweb.com/buttons.php?frm=1&amp;btn_type=59&amp;txt=Infos Pratiques" alt="Infos Pratiques" /></a></p>
<p>&nbsp;<br />
<a href="http://www.kananas.com/compostelle/wp-content/uploads/sites/37/2020/04/CCVL-complet-2.pdf"></p>
<p style="text-align: right"><img loading="lazy" decoding="async" class="wp-image-1151 alignright" src="http://www.kananas.com/compostelle/wp-content/uploads/sites/37/2020/04/CCVL-Copie-écran.jpg" alt="" width="239" height="366" srcset="https://www.kananas.com/compostelle/wp-content/uploads/sites/37/2020/04/CCVL-Copie-écran.jpg 561w, https://www.kananas.com/compostelle/wp-content/uploads/sites/37/2020/04/CCVL-Copie-écran-196x300.jpg 196w" sizes="auto, (max-width: 239px) 100vw, 239px" /></p>
<p>&nbsp;</p>
<p>&nbsp;</p>
<p style="text-align: center"><span style="text-align: center"><span style="text-decoration: underline"><span style="font-size: 10pt"><a href="http://www.compostelle28.org/uploaded/carte-europe.jpg" target="_blank" rel="noopener noreferrer"><strong>CARTE GENERALE DES CHEMINS EUROPEENS</strong></a></span></span><br />
<span style="text-decoration: underline"> <span style="font-size: 10pt"> <a href="http://www.compostelle28.org/uploaded/carte-chemin-france-modifia-e.jpg" target="_blank" rel="noopener noreferrer"><strong>CARTE DETAILLEE DES CHEMINS FRANCAIS</strong></a></span></span><br />
<span style="text-decoration: underline"><span style="font-size: 10pt"> <a href="http://www.compostelle28.org/uploaded/carte-france-espagne.jpg" target="_blank" rel="noopener noreferrer"><strong>CARTE DES CHEMINS FRANCO-ESPAGNOLS</strong></a></span> </span></span></p>
<p>&nbsp;</p>
<h3></h3>
<h3></h3>
<h3 style="text-align: center">CHEMINER depuis ou à travers L&rsquo;EURE-ET-LOIR<br />
(<span style="font-size: 12pt">Association</span>: 06 52 43 66 62)</h3>
<p><span style="font-size: 10pt;font-family: georgia,palatino,serif">Chartres et l&rsquo;Eure-et-Loir ont été de tous temps à la croisée des chemins de pèlerinage (Notre-Dame, Saint Martin, Saint Michel, Saint Jacques).</span></p>
<p><span style="font-size: 10pt;font-family: georgia,palatino,serif">Convergeant vers Chartres pour rejoindre ensuite Tours via Chateaudun et Vendôme, maillons de la voie de Tours (via turonensis) évoquée dès le XIIème siècle par Aymeri de Picaud, mentionnés au XVème siècle dans les itinéraires de Bruges « De Brugis usque Sanctum Jacobum per Naverram primo Parisius usque Tours directe-aliter per <strong>Carnotum</strong> », les itinéraires euréliens, ainsi que le confirme la carte ci-dessus, constituent l&rsquo;armature de plusieurs voies européennes :</span></p>
<ul>
<li style="list-style-type: none">
<ul>
<li style="list-style-type: none">
<ul>
<li style="list-style-type: none">
<ul>
<li style="list-style-type: none">
<ul>
<li style="list-style-type: none">
<ul>
<li style="list-style-type: none">
<ul>
<li style="list-style-type: none">
<ul>
<li style="list-style-type: none">
<ul>
<li style="list-style-type: none">
<ul>
<li><span style="font-size: 10pt;font-family: georgia,palatino,serif">en provenance du Royaume-Uni via Rouen Evreux et Dreux.</span></li>
<li><span style="font-size: 10pt;font-family: georgia,palatino,serif">en provenance des Pays-Bas via la Belgique.</span></li>
<li><span style="font-size: 10pt;font-family: georgia,palatino,serif">en provenance du Danemark via l&rsquo;Allemagne et Paris.</span></li>
</ul>
</li>
</ul>
</li>
</ul>
</li>
</ul>
</li>
</ul>
</li>
</ul>
</li>
</ul>
</li>
</ul>
</li>
</ul>
</li>
</ul>
<p><span style="font-size: 10pt;font-family: georgia,palatino,serif"><strong>Au pèlerin qui souhaite partir de Chartres</strong> nous indiquons où  <a href="http://www.kananas.com/compostelle/wp-content/uploads/sites/37/2020/01/accueil-2017-nd-chartres.pdf"><span style="text-decoration: underline"><strong>être accueilli</strong></span></a>, comment obtenir son <span style="text-decoration: underline"><strong><a href="http://www.kananas.com/compostelle/credentiale-2/">carnet de pèlerin</a></strong></span> appelé aussi « credencial del peregrino ».</span></p>
<p><span style="font-size: 10pt;font-family: georgia,palatino,serif"><strong>Au pèlerin</strong> à pied, à vélo ou accompagné de son âne, <strong>qui traverse notre département</strong> nous proposons des <span style="text-decoration: underline"><strong><a href="http://www.kananas.com/compostelle/itineraires-eureliens/">itinéraires euréliens</a></strong></span> reconnus, directs et agréables.</span></p>
<p style="text-align: center"><span style="font-size: 10pt;font-family: georgia,palatino,serif;color: #ff0000"><strong>ATTENTION:</strong></span></p>
<p><span style="font-size: 10pt;font-family: georgia,palatino,serif;color: #ff0000"><strong>De Chartres à Tours, il existe 2 itinéraires balisés « Chemins de Compostelle ». Cheminant ensemble ils se distinguent ainsi:</strong></span></p>
<ul>
<li style="list-style-type: none">
<ul>
<li style="list-style-type: none">
<ul>
<li style="list-style-type: none">
<ul>
<li style="list-style-type: none">
<ul>
<li style="list-style-type: none">
<ul>
<li style="list-style-type: none">
<ul>
<li style="list-style-type: none">
<ul>
<li style="list-style-type: none">
<ul>
<li style="list-style-type: none">
<ol>
<li><span style="font-size: 10pt;font-family: georgia,palatino,serif;color: #ff0000"><strong>LE DIRECT: Celui des pèlerins et randonneurs pratiquant la marche au long court. C&rsquo;est la voie Turonensis, historique et traditionnelle, décrite ici.</strong></span></li>
<li><span style="font-size: 10pt;font-family: georgia,palatino,serif;color: #ff0000"><strong>LE VAGABOND: C&rsquo;est le GR 655 ouest qui serpente par des sites touristiques (informations sur le </strong><strong><a style="color: #ff0000" href="http://www.123randonnee.fr/" target="_blank" rel="noopener noreferrer">site du Conseil Départemental 28</a></strong><strong>.</strong></span></li>
</ol>
</li>
</ul>
</li>
</ul>
</li>
</ul>
</li>
</ul>
</li>
</ul>
</li>
</ul>
</li>
</ul>
</li>
</ul>
</li>
</ul>
<p><span style="font-family: georgia,palatino,serif;font-size: 10pt"><strong>Au pèlerin qui ne sait où s&rsquo;adresser pour dormir</strong> nous proposons, itinéraire par itinéraire, des possibilités d&rsquo; <strong>hébergement</strong> public ou personnalisé ainsi que les principaux points de restauration.</span></p>
<p><span style="font-family: georgia,palatino,serif;font-size: 10pt"><strong>Au pèlerin qui ne sait trop comment s&rsquo;y prendre</strong> pour préparer son voyage, nous proposons des <span style="text-decoration: underline"><a href="http://www.kananas.com/compostelle/infos-pratiques/"><strong>conseils pratiques</strong></a></span> pour partir.</span></p>
<p><span style="font-size: 10pt;font-family: georgia,palatino,serif"> S&rsquo;il souhaite tester ces conseils avant son départ ou simplement s&rsquo;entraîner un peu nous lui proposons une « mise en route » en notre compagnie sur un bout de chemin.</span></p>

<p>&nbsp; &nbsp; &nbsp; CARTE GENERALE DES CHEMINS EUROPEENS CARTE DETAILLEE DES CHEMINS FRANCAIS CARTE DES CHEMINS FRANCO-ESPAGNOLS &nbsp; CHEMINER depuis ou à travers L&rsquo;EURE-ET-LOIR (Association: 06 52 43 66 62) Chartres et l&rsquo;Eure-et-Loir ont été de tous temps à la</p>
