{"id":30,"date":"2016-12-21T16:18:58","date_gmt":"2016-12-21T15:18:58","guid":{"rendered":"http:\/\/www.kananas.com\/compostelle\/?page_id=30"},"modified":"2020-01-15T17:31:10","modified_gmt":"2020-01-15T16:31:10","slug":"credentiale-2","status":"publish","type":"page","link":"https:\/\/www.kananas.com\/compostelle\/credentiale-2\/","title":{"rendered":"Cr\u00e9dential"},"content":{"rendered":"<p>&nbsp;<\/p>\n<p style=\"text-align: center\">LE CARNET DE PELERIN<\/p>\n<p style=\"text-align: center\">\u00ab Credencial del peregrino \u00bb<\/p>\n<p><img loading=\"lazy\" decoding=\"async\" class=\"aligncenter size-medium wp-image-899\" src=\"http:\/\/www.kananas.com\/compostelle\/wp-content\/uploads\/sites\/37\/2020\/01\/Cr\u00e9dential-177x300.jpg\" alt=\"\" width=\"177\" height=\"300\" srcset=\"https:\/\/www.kananas.com\/compostelle\/wp-content\/uploads\/sites\/37\/2020\/01\/Cr\u00e9dential-177x300.jpg 177w, https:\/\/www.kananas.com\/compostelle\/wp-content\/uploads\/sites\/37\/2020\/01\/Cr\u00e9dential-606x1024.jpg 606w, https:\/\/www.kananas.com\/compostelle\/wp-content\/uploads\/sites\/37\/2020\/01\/Cr\u00e9dential-768x1299.jpg 768w, https:\/\/www.kananas.com\/compostelle\/wp-content\/uploads\/sites\/37\/2020\/01\/Cr\u00e9dential-908x1536.jpg 908w, https:\/\/www.kananas.com\/compostelle\/wp-content\/uploads\/sites\/37\/2020\/01\/Cr\u00e9dential.jpg 1184w\" sizes=\"auto, (max-width: 177px) 100vw, 177px\" \/><\/p>\n<p><span style=\"font-family: georgia, palatino, serif\"><strong>Qu&rsquo;est-ce-que ce carnet de p\u00e8lerin ?<\/strong><\/span><\/p>\n<p><span style=\"font-family: georgia, palatino, serif\">Issu de la lettre de cr\u00e9ance que les autorit\u00e9s religieuses remettaient \u00e0 ceux qui partaient pour leur reconna\u00eetre la qualit\u00e9 de p\u00e8lerin, ce carnet constitue aujourd&rsquo;hui votre passeport sur le chemin.<\/span><br \/>\n<span style=\"font-family: georgia, palatino, serif\">Sa d\u00e9livrance implique un v\u00e9ritable contrat moral de respecter l&rsquo;esprit du chemin et notamment ses valeurs essentielles de tol\u00e9rance, de respect, de fraternit\u00e9 et de solidarit\u00e9.<\/span><br \/>\n<span style=\"font-family: georgia, palatino, serif\">Votre signature concr\u00e9tise cet engagement.<\/span><\/p>\n<p>&nbsp;<\/p>\n<p><strong>A quoi sert-il ?<\/strong><\/p>\n<p>Au del\u00e0 de la justification de votre qualit\u00e9 de p\u00e8lerin, tamponn\u00e9 \u00e0 chaque \u00e9tape, il attestera du chemin que vous avez parcouru et apportera les preuves n\u00e9cessaires pour obtenir votre Compostela, si vous remplissez les conditions requises.<\/p>\n<p>Il vous permet d&rsquo;acc\u00e9der \u00e0 la plupart des g\u00eetes sur le chemin (indispensable en Espagne) et vous permet aussi de b\u00e9n\u00e9ficier de certaines autres commodit\u00e9s (repas p\u00e8lerin,tarifs r\u00e9duits etc&#8230;)<\/p>\n<p>&nbsp;<\/p>\n<p><strong>Comment l&rsquo;obtenir ?<\/strong><\/p>\n<p>Prenez\u00a0<a href=\"http:\/\/sjc28.asso-web.com\/contact.php\">contact<\/a>\u00a0avec un membre de l&rsquo;\u00e9quipe d&rsquo;accueil de notre association.<\/p>\n<p>Le carnet vous sera remis \u00e0 l&rsquo;issue d&rsquo;un court entretien qui permettra de vous rappeler son utilit\u00e9, ce \u00e0 quoi il vous engage et de r\u00e9pondre \u00e0 vos questions.<\/p>\n<p>Sa d\u00e9livrance n&rsquo;est pas tarif\u00e9e mais donne lieu \u00e0 une contribution volontaire dont vous restez seul juge.<\/p>\n","protected":false},"excerpt":{"rendered":"<p>&nbsp; LE CARNET DE PELERIN \u00ab Credencial del peregrino \u00bb Qu&rsquo;est-ce-que ce carnet de p\u00e8lerin ? Issu de la lettre de cr\u00e9ance que les autorit\u00e9s religieuses remettaient \u00e0 ceux qui partaient pour leur reconna\u00eetre la qualit\u00e9 de p\u00e8lerin, ce carnet<\/p>\n","protected":false},"author":44,"featured_media":0,"parent":0,"menu_order":0,"comment_status":"closed","ping_status":"closed","template":"","meta":{"footnotes":""},"class_list":["post-30","page","type-page","status-publish","hentry"],"_links":{"self":[{"href":"https:\/\/www.kananas.com\/compostelle\/wp-json\/wp\/v2\/pages\/30","targetHints":{"allow":["GET"]}}],"collection":[{"href":"https:\/\/www.kananas.com\/compostelle\/wp-json\/wp\/v2\/pages"}],"about":[{"href":"https:\/\/www.kananas.com\/compostelle\/wp-json\/wp\/v2\/types\/page"}],"author":[{"embeddable":true,"href":"https:\/\/www.kananas.com\/compostelle\/wp-json\/wp\/v2\/users\/44"}],"replies":[{"embeddable":true,"href":"https:\/\/www.kananas.com\/compostelle\/wp-json\/wp\/v2\/comments?post=30"}],"version-history":[{"count":15,"href":"https:\/\/www.kananas.com\/compostelle\/wp-json\/wp\/v2\/pages\/30\/revisions"}],"predecessor-version":[{"id":901,"href":"https:\/\/www.kananas.com\/compostelle\/wp-json\/wp\/v2\/pages\/30\/revisions\/901"}],"wp:attachment":[{"href":"https:\/\/www.kananas.com\/compostelle\/wp-json\/wp\/v2\/media?parent=30"}],"curies":[{"name":"wp","href":"https:\/\/api.w.org\/{rel}","templated":true}]}}

Crédential

<p>&nbsp;</p>
<p style="text-align: center">LE CARNET DE PELERIN</p>
<p style="text-align: center">« Credencial del peregrino »</p>
<p><img loading="lazy" decoding="async" class="aligncenter size-medium wp-image-899" src="http://www.kananas.com/compostelle/wp-content/uploads/sites/37/2020/01/Crédential-177x300.jpg" alt="" width="177" height="300" srcset="https://www.kananas.com/compostelle/wp-content/uploads/sites/37/2020/01/Crédential-177x300.jpg 177w, https://www.kananas.com/compostelle/wp-content/uploads/sites/37/2020/01/Crédential-606x1024.jpg 606w, https://www.kananas.com/compostelle/wp-content/uploads/sites/37/2020/01/Crédential-768x1299.jpg 768w, https://www.kananas.com/compostelle/wp-content/uploads/sites/37/2020/01/Crédential-908x1536.jpg 908w, https://www.kananas.com/compostelle/wp-content/uploads/sites/37/2020/01/Crédential.jpg 1184w" sizes="auto, (max-width: 177px) 100vw, 177px" /></p>
<p><span style="font-family: georgia, palatino, serif"><strong>Qu&rsquo;est-ce-que ce carnet de pèlerin ?</strong></span></p>
<p><span style="font-family: georgia, palatino, serif">Issu de la lettre de créance que les autorités religieuses remettaient à ceux qui partaient pour leur reconnaître la qualité de pèlerin, ce carnet constitue aujourd&rsquo;hui votre passeport sur le chemin.</span><br />
<span style="font-family: georgia, palatino, serif">Sa délivrance implique un véritable contrat moral de respecter l&rsquo;esprit du chemin et notamment ses valeurs essentielles de tolérance, de respect, de fraternité et de solidarité.</span><br />
<span style="font-family: georgia, palatino, serif">Votre signature concrétise cet engagement.</span></p>
<p>&nbsp;</p>
<p><strong>A quoi sert-il ?</strong></p>
<p>Au delà de la justification de votre qualité de pèlerin, tamponné à chaque étape, il attestera du chemin que vous avez parcouru et apportera les preuves nécessaires pour obtenir votre Compostela, si vous remplissez les conditions requises.</p>
<p>Il vous permet d&rsquo;accéder à la plupart des gîtes sur le chemin (indispensable en Espagne) et vous permet aussi de bénéficier de certaines autres commodités (repas pèlerin,tarifs réduits etc&#8230;)</p>
<p>&nbsp;</p>
<p><strong>Comment l&rsquo;obtenir ?</strong></p>
<p>Prenez <a href="http://sjc28.asso-web.com/contact.php">contact</a> avec un membre de l&rsquo;équipe d&rsquo;accueil de notre association.</p>
<p>Le carnet vous sera remis à l&rsquo;issue d&rsquo;un court entretien qui permettra de vous rappeler son utilité, ce à quoi il vous engage et de répondre à vos questions.</p>
<p>Sa délivrance n&rsquo;est pas tarifée mais donne lieu à une contribution volontaire dont vous restez seul juge.</p>

<p>&nbsp; LE CARNET DE PELERIN « Credencial del peregrino » Qu&rsquo;est-ce-que ce carnet de pèlerin ? Issu de la lettre de créance que les autorités religieuses remettaient à ceux qui partaient pour leur reconnaître la qualité de pèlerin, ce carnet</p>
