{"id":2188,"date":"2023-02-26T11:47:21","date_gmt":"2023-02-26T10:47:21","guid":{"rendered":"https:\/\/www.kananas.com\/ecoledemusiquedupaysdecharlieubelmont\/?page_id=2188"},"modified":"2023-09-26T23:41:43","modified_gmt":"2023-09-26T21:41:43","slug":"accueil","status":"publish","type":"page","link":"https:\/\/www.kananas.com\/ecoledemusiquedupaysdecharlieubelmont\/","title":{"rendered":"Accueil"},"content":{"rendered":"<p style=\"text-align: center\"><span style=\"font-size: 14pt\">Bienvenue sur le site de l&rsquo;\u00e9cole de musique du pays de Charlieu-Belmont.<\/span><\/p>\n<p style=\"text-align: center\"><span style=\"font-size: 14pt\">Vous y trouverez les informations concernant les enseignements propos\u00e9s et l&rsquo;organisation de la scolarit\u00e9, mais aussi des articles illustr\u00e9s sur les moments musicaux r\u00e9alis\u00e9s au cours des ann\u00e9es pr\u00e9c\u00e9dentes, ainsi que les dates des \u00e9v\u00e9nements \u00e0 venir.<\/span><\/p>\n<p style=\"text-align: center\"><em><strong><span style=\"font-size: 18pt\">\u00a0<\/span><\/strong><\/em><\/p>\n<p>&nbsp;<\/p>\n<p><iframe loading=\"lazy\" title=\"Soutenir l&#039;e\u0301cole de musique du Pays de Charlieu Belmont\" width=\"600\" height=\"338\" src=\"https:\/\/www.youtube.com\/embed\/yFLXnk-6BhA?feature=oembed\" frameborder=\"0\" allow=\"accelerometer; autoplay; clipboard-write; encrypted-media; gyroscope; picture-in-picture; web-share\" referrerpolicy=\"strict-origin-when-cross-origin\" allowfullscreen><\/iframe><\/p>\n<p>&nbsp;<\/p>\n<p>&nbsp;<\/p>\n<p>&nbsp;<\/p>\n","protected":false},"excerpt":{"rendered":"<p>Bienvenue sur le site de l&rsquo;\u00e9cole de musique du pays de Charlieu-Belmont. Vous y trouverez les informations concernant les enseignements propos\u00e9s et l&rsquo;organisation de la scolarit\u00e9, mais aussi des articles illustr\u00e9s sur les moments musicaux r\u00e9alis\u00e9s au cours des ann\u00e9es pr\u00e9c\u00e9dentes, ainsi que les dates des \u00e9v\u00e9nements \u00e0 venir. \u00a0 &nbsp; &nbsp; &nbsp; &nbsp;<\/p>\n","protected":false},"author":906,"featured_media":0,"parent":0,"menu_order":0,"comment_status":"closed","ping_status":"closed","template":"","meta":{"_crdt_document":"","footnotes":""},"class_list":["post-2188","page","type-page","status-publish","hentry"],"_links":{"self":[{"href":"https:\/\/www.kananas.com\/ecoledemusiquedupaysdecharlieubelmont\/wp-json\/wp\/v2\/pages\/2188","targetHints":{"allow":["GET"]}}],"collection":[{"href":"https:\/\/www.kananas.com\/ecoledemusiquedupaysdecharlieubelmont\/wp-json\/wp\/v2\/pages"}],"about":[{"href":"https:\/\/www.kananas.com\/ecoledemusiquedupaysdecharlieubelmont\/wp-json\/wp\/v2\/types\/page"}],"author":[{"embeddable":true,"href":"https:\/\/www.kananas.com\/ecoledemusiquedupaysdecharlieubelmont\/wp-json\/wp\/v2\/users\/906"}],"replies":[{"embeddable":true,"href":"https:\/\/www.kananas.com\/ecoledemusiquedupaysdecharlieubelmont\/wp-json\/wp\/v2\/comments?post=2188"}],"version-history":[{"count":12,"href":"https:\/\/www.kananas.com\/ecoledemusiquedupaysdecharlieubelmont\/wp-json\/wp\/v2\/pages\/2188\/revisions"}],"predecessor-version":[{"id":2591,"href":"https:\/\/www.kananas.com\/ecoledemusiquedupaysdecharlieubelmont\/wp-json\/wp\/v2\/pages\/2188\/revisions\/2591"}],"wp:attachment":[{"href":"https:\/\/www.kananas.com\/ecoledemusiquedupaysdecharlieubelmont\/wp-json\/wp\/v2\/media?parent=2188"}],"curies":[{"name":"wp","href":"https:\/\/api.w.org\/{rel}","templated":true}]}}