{"id":2247,"date":"2023-02-26T14:12:10","date_gmt":"2023-02-26T13:12:10","guid":{"rendered":"https:\/\/www.kananas.com\/ecoledemusiquedupaysdecharlieubelmont\/?page_id=2247"},"modified":"2025-08-31T20:35:57","modified_gmt":"2025-08-31T18:35:57","slug":"agenda","status":"publish","type":"page","link":"https:\/\/www.kananas.com\/ecoledemusiquedupaysdecharlieubelmont\/agenda\/","title":{"rendered":"Agenda"},"content":{"rendered":"<h1><\/h1>\n<h1><\/h1>\n<h1><\/h1>\n<h1 style=\"text-align: center\">Retrouvez le <a href=\"https:\/\/www.kananas.com\/ecoledemusiquedupaysdecharlieubelmont\/saison-2025-2026\/\">PROGRAMME<\/a> de la saison 2025-2026<\/h1>\n<p>&nbsp;<\/p>\n<h5 style=\"text-align: center\"><a href=\"https:\/\/www.facebook.com\/ecolemusiquecharlieubelmont\" target=\"_blank\" rel=\"noopener noreferrer\">Retrouvez aussi notre actualit\u00e9 sur notre page Facebook et n&rsquo;h\u00e9sitez pas \u00e0 vous abonner<\/a><\/h5>\n","protected":false},"excerpt":{"rendered":"<p>Retrouvez le PROGRAMME de la saison 2025-2026 &nbsp; Retrouvez aussi notre actualit\u00e9 sur notre page Facebook et n&rsquo;h\u00e9sitez pas \u00e0 vous abonner<\/p>\n","protected":false},"author":906,"featured_media":0,"parent":0,"menu_order":0,"comment_status":"closed","ping_status":"closed","template":"","meta":{"_crdt_document":"","footnotes":""},"class_list":["post-2247","page","type-page","status-publish","hentry"],"_links":{"self":[{"href":"https:\/\/www.kananas.com\/ecoledemusiquedupaysdecharlieubelmont\/wp-json\/wp\/v2\/pages\/2247","targetHints":{"allow":["GET"]}}],"collection":[{"href":"https:\/\/www.kananas.com\/ecoledemusiquedupaysdecharlieubelmont\/wp-json\/wp\/v2\/pages"}],"about":[{"href":"https:\/\/www.kananas.com\/ecoledemusiquedupaysdecharlieubelmont\/wp-json\/wp\/v2\/types\/page"}],"author":[{"embeddable":true,"href":"https:\/\/www.kananas.com\/ecoledemusiquedupaysdecharlieubelmont\/wp-json\/wp\/v2\/users\/906"}],"replies":[{"embeddable":true,"href":"https:\/\/www.kananas.com\/ecoledemusiquedupaysdecharlieubelmont\/wp-json\/wp\/v2\/comments?post=2247"}],"version-history":[{"count":10,"href":"https:\/\/www.kananas.com\/ecoledemusiquedupaysdecharlieubelmont\/wp-json\/wp\/v2\/pages\/2247\/revisions"}],"predecessor-version":[{"id":3005,"href":"https:\/\/www.kananas.com\/ecoledemusiquedupaysdecharlieubelmont\/wp-json\/wp\/v2\/pages\/2247\/revisions\/3005"}],"wp:attachment":[{"href":"https:\/\/www.kananas.com\/ecoledemusiquedupaysdecharlieubelmont\/wp-json\/wp\/v2\/media?parent=2247"}],"curies":[{"name":"wp","href":"https:\/\/api.w.org\/{rel}","templated":true}]}}

<h1></h1>
<h1></h1>
<h1></h1>
<h1 style="text-align: center">Retrouvez le <a href="https://www.kananas.com/ecoledemusiquedupaysdecharlieubelmont/saison-2025-2026/">PROGRAMME</a> de la saison 2025-2026</h1>
<p>&nbsp;</p>
<h5 style="text-align: center"><a href="https://www.facebook.com/ecolemusiquecharlieubelmont" target="_blank" rel="noopener noreferrer">Retrouvez aussi notre actualité sur notre page Facebook et n&rsquo;hésitez pas à vous abonner</a></h5>

<p>Retrouvez le PROGRAMME de la saison 2025-2026 &nbsp; Retrouvez aussi notre actualité sur notre page Facebook et n&rsquo;hésitez pas à vous abonner</p>
