{"id":2260,"date":"2023-02-26T14:14:09","date_gmt":"2023-02-26T13:14:09","guid":{"rendered":"https:\/\/www.kananas.com\/ecoledemusiquedupaysdecharlieubelmont\/?page_id=2260"},"modified":"2023-02-26T14:20:49","modified_gmt":"2023-02-26T13:20:49","slug":"2020-2","status":"publish","type":"page","link":"https:\/\/www.kananas.com\/ecoledemusiquedupaysdecharlieubelmont\/2020-2\/","title":{"rendered":"2020"},"content":{"rendered":"<h1><strong>CIRCUITS COURTS ET AMAP EN MUSIQUE LE 9 OCTOBRE 2020 AVEC L&rsquo;ATELIER SWING DE L&rsquo;EMPCB<\/strong><\/h1>\n<p><a href=\"http:\/\/www.kananas.com\/ecoledemusiquedupaysdecharlieubelmont\/article-amap-jazz-2020\/\"><img loading=\"lazy\" decoding=\"async\" class=\"alignnone size-full wp-image-1506\" src=\"http:\/\/www.kananas.com\/ecoledemusiquedupaysdecharlieubelmont\/wp-content\/uploads\/sites\/877\/2020\/12\/article-amap-jazz-2020.jpg\" alt=\"\" width=\"458\" height=\"609\" srcset=\"https:\/\/www.kananas.com\/ecoledemusiquedupaysdecharlieubelmont\/wp-content\/uploads\/sites\/877\/2020\/12\/article-amap-jazz-2020.jpg 458w, https:\/\/www.kananas.com\/ecoledemusiquedupaysdecharlieubelmont\/wp-content\/uploads\/sites\/877\/2020\/12\/article-amap-jazz-2020-226x300.jpg 226w\" sizes=\"auto, (max-width: 458px) 100vw, 458px\" \/><\/a><a href=\"http:\/\/www.kananas.com\/ecoledemusiquedupaysdecharlieubelmont\/p1260816\/\"><img loading=\"lazy\" decoding=\"async\" class=\"alignnone size-full wp-image-1504\" src=\"http:\/\/www.kananas.com\/ecoledemusiquedupaysdecharlieubelmont\/wp-content\/uploads\/sites\/877\/2020\/12\/P1260816.jpg\" alt=\"\" width=\"2560\" height=\"1920\" srcset=\"https:\/\/www.kananas.com\/ecoledemusiquedupaysdecharlieubelmont\/wp-content\/uploads\/sites\/877\/2020\/12\/P1260816.jpg 2560w, https:\/\/www.kananas.com\/ecoledemusiquedupaysdecharlieubelmont\/wp-content\/uploads\/sites\/877\/2020\/12\/P1260816-300x225.jpg 300w, https:\/\/www.kananas.com\/ecoledemusiquedupaysdecharlieubelmont\/wp-content\/uploads\/sites\/877\/2020\/12\/P1260816-1024x768.jpg 1024w, https:\/\/www.kananas.com\/ecoledemusiquedupaysdecharlieubelmont\/wp-content\/uploads\/sites\/877\/2020\/12\/P1260816-768x576.jpg 768w, https:\/\/www.kananas.com\/ecoledemusiquedupaysdecharlieubelmont\/wp-content\/uploads\/sites\/877\/2020\/12\/P1260816-1536x1152.jpg 1536w, https:\/\/www.kananas.com\/ecoledemusiquedupaysdecharlieubelmont\/wp-content\/uploads\/sites\/877\/2020\/12\/P1260816-2048x1536.jpg 2048w, https:\/\/www.kananas.com\/ecoledemusiquedupaysdecharlieubelmont\/wp-content\/uploads\/sites\/877\/2020\/12\/P1260816-1240x930.jpg 1240w, https:\/\/www.kananas.com\/ecoledemusiquedupaysdecharlieubelmont\/wp-content\/uploads\/sites\/877\/2020\/12\/P1260816-508x381.jpg 508w\" sizes=\"auto, (max-width: 2560px) 100vw, 2560px\" \/><\/a><a href=\"http:\/\/www.kananas.com\/ecoledemusiquedupaysdecharlieubelmont\/20201009_193801-2\/\"><img loading=\"lazy\" decoding=\"async\" class=\"alignnone size-full wp-image-1503\" src=\"http:\/\/www.kananas.com\/ecoledemusiquedupaysdecharlieubelmont\/wp-content\/uploads\/sites\/877\/2020\/12\/20201009_193801-1-scaled.jpg\" alt=\"\" width=\"2560\" height=\"1440\" srcset=\"https:\/\/www.kananas.com\/ecoledemusiquedupaysdecharlieubelmont\/wp-content\/uploads\/sites\/877\/2020\/12\/20201009_193801-1-scaled.jpg 2560w, https:\/\/www.kananas.com\/ecoledemusiquedupaysdecharlieubelmont\/wp-content\/uploads\/sites\/877\/2020\/12\/20201009_193801-1-300x169.jpg 300w, https:\/\/www.kananas.com\/ecoledemusiquedupaysdecharlieubelmont\/wp-content\/uploads\/sites\/877\/2020\/12\/20201009_193801-1-1024x576.jpg 1024w, https:\/\/www.kananas.com\/ecoledemusiquedupaysdecharlieubelmont\/wp-content\/uploads\/sites\/877\/2020\/12\/20201009_193801-1-768x432.jpg 768w, https:\/\/www.kananas.com\/ecoledemusiquedupaysdecharlieubelmont\/wp-content\/uploads\/sites\/877\/2020\/12\/20201009_193801-1-1536x864.jpg 1536w, https:\/\/www.kananas.com\/ecoledemusiquedupaysdecharlieubelmont\/wp-content\/uploads\/sites\/877\/2020\/12\/20201009_193801-1-2048x1152.jpg 2048w, https:\/\/www.kananas.com\/ecoledemusiquedupaysdecharlieubelmont\/wp-content\/uploads\/sites\/877\/2020\/12\/20201009_193801-1-1240x698.jpg 1240w, https:\/\/www.kananas.com\/ecoledemusiquedupaysdecharlieubelmont\/wp-content\/uploads\/sites\/877\/2020\/12\/20201009_193801-1-508x286.jpg 508w\" sizes=\"auto, (max-width: 2560px) 100vw, 2560px\" \/><\/a><\/p>\n<h1>Vendredi 27 novembre 2020 au th\u00e9\u00e2tre St Philibert \u00e0 Charlieu<a href=\"http:\/\/www.kananas.com\/ecoledemusiquedupaysdecharlieubelmont\/2018\/04\/02\/actualites\/tchicha-copie\/\" rel=\"attachment wp-att-1452\"><img loading=\"lazy\" decoding=\"async\" class=\"alignnone size-full wp-image-1452\" src=\"http:\/\/www.kananas.com\/ecoledemusiquedupaysdecharlieubelmont\/wp-content\/uploads\/sites\/877\/2018\/04\/tchicha-copie-scaled.jpg\" alt=\"\" width=\"1810\" height=\"2560\" srcset=\"https:\/\/www.kananas.com\/ecoledemusiquedupaysdecharlieubelmont\/wp-content\/uploads\/sites\/877\/2018\/04\/tchicha-copie-scaled.jpg 1810w, https:\/\/www.kananas.com\/ecoledemusiquedupaysdecharlieubelmont\/wp-content\/uploads\/sites\/877\/2018\/04\/tchicha-copie-212x300.jpg 212w, https:\/\/www.kananas.com\/ecoledemusiquedupaysdecharlieubelmont\/wp-content\/uploads\/sites\/877\/2018\/04\/tchicha-copie-724x1024.jpg 724w, https:\/\/www.kananas.com\/ecoledemusiquedupaysdecharlieubelmont\/wp-content\/uploads\/sites\/877\/2018\/04\/tchicha-copie-768x1086.jpg 768w, https:\/\/www.kananas.com\/ecoledemusiquedupaysdecharlieubelmont\/wp-content\/uploads\/sites\/877\/2018\/04\/tchicha-copie-1086x1536.jpg 1086w, https:\/\/www.kananas.com\/ecoledemusiquedupaysdecharlieubelmont\/wp-content\/uploads\/sites\/877\/2018\/04\/tchicha-copie-1448x2048.jpg 1448w, https:\/\/www.kananas.com\/ecoledemusiquedupaysdecharlieubelmont\/wp-content\/uploads\/sites\/877\/2018\/04\/tchicha-copie-1240x1754.jpg 1240w, https:\/\/www.kananas.com\/ecoledemusiquedupaysdecharlieubelmont\/wp-content\/uploads\/sites\/877\/2018\/04\/tchicha-copie-508x719.jpg 508w\" sizes=\"auto, (max-width: 1810px) 100vw, 1810px\" \/><\/a><\/h1>\n","protected":false},"excerpt":{"rendered":"<p>CIRCUITS COURTS ET AMAP EN MUSIQUE LE 9 OCTOBRE 2020 AVEC L&rsquo;ATELIER SWING DE L&rsquo;EMPCB Vendredi 27 novembre 2020 au th\u00e9\u00e2tre St Philibert \u00e0 Charlieu<\/p>\n","protected":false},"author":906,"featured_media":0,"parent":0,"menu_order":0,"comment_status":"closed","ping_status":"closed","template":"","meta":{"_crdt_document":"","footnotes":""},"class_list":["post-2260","page","type-page","status-publish","hentry"],"_links":{"self":[{"href":"https:\/\/www.kananas.com\/ecoledemusiquedupaysdecharlieubelmont\/wp-json\/wp\/v2\/pages\/2260","targetHints":{"allow":["GET"]}}],"collection":[{"href":"https:\/\/www.kananas.com\/ecoledemusiquedupaysdecharlieubelmont\/wp-json\/wp\/v2\/pages"}],"about":[{"href":"https:\/\/www.kananas.com\/ecoledemusiquedupaysdecharlieubelmont\/wp-json\/wp\/v2\/types\/page"}],"author":[{"embeddable":true,"href":"https:\/\/www.kananas.com\/ecoledemusiquedupaysdecharlieubelmont\/wp-json\/wp\/v2\/users\/906"}],"replies":[{"embeddable":true,"href":"https:\/\/www.kananas.com\/ecoledemusiquedupaysdecharlieubelmont\/wp-json\/wp\/v2\/comments?post=2260"}],"version-history":[{"count":2,"href":"https:\/\/www.kananas.com\/ecoledemusiquedupaysdecharlieubelmont\/wp-json\/wp\/v2\/pages\/2260\/revisions"}],"predecessor-version":[{"id":2278,"href":"https:\/\/www.kananas.com\/ecoledemusiquedupaysdecharlieubelmont\/wp-json\/wp\/v2\/pages\/2260\/revisions\/2278"}],"wp:attachment":[{"href":"https:\/\/www.kananas.com\/ecoledemusiquedupaysdecharlieubelmont\/wp-json\/wp\/v2\/media?parent=2260"}],"curies":[{"name":"wp","href":"https:\/\/api.w.org\/{rel}","templated":true}]}}