{"id":2882,"date":"2024-07-06T22:14:40","date_gmt":"2024-07-06T20:14:40","guid":{"rendered":"https:\/\/www.kananas.com\/ecoledemusiquedupaysdecharlieubelmont\/?page_id=2882"},"modified":"2025-06-22T22:51:07","modified_gmt":"2025-06-22T20:51:07","slug":"saison-2024-2025","status":"publish","type":"page","link":"https:\/\/www.kananas.com\/ecoledemusiquedupaysdecharlieubelmont\/saison-2024-2025\/","title":{"rendered":"Saison 2024-2025"},"content":{"rendered":"<h2>Les temps forts<\/h2>\n<p>Moment musical de No\u00ebl le mercredi 18 d\u00e9cembre 2024<\/p>\n<p>Moment musical de Carnaval le samedi 22 f\u00e9vrier 2025<\/p>\n<p>Moment musical de Printemps le samedi 12 avril 2025<\/p>\n<p>Soir\u00e9e spectacle de l\u2019EMPCB \u00ab\u00a0Les musiques de film\u00a0\u00bb le samedi 17 mai 2025<\/p>\n<p>Moment musical de fin d\u2019ann\u00e9e le mercredi 25 juin 2025<\/p>\n<h2>Le projet d\u00e9partemental \u00ab\u00a0Autour de Boris Vian\u00a0\u00bb<\/h2>\n<p>4 master-class anim\u00e9es par le groupe Les Brisavions<\/p>\n<p>1 concert le samedi 7 d\u00e9cembre au Th\u00e9\u00e2tre St Philibert<\/p>\n<h2>Quelques prestations des ateliers hors les murs<\/h2>\n<p>La chorale adultes le 16 novembre \u00e0 l\u2019\u00e9glise de Charlieu et le 23 novembre \u00e0 la salle Diapason \u00e0 Roanne<\/p>\n<p>L\u2019atelier Chansons dans le cadre des F\u00e9rus \u00e0 Charlieu le 23 novembre<\/p>\n<p>Concert de Jazz manouche par Les Impromptus le 31 janvier \u00e0 Saint Nizier sous Charlieu<\/p>\n<p>Le groupe The Mondays le 12 avril au Bois d\u2019Oingt et le 14 juin \u00e0 Fleury-La-Montagne<\/p>\n<p>Le concert de printemps de la Chorale du Pays de Charlieu-Belmont et Les T\u00eates dans le Vocal le 25 mai \u00e0 Chandon<\/p>\n<p>Le Little Big Band au th\u00e9\u00e2tre de Charlieu le 06 juin<\/p>\n<p>&nbsp;<\/p>\n<p><a href=\"https:\/\/www.kananas.com\/ecoledemusiquedupaysdecharlieubelmont\/wp-content\/uploads\/sites\/877\/2024\/11\/chorale-novembre.jpg\"><img loading=\"lazy\" decoding=\"async\" class=\"alignnone size-full wp-image-2935\" src=\"https:\/\/www.kananas.com\/ecoledemusiquedupaysdecharlieubelmont\/wp-content\/uploads\/sites\/877\/2024\/11\/chorale-novembre.jpg\" alt=\"\" width=\"509\" height=\"720\" srcset=\"https:\/\/www.kananas.com\/ecoledemusiquedupaysdecharlieubelmont\/wp-content\/uploads\/sites\/877\/2024\/11\/chorale-novembre.jpg 509w, https:\/\/www.kananas.com\/ecoledemusiquedupaysdecharlieubelmont\/wp-content\/uploads\/sites\/877\/2024\/11\/chorale-novembre-212x300.jpg 212w\" sizes=\"auto, (max-width: 509px) 100vw, 509px\" \/><\/a><\/p>\n<p><a href=\"https:\/\/www.kananas.com\/ecoledemusiquedupaysdecharlieubelmont\/wp-content\/uploads\/sites\/877\/2024\/11\/Affiche-Boris-Vian.jpg\"><img loading=\"lazy\" decoding=\"async\" class=\"alignnone size-full wp-image-2932\" src=\"https:\/\/www.kananas.com\/ecoledemusiquedupaysdecharlieubelmont\/wp-content\/uploads\/sites\/877\/2024\/11\/Affiche-Boris-Vian.jpg\" alt=\"\" width=\"720\" height=\"1040\" srcset=\"https:\/\/www.kananas.com\/ecoledemusiquedupaysdecharlieubelmont\/wp-content\/uploads\/sites\/877\/2024\/11\/Affiche-Boris-Vian.jpg 720w, https:\/\/www.kananas.com\/ecoledemusiquedupaysdecharlieubelmont\/wp-content\/uploads\/sites\/877\/2024\/11\/Affiche-Boris-Vian-208x300.jpg 208w, https:\/\/www.kananas.com\/ecoledemusiquedupaysdecharlieubelmont\/wp-content\/uploads\/sites\/877\/2024\/11\/Affiche-Boris-Vian-709x1024.jpg 709w, https:\/\/www.kananas.com\/ecoledemusiquedupaysdecharlieubelmont\/wp-content\/uploads\/sites\/877\/2024\/11\/Affiche-Boris-Vian-508x734.jpg 508w\" sizes=\"auto, (max-width: 720px) 100vw, 720px\" \/><\/a> <a href=\"https:\/\/www.kananas.com\/ecoledemusiquedupaysdecharlieubelmont\/wp-content\/uploads\/sites\/877\/2024\/11\/affiche-noel-2024-scaled.jpg\"><img loading=\"lazy\" decoding=\"async\" class=\"alignnone size-full wp-image-2933\" src=\"https:\/\/www.kananas.com\/ecoledemusiquedupaysdecharlieubelmont\/wp-content\/uploads\/sites\/877\/2024\/11\/affiche-noel-2024-scaled.jpg\" alt=\"\" width=\"1810\" height=\"2560\" srcset=\"https:\/\/www.kananas.com\/ecoledemusiquedupaysdecharlieubelmont\/wp-content\/uploads\/sites\/877\/2024\/11\/affiche-noel-2024-scaled.jpg 1810w, https:\/\/www.kananas.com\/ecoledemusiquedupaysdecharlieubelmont\/wp-content\/uploads\/sites\/877\/2024\/11\/affiche-noel-2024-212x300.jpg 212w, https:\/\/www.kananas.com\/ecoledemusiquedupaysdecharlieubelmont\/wp-content\/uploads\/sites\/877\/2024\/11\/affiche-noel-2024-724x1024.jpg 724w, https:\/\/www.kananas.com\/ecoledemusiquedupaysdecharlieubelmont\/wp-content\/uploads\/sites\/877\/2024\/11\/affiche-noel-2024-768x1086.jpg 768w, https:\/\/www.kananas.com\/ecoledemusiquedupaysdecharlieubelmont\/wp-content\/uploads\/sites\/877\/2024\/11\/affiche-noel-2024-1086x1536.jpg 1086w, https:\/\/www.kananas.com\/ecoledemusiquedupaysdecharlieubelmont\/wp-content\/uploads\/sites\/877\/2024\/11\/affiche-noel-2024-1448x2048.jpg 1448w, https:\/\/www.kananas.com\/ecoledemusiquedupaysdecharlieubelmont\/wp-content\/uploads\/sites\/877\/2024\/11\/affiche-noel-2024-1240x1754.jpg 1240w, https:\/\/www.kananas.com\/ecoledemusiquedupaysdecharlieubelmont\/wp-content\/uploads\/sites\/877\/2024\/11\/affiche-noel-2024-508x718.jpg 508w\" sizes=\"auto, (max-width: 1810px) 100vw, 1810px\" \/><\/a><a href=\"https:\/\/www.kananas.com\/ecoledemusiquedupaysdecharlieubelmont\/wp-content\/uploads\/sites\/877\/2025\/01\/Concert-Jazz-Manouche-scaled.jpg\"><img loading=\"lazy\" decoding=\"async\" class=\"alignnone size-full wp-image-2939\" src=\"https:\/\/www.kananas.com\/ecoledemusiquedupaysdecharlieubelmont\/wp-content\/uploads\/sites\/877\/2025\/01\/Concert-Jazz-Manouche-scaled.jpg\" alt=\"\" width=\"1810\" height=\"2560\" srcset=\"https:\/\/www.kananas.com\/ecoledemusiquedupaysdecharlieubelmont\/wp-content\/uploads\/sites\/877\/2025\/01\/Concert-Jazz-Manouche-scaled.jpg 1810w, https:\/\/www.kananas.com\/ecoledemusiquedupaysdecharlieubelmont\/wp-content\/uploads\/sites\/877\/2025\/01\/Concert-Jazz-Manouche-212x300.jpg 212w, https:\/\/www.kananas.com\/ecoledemusiquedupaysdecharlieubelmont\/wp-content\/uploads\/sites\/877\/2025\/01\/Concert-Jazz-Manouche-724x1024.jpg 724w, https:\/\/www.kananas.com\/ecoledemusiquedupaysdecharlieubelmont\/wp-content\/uploads\/sites\/877\/2025\/01\/Concert-Jazz-Manouche-768x1086.jpg 768w, https:\/\/www.kananas.com\/ecoledemusiquedupaysdecharlieubelmont\/wp-content\/uploads\/sites\/877\/2025\/01\/Concert-Jazz-Manouche-1086x1536.jpg 1086w, https:\/\/www.kananas.com\/ecoledemusiquedupaysdecharlieubelmont\/wp-content\/uploads\/sites\/877\/2025\/01\/Concert-Jazz-Manouche-1448x2048.jpg 1448w, https:\/\/www.kananas.com\/ecoledemusiquedupaysdecharlieubelmont\/wp-content\/uploads\/sites\/877\/2025\/01\/Concert-Jazz-Manouche-1240x1754.jpg 1240w, https:\/\/www.kananas.com\/ecoledemusiquedupaysdecharlieubelmont\/wp-content\/uploads\/sites\/877\/2025\/01\/Concert-Jazz-Manouche-508x718.jpg 508w\" sizes=\"auto, (max-width: 1810px) 100vw, 1810px\" \/><\/a><\/p>\n<p><a href=\"https:\/\/www.kananas.com\/ecoledemusiquedupaysdecharlieubelmont\/wp-content\/uploads\/sites\/877\/2025\/05\/cabaret-film-17-05-2025.jpg\"><img loading=\"lazy\" decoding=\"async\" class=\"alignnone size-full wp-image-2947\" src=\"https:\/\/www.kananas.com\/ecoledemusiquedupaysdecharlieubelmont\/wp-content\/uploads\/sites\/877\/2025\/05\/cabaret-film-17-05-2025.jpg\" alt=\"\" width=\"1275\" height=\"1650\" srcset=\"https:\/\/www.kananas.com\/ecoledemusiquedupaysdecharlieubelmont\/wp-content\/uploads\/sites\/877\/2025\/05\/cabaret-film-17-05-2025.jpg 1275w, https:\/\/www.kananas.com\/ecoledemusiquedupaysdecharlieubelmont\/wp-content\/uploads\/sites\/877\/2025\/05\/cabaret-film-17-05-2025-232x300.jpg 232w, https:\/\/www.kananas.com\/ecoledemusiquedupaysdecharlieubelmont\/wp-content\/uploads\/sites\/877\/2025\/05\/cabaret-film-17-05-2025-791x1024.jpg 791w, https:\/\/www.kananas.com\/ecoledemusiquedupaysdecharlieubelmont\/wp-content\/uploads\/sites\/877\/2025\/05\/cabaret-film-17-05-2025-768x994.jpg 768w, https:\/\/www.kananas.com\/ecoledemusiquedupaysdecharlieubelmont\/wp-content\/uploads\/sites\/877\/2025\/05\/cabaret-film-17-05-2025-1187x1536.jpg 1187w, https:\/\/www.kananas.com\/ecoledemusiquedupaysdecharlieubelmont\/wp-content\/uploads\/sites\/877\/2025\/05\/cabaret-film-17-05-2025-1240x1605.jpg 1240w, https:\/\/www.kananas.com\/ecoledemusiquedupaysdecharlieubelmont\/wp-content\/uploads\/sites\/877\/2025\/05\/cabaret-film-17-05-2025-508x657.jpg 508w\" sizes=\"auto, (max-width: 1275px) 100vw, 1275px\" \/><\/a><\/p>\n<p><a href=\"https:\/\/www.kananas.com\/ecoledemusiquedupaysdecharlieubelmont\/wp-content\/uploads\/sites\/877\/2025\/05\/jazzjazz6juin25.jpg\"><img loading=\"lazy\" decoding=\"async\" class=\"alignnone size-full wp-image-2950\" src=\"https:\/\/www.kananas.com\/ecoledemusiquedupaysdecharlieubelmont\/wp-content\/uploads\/sites\/877\/2025\/05\/jazzjazz6juin25.jpg\" alt=\"\" width=\"1125\" height=\"1625\" srcset=\"https:\/\/www.kananas.com\/ecoledemusiquedupaysdecharlieubelmont\/wp-content\/uploads\/sites\/877\/2025\/05\/jazzjazz6juin25.jpg 1125w, https:\/\/www.kananas.com\/ecoledemusiquedupaysdecharlieubelmont\/wp-content\/uploads\/sites\/877\/2025\/05\/jazzjazz6juin25-208x300.jpg 208w, https:\/\/www.kananas.com\/ecoledemusiquedupaysdecharlieubelmont\/wp-content\/uploads\/sites\/877\/2025\/05\/jazzjazz6juin25-709x1024.jpg 709w, https:\/\/www.kananas.com\/ecoledemusiquedupaysdecharlieubelmont\/wp-content\/uploads\/sites\/877\/2025\/05\/jazzjazz6juin25-768x1109.jpg 768w, https:\/\/www.kananas.com\/ecoledemusiquedupaysdecharlieubelmont\/wp-content\/uploads\/sites\/877\/2025\/05\/jazzjazz6juin25-1063x1536.jpg 1063w, https:\/\/www.kananas.com\/ecoledemusiquedupaysdecharlieubelmont\/wp-content\/uploads\/sites\/877\/2025\/05\/jazzjazz6juin25-508x734.jpg 508w\" sizes=\"auto, (max-width: 1125px) 100vw, 1125px\" \/><\/a><a href=\"https:\/\/www.kananas.com\/ecoledemusiquedupaysdecharlieubelmont\/wp-content\/uploads\/sites\/877\/2025\/05\/affiche-25-mai_page-0001.jpg\"><img loading=\"lazy\" decoding=\"async\" class=\"alignnone size-full wp-image-2953\" src=\"https:\/\/www.kananas.com\/ecoledemusiquedupaysdecharlieubelmont\/wp-content\/uploads\/sites\/877\/2025\/05\/affiche-25-mai_page-0001.jpg\" alt=\"\" width=\"1240\" height=\"1755\" srcset=\"https:\/\/www.kananas.com\/ecoledemusiquedupaysdecharlieubelmont\/wp-content\/uploads\/sites\/877\/2025\/05\/affiche-25-mai_page-0001.jpg 1240w, https:\/\/www.kananas.com\/ecoledemusiquedupaysdecharlieubelmont\/wp-content\/uploads\/sites\/877\/2025\/05\/affiche-25-mai_page-0001-212x300.jpg 212w, https:\/\/www.kananas.com\/ecoledemusiquedupaysdecharlieubelmont\/wp-content\/uploads\/sites\/877\/2025\/05\/affiche-25-mai_page-0001-724x1024.jpg 724w, https:\/\/www.kananas.com\/ecoledemusiquedupaysdecharlieubelmont\/wp-content\/uploads\/sites\/877\/2025\/05\/affiche-25-mai_page-0001-768x1087.jpg 768w, https:\/\/www.kananas.com\/ecoledemusiquedupaysdecharlieubelmont\/wp-content\/uploads\/sites\/877\/2025\/05\/affiche-25-mai_page-0001-1085x1536.jpg 1085w, https:\/\/www.kananas.com\/ecoledemusiquedupaysdecharlieubelmont\/wp-content\/uploads\/sites\/877\/2025\/05\/affiche-25-mai_page-0001-508x719.jpg 508w\" sizes=\"auto, (max-width: 1240px) 100vw, 1240px\" \/><\/a><\/p>\n<p><a href=\"https:\/\/www.kananas.com\/ecoledemusiquedupaysdecharlieubelmont\/wp-content\/uploads\/sites\/877\/2025\/06\/affiche-MM-25-juin-2025_page-0001.jpg\"><img loading=\"lazy\" decoding=\"async\" class=\"alignnone size-full wp-image-2960\" src=\"https:\/\/www.kananas.com\/ecoledemusiquedupaysdecharlieubelmont\/wp-content\/uploads\/sites\/877\/2025\/06\/affiche-MM-25-juin-2025_page-0001.jpg\" alt=\"\" width=\"1241\" height=\"1755\" srcset=\"https:\/\/www.kananas.com\/ecoledemusiquedupaysdecharlieubelmont\/wp-content\/uploads\/sites\/877\/2025\/06\/affiche-MM-25-juin-2025_page-0001.jpg 1241w, https:\/\/www.kananas.com\/ecoledemusiquedupaysdecharlieubelmont\/wp-content\/uploads\/sites\/877\/2025\/06\/affiche-MM-25-juin-2025_page-0001-212x300.jpg 212w, https:\/\/www.kananas.com\/ecoledemusiquedupaysdecharlieubelmont\/wp-content\/uploads\/sites\/877\/2025\/06\/affiche-MM-25-juin-2025_page-0001-724x1024.jpg 724w, https:\/\/www.kananas.com\/ecoledemusiquedupaysdecharlieubelmont\/wp-content\/uploads\/sites\/877\/2025\/06\/affiche-MM-25-juin-2025_page-0001-768x1086.jpg 768w, https:\/\/www.kananas.com\/ecoledemusiquedupaysdecharlieubelmont\/wp-content\/uploads\/sites\/877\/2025\/06\/affiche-MM-25-juin-2025_page-0001-1086x1536.jpg 1086w, https:\/\/www.kananas.com\/ecoledemusiquedupaysdecharlieubelmont\/wp-content\/uploads\/sites\/877\/2025\/06\/affiche-MM-25-juin-2025_page-0001-50x71.jpg 50w, https:\/\/www.kananas.com\/ecoledemusiquedupaysdecharlieubelmont\/wp-content\/uploads\/sites\/877\/2025\/06\/affiche-MM-25-juin-2025_page-0001-508x718.jpg 508w\" sizes=\"auto, (max-width: 1241px) 100vw, 1241px\" \/><\/a><\/p>\n","protected":false},"excerpt":{"rendered":"<p>Les temps forts Moment musical de No\u00ebl le mercredi 18 d\u00e9cembre 2024 Moment musical de Carnaval le samedi 22 f\u00e9vrier 2025 Moment musical de Printemps le samedi 12 avril 2025 Soir\u00e9e spectacle de l\u2019EMPCB \u00ab\u00a0Les musiques de film\u00a0\u00bb le samedi 17 mai 2025 Moment musical de fin d\u2019ann\u00e9e le mercredi 25 juin 2025 Le projet [&hellip;]<\/p>\n","protected":false},"author":906,"featured_media":0,"parent":0,"menu_order":0,"comment_status":"closed","ping_status":"closed","template":"","meta":{"_crdt_document":"","footnotes":""},"class_list":["post-2882","page","type-page","status-publish","hentry"],"_links":{"self":[{"href":"https:\/\/www.kananas.com\/ecoledemusiquedupaysdecharlieubelmont\/wp-json\/wp\/v2\/pages\/2882","targetHints":{"allow":["GET"]}}],"collection":[{"href":"https:\/\/www.kananas.com\/ecoledemusiquedupaysdecharlieubelmont\/wp-json\/wp\/v2\/pages"}],"about":[{"href":"https:\/\/www.kananas.com\/ecoledemusiquedupaysdecharlieubelmont\/wp-json\/wp\/v2\/types\/page"}],"author":[{"embeddable":true,"href":"https:\/\/www.kananas.com\/ecoledemusiquedupaysdecharlieubelmont\/wp-json\/wp\/v2\/users\/906"}],"replies":[{"embeddable":true,"href":"https:\/\/www.kananas.com\/ecoledemusiquedupaysdecharlieubelmont\/wp-json\/wp\/v2\/comments?post=2882"}],"version-history":[{"count":10,"href":"https:\/\/www.kananas.com\/ecoledemusiquedupaysdecharlieubelmont\/wp-json\/wp\/v2\/pages\/2882\/revisions"}],"predecessor-version":[{"id":2961,"href":"https:\/\/www.kananas.com\/ecoledemusiquedupaysdecharlieubelmont\/wp-json\/wp\/v2\/pages\/2882\/revisions\/2961"}],"wp:attachment":[{"href":"https:\/\/www.kananas.com\/ecoledemusiquedupaysdecharlieubelmont\/wp-json\/wp\/v2\/media?parent=2882"}],"curies":[{"name":"wp","href":"https:\/\/api.w.org\/{rel}","templated":true}]}}