{"id":10,"date":"2013-12-16T16:34:54","date_gmt":"2013-12-16T15:34:54","guid":{"rendered":"http:\/\/www.gestasso.com\/association\/clubdumoulin\/adhesion\/"},"modified":"2023-12-25T07:41:26","modified_gmt":"2023-12-25T06:41:26","slug":"adhesion-2","status":"publish","type":"page","link":"https:\/\/www.kananas.com\/lesainesdumoulin\/adhesion-2\/","title":{"rendered":"Adhesion"},"content":{"rendered":"<p>Vous \u00eates \u00e0 la retraite, depuis peu, Les A\u00een\u00e9s du Moulin vous invitent \u00e0 rejoindre l\u2019association du village de B\u00e9nesse-l\u00e8s-Dax qui propose diverses activit\u00e9s, des rencontres autour d\u2019un repas, des sorties d\u2019un jour dans la r\u00e9gion \u2026 Un voyage de 5 jours est propos\u00e9, la premi\u00e8re semaine de septembre \u2026\u00a0!!!<br \/>\nDans l\u2019ann\u00e9e nous avons des dates immuables, le Bal \u00e0 Papa du lundi de P\u00e2ques, le concours de belote du dernier samedi de septembre.<br \/>\nVous \u00eates d\u00e9cid\u00e9 \u2026 Adh\u00e9rer aux A\u00een\u00e9s<br \/>\nPour devenir adh\u00e9rent des Ain\u00e9s du Moulin, cliquez sur \u00ab\u00a0<em><strong><span style=\"color: #000080\">Commencer L&rsquo;inscription<\/span><\/strong><\/em>\u00a0\u00bb &#8230; les rubriques en gras sont obligatoires&#8230;Merci pour votre adh\u00e9sion.<br \/>\n<em><strong><span style=\"color: #ff6600\">INSCRIPTION AUX AINES DU MOULIN<\/span><\/strong><\/em><br \/>\n\n<!-- iframe plugin v.6.0 wordpress.org\/plugins\/iframe\/ -->\n<iframe loading=\"lazy\" src=\"https:\/\/backoffice.kananas.com\/action_manager.php?event=hire&#038;id=2158\" frameborder=\"0\" width=\"100%\" height=\"840\" scrolling=\"no\" class=\"iframe-class\"><\/iframe>\n\n","protected":false},"excerpt":{"rendered":"<p>Vous \u00eates \u00e0 la retraite, depuis peu, Les A\u00een\u00e9s du Moulin vous invitent \u00e0 rejoindre l\u2019association du village de B\u00e9nesse-l\u00e8s-Dax qui propose diverses activit\u00e9s, des rencontres autour d\u2019un repas, des sorties d\u2019un jour dans la r\u00e9gion \u2026 Un voyage de 5 jours est propos\u00e9, la premi\u00e8re semaine de septembre \u2026\u00a0!!! Dans l\u2019ann\u00e9e nous avons des dates immuables, le Bal \u00e0&#8230; <a href=\"https:\/\/www.kananas.com\/lesainesdumoulin\/adhesion-2\/\">Read more &raquo;<\/a><\/p>\n","protected":false},"author":621,"featured_media":0,"parent":0,"menu_order":0,"comment_status":"closed","ping_status":"closed","template":"page-templates\/full-width.php","meta":{"_crdt_document":"","footnotes":""},"class_list":["post-10","page","type-page","status-publish","hentry"],"_links":{"self":[{"href":"https:\/\/www.kananas.com\/lesainesdumoulin\/wp-json\/wp\/v2\/pages\/10","targetHints":{"allow":["GET"]}}],"collection":[{"href":"https:\/\/www.kananas.com\/lesainesdumoulin\/wp-json\/wp\/v2\/pages"}],"about":[{"href":"https:\/\/www.kananas.com\/lesainesdumoulin\/wp-json\/wp\/v2\/types\/page"}],"author":[{"embeddable":true,"href":"https:\/\/www.kananas.com\/lesainesdumoulin\/wp-json\/wp\/v2\/users\/621"}],"replies":[{"embeddable":true,"href":"https:\/\/www.kananas.com\/lesainesdumoulin\/wp-json\/wp\/v2\/comments?post=10"}],"version-history":[{"count":11,"href":"https:\/\/www.kananas.com\/lesainesdumoulin\/wp-json\/wp\/v2\/pages\/10\/revisions"}],"predecessor-version":[{"id":2376,"href":"https:\/\/www.kananas.com\/lesainesdumoulin\/wp-json\/wp\/v2\/pages\/10\/revisions\/2376"}],"wp:attachment":[{"href":"https:\/\/www.kananas.com\/lesainesdumoulin\/wp-json\/wp\/v2\/media?parent=10"}],"curies":[{"name":"wp","href":"https:\/\/api.w.org\/{rel}","templated":true}]}}

<p>Vous êtes à la retraite, depuis peu, Les Aînés du Moulin vous invitent à rejoindre l’association du village de Bénesse-lès-Dax qui propose diverses activités, des rencontres autour d’un repas, des sorties d’un jour dans la région … Un voyage de 5 jours est proposé, la première semaine de septembre … !!!<br />
Dans l’année nous avons des dates immuables, le Bal à Papa du lundi de Pâques, le concours de belote du dernier samedi de septembre.<br />
Vous êtes décidé … Adhérer aux Aînés<br />
Pour devenir adhérent des Ainés du Moulin, cliquez sur « <em><strong><span style="color: #000080">Commencer L&rsquo;inscription</span></strong></em> » &#8230; les rubriques en gras sont obligatoires&#8230;Merci pour votre adhésion.<br />
<em><strong><span style="color: #ff6600">INSCRIPTION AUX AINES DU MOULIN</span></strong></em><br />

<!-- iframe plugin v.6.0 wordpress.org/plugins/iframe/ -->
<iframe loading="lazy" src="https://backoffice.kananas.com/action_manager.php?event=hire&#038;id=2158" frameborder="0" width="100%" height="840" scrolling="no" class="iframe-class"></iframe>

<p>Vous êtes à la retraite, depuis peu, Les Aînés du Moulin vous invitent à rejoindre l’association du village de Bénesse-lès-Dax qui propose diverses activités, des rencontres autour d’un repas, des sorties d’un jour dans la région … Un voyage de 5 jours est proposé, la première semaine de septembre … !!! Dans l’année nous avons des dates immuables, le Bal à&#8230; <a href="https://www.kananas.com/lesainesdumoulin/adhesion-2/">Read more &raquo;</a></p>
