{"id":1448,"date":"2022-01-01T07:26:25","date_gmt":"2022-01-01T06:26:25","guid":{"rendered":"http:\/\/www.kananas.com\/lesainesdumoulin\/?page_id=1448"},"modified":"2026-05-04T06:35:19","modified_gmt":"2026-05-04T04:35:19","slug":"bonjour","status":"publish","type":"page","link":"https:\/\/www.kananas.com\/lesainesdumoulin\/","title":{"rendered":"A la une&#8230; !!!"},"content":{"rendered":"<p><em><strong><span style=\"font-size: 14pt;color: #ff6600\">Rencontre 2026<br \/>\n<\/span><\/strong><\/em><span style=\"font-size: 14pt;color: #ff6600\"><span style=\"color: #000000\"><strong>Jeudi 7 mai 14 h 30<\/strong> :\u00a0<\/span><\/span><span style=\"font-size: 14pt;color: #ff6600\"><span style=\"color: #000000\">P\u00e9tanque et quilles de six\u2026 le soleil est l\u00e0 <\/span><\/span><span style=\"font-size: 14pt;color: #ff6600\"><span style=\"color: #000000\">!!!<\/span><\/span><em><strong><span style=\"font-size: 14pt;color: #ff6600\"><span style=\"color: #000000\"><br \/>\n<img loading=\"lazy\" decoding=\"async\" class=\"alignnone size-medium\" src=\"https:\/\/app.kananas.com\/drive\/view\/doc\/MjE1OC9BQ1RJVlRFUy0yMDI2L1JlbmNvbnRyZS9hZmZpY2hlLnBuZw==\" width=\"350\" height=\"238\" \/><br \/>\n<\/span><\/span><\/strong><\/em><span style=\"font-size: 14pt;color: #ff6600\"><span style=\"color: #000000\">En salle<\/span><\/span><span style=\"font-size: 14pt;color: #ff6600\"><span style=\"color: #000000\"> les jeux de soci\u00e9t\u00e9 et la belote devraient trouver les amateurs habituels !!!<br \/>\n<\/span><\/span><span style=\"font-size: 14pt\"><em><strong><span style=\"color: #ff6600\">Voyage 2026<img loading=\"lazy\" decoding=\"async\" class=\"alignnone size-medium\" src=\"https:\/\/backoffice.kananas.com\/drive.php?doc=MjE1OC9BQ1RJVlRFUy0yMDI2L1ZPWUFHRS9BLWxhLXVuZS5qcGc=\" width=\"866\" height=\"347\" \/><\/span><a href=\"https:\/\/www.kananas.com\/lesainesdumoulin\/madrid-et-castille\/\">Voir le programme<\/a>\u00a0<\/strong><\/em><\/span><\/p>\n<p><span style=\"color: #ff6600\"><em><strong><span style=\"font-size: 14pt\">Voyage 2025<\/span><\/strong><\/em><\/span><br \/>\n<strong><span style=\"color: #3366ff\"><span style=\"color: #333399\">T\u00e9l\u00e9charger le compte rendu<\/span> <a href=\"https:\/\/backoffice.kananas.com\/drive.php?doc=MjE1OC9BY3Rpdml0ZXMtMjAyNS8wNi1Wb3lhZ2UvU2Vqb3VyLWVuLUFyZGVjaGUvU2Vqb3VyLWVuLUFyZGVjaGUucGRm\" data-cke-saved-href=\"https:\/\/backoffice.kananas.com\/drive.php?doc=MjE1OC9BY3Rpdml0ZXMtMjAyNS8wNi1Wb3lhZ2UvU2Vqb3VyLWVuLUFyZGVjaGUvU2Vqb3VyLWVuLUFyZGVjaGUucGRm\">Sejour-en-Ardeche.pdf<\/a><\/span><\/strong><\/p>\n<p><span style=\"color: #ff6600\"><br \/>\n<\/span><br \/>\n<span style=\"color: #ff6600\"><em><strong><span style=\"font-size: 18pt\"><br \/>\n<\/span><\/strong><\/em><br \/>\n<\/span><\/p>\n","protected":false},"excerpt":{"rendered":"<p>Rencontre 2026 Jeudi 7 mai 14 h 30 :\u00a0P\u00e9tanque et quilles de six\u2026 le soleil est l\u00e0 !!! En salle les jeux de soci\u00e9t\u00e9 et la belote devraient trouver les amateurs habituels !!! Voyage 2026Voir le programme\u00a0 Voyage 2025 T\u00e9l\u00e9charger le compte rendu Sejour-en-Ardeche.pdf<\/p>\n","protected":false},"author":621,"featured_media":0,"parent":0,"menu_order":0,"comment_status":"closed","ping_status":"closed","template":"","meta":{"_crdt_document":"","footnotes":""},"class_list":["post-1448","page","type-page","status-publish","hentry"],"_links":{"self":[{"href":"https:\/\/www.kananas.com\/lesainesdumoulin\/wp-json\/wp\/v2\/pages\/1448","targetHints":{"allow":["GET"]}}],"collection":[{"href":"https:\/\/www.kananas.com\/lesainesdumoulin\/wp-json\/wp\/v2\/pages"}],"about":[{"href":"https:\/\/www.kananas.com\/lesainesdumoulin\/wp-json\/wp\/v2\/types\/page"}],"author":[{"embeddable":true,"href":"https:\/\/www.kananas.com\/lesainesdumoulin\/wp-json\/wp\/v2\/users\/621"}],"replies":[{"embeddable":true,"href":"https:\/\/www.kananas.com\/lesainesdumoulin\/wp-json\/wp\/v2\/comments?post=1448"}],"version-history":[{"count":10,"href":"https:\/\/www.kananas.com\/lesainesdumoulin\/wp-json\/wp\/v2\/pages\/1448\/revisions"}],"predecessor-version":[{"id":3184,"href":"https:\/\/www.kananas.com\/lesainesdumoulin\/wp-json\/wp\/v2\/pages\/1448\/revisions\/3184"}],"wp:attachment":[{"href":"https:\/\/www.kananas.com\/lesainesdumoulin\/wp-json\/wp\/v2\/media?parent=1448"}],"curies":[{"name":"wp","href":"https:\/\/api.w.org\/{rel}","templated":true}]}}