{"id":60,"date":"2015-02-13T16:27:41","date_gmt":"2015-02-13T16:27:41","guid":{"rendered":"http:\/\/www.gestasso.com\/association\/ligueskinautiqueetwakeboardpaysdeloire\/?page_id=60"},"modified":"2015-02-13T16:27:41","modified_gmt":"2015-02-13T16:27:41","slug":"club-loire-activite-creation-44-lac","status":"publish","type":"page","link":"https:\/\/www.kananas.com\/liguepaysdeloireskinautiqueetwakeboard2792\/clubs-associatifs\/club-loire-activite-creation-44-lac\/","title":{"rendered":"Loire Activit\u00e9 Cr\u00e9ation  LAC 44 Nantes"},"content":{"rendered":"<p>Cliquez sur le lien suivant pour acc\u00e9der \u00e0<a href=\"http:\/\/l-a-c.cabanova.com\/\" target=\"_blank\"> notre site internet<\/a> . Merci<\/p>\n","protected":false},"excerpt":{"rendered":"<p>Cliquez sur le lien suivant pour acc\u00e9der \u00e0 notre site internet . Merci<\/p>\n","protected":false},"author":772,"featured_media":0,"parent":245,"menu_order":0,"comment_status":"open","ping_status":"open","template":"","meta":{"_crdt_document":"","footnotes":""},"class_list":["post-60","page","type-page","status-publish","hentry"],"_links":{"self":[{"href":"https:\/\/www.kananas.com\/liguepaysdeloireskinautiqueetwakeboard2792\/wp-json\/wp\/v2\/pages\/60","targetHints":{"allow":["GET"]}}],"collection":[{"href":"https:\/\/www.kananas.com\/liguepaysdeloireskinautiqueetwakeboard2792\/wp-json\/wp\/v2\/pages"}],"about":[{"href":"https:\/\/www.kananas.com\/liguepaysdeloireskinautiqueetwakeboard2792\/wp-json\/wp\/v2\/types\/page"}],"author":[{"embeddable":true,"href":"https:\/\/www.kananas.com\/liguepaysdeloireskinautiqueetwakeboard2792\/wp-json\/wp\/v2\/users\/772"}],"replies":[{"embeddable":true,"href":"https:\/\/www.kananas.com\/liguepaysdeloireskinautiqueetwakeboard2792\/wp-json\/wp\/v2\/comments?post=60"}],"version-history":[{"count":0,"href":"https:\/\/www.kananas.com\/liguepaysdeloireskinautiqueetwakeboard2792\/wp-json\/wp\/v2\/pages\/60\/revisions"}],"up":[{"embeddable":true,"href":"https:\/\/www.kananas.com\/liguepaysdeloireskinautiqueetwakeboard2792\/wp-json\/wp\/v2\/pages\/245"}],"wp:attachment":[{"href":"https:\/\/www.kananas.com\/liguepaysdeloireskinautiqueetwakeboard2792\/wp-json\/wp\/v2\/media?parent=60"}],"curies":[{"name":"wp","href":"https:\/\/api.w.org\/{rel}","templated":true}]}}