{"id":117,"date":"2023-07-01T07:06:32","date_gmt":"2023-07-01T05:06:32","guid":{"rendered":"https:\/\/www.kananas.com\/meusevergerstraditions\/?page_id=117"},"modified":"2023-07-01T07:19:31","modified_gmt":"2023-07-01T05:19:31","slug":"notre-histoire","status":"publish","type":"page","link":"https:\/\/www.kananas.com\/meusevergerstraditions\/notre-association\/notre-histoire\/","title":{"rendered":"Notre histoire"},"content":{"rendered":"<p>Views: 59<\/p><p>Cr\u00e9\u00e9e le 18 f\u00e9vrier 2023, l\u2019Association Meuse Vergers Traditions, est n\u00e9e de la volont\u00e9 d\u2019une poign\u00e9e de petits propri\u00e9taires de Vergers familiaux de la Meuse de\u00a0:<\/p>\n<ul style=\"list-style-type: disc\">\n<li><b>\u00a0<\/b><b>Regrouper et f\u00e9d\u00e9rer <\/b>les propri\u00e9taires, locataires, exploitants de vergers familiaux ou d\u00e9tenteurs d\u2019arbres fruitiers souhaitant d\u00e9velopper des connaissances et pratiques en l\u2019arboriculture raisonn\u00e9e dans un esprit de pr\u00e9servation de l\u2019environnement et de la reconqu\u00eate de la biodiversit\u00e9 et pour toutes personnes d\u00e9sireuses d\u2019y contribuer.<\/li>\n<li><b>D\u00e9velopper l\u2019entraide et le partage entre ses membres <\/b>sur des sujets li\u00e9s \u00e0 l\u2019arboriculture, l\u2019entretien des vergers, la pr\u00e9paration des Fruits avant distillation, \u00e0 la distillation qu\u2019elle soit effectu\u00e9e dans les syndicats communaux lorsqu\u2019ils existent ou apr\u00e8s de professionnels.<\/li>\n<li><b>Transmettre l\u2019h\u00e9ritage culturel et immat\u00e9riel de traditions et pratiques ancestrales <\/b>que ce soit dans la pr\u00e9paration optimale des fruits (bouilleurs de crus), voire in fine de la distillation.<\/li>\n<li><b>R\u00e9habiliter, valoriser les vergers familiaux<\/b>, notamment ceux laiss\u00e9s \u00e0 l\u2019abandon ainsi que la vie sociale qui les entoure.<\/li>\n<li><b>Promouvoir <\/b>la valorisation des fruits de nos vergers sous toutes leurs formes possibles, ainsi que l\u2019activit\u00e9 et les professionnels qui nous ont rejoint qu\u2019ils soient distillateurs professionnels ou transformateurs de fruits.<\/li>\n<li><b>D\u00e9fendre<\/b> les droits des bouilleurs de cru par leur rattachement \u00e0 la FNSRPE..<\/li>\n<\/ul>\n<p><img loading=\"lazy\" decoding=\"async\" class=\" wp-image-50 aligncenter\" src=\"http:\/\/www.kananas.com\/meusevergerstraditions\/wp-content\/uploads\/sites\/2085\/2023\/04\/2023-02-18_MVT_Madine_030-300x146.jpg\" alt=\"\" width=\"628\" height=\"306\" srcset=\"https:\/\/www.kananas.com\/meusevergerstraditions\/wp-content\/uploads\/sites\/2085\/2023\/04\/2023-02-18_MVT_Madine_030-300x146.jpg 300w, https:\/\/www.kananas.com\/meusevergerstraditions\/wp-content\/uploads\/sites\/2085\/2023\/04\/2023-02-18_MVT_Madine_030-1024x498.jpg 1024w, https:\/\/www.kananas.com\/meusevergerstraditions\/wp-content\/uploads\/sites\/2085\/2023\/04\/2023-02-18_MVT_Madine_030-768x373.jpg 768w, https:\/\/www.kananas.com\/meusevergerstraditions\/wp-content\/uploads\/sites\/2085\/2023\/04\/2023-02-18_MVT_Madine_030-1536x747.jpg 1536w, https:\/\/www.kananas.com\/meusevergerstraditions\/wp-content\/uploads\/sites\/2085\/2023\/04\/2023-02-18_MVT_Madine_030-2048x996.jpg 2048w, https:\/\/www.kananas.com\/meusevergerstraditions\/wp-content\/uploads\/sites\/2085\/2023\/04\/2023-02-18_MVT_Madine_030-1200x583.jpg 1200w\" sizes=\"auto, (max-width: 628px) 100vw, 628px\" \/><\/p>\n<p>&nbsp;<\/p>\n<p>&nbsp;<\/p>\n","protected":false},"excerpt":{"rendered":"<p>Views: 59Cr\u00e9\u00e9e le 18 f\u00e9vrier 2023, l\u2019Association Meuse Vergers Traditions, est n\u00e9e de la volont\u00e9 d\u2019une poign\u00e9e de petits propri\u00e9taires de Vergers familiaux de la Meuse de\u00a0: \u00a0Regrouper et f\u00e9d\u00e9rer les propri\u00e9taires, locataires, exploitants de vergers familiaux ou d\u00e9tenteurs d\u2019arbres fruitiers souhaitant d\u00e9velopper des connaissances et pratiques en l\u2019arboriculture raisonn\u00e9e dans un esprit de pr\u00e9servation [&hellip;]<\/p>\n","protected":false},"author":2171,"featured_media":0,"parent":64,"menu_order":0,"comment_status":"closed","ping_status":"closed","template":"","meta":{"_crdt_document":"","footnotes":""},"class_list":["post-117","page","type-page","status-publish","hentry"],"_links":{"self":[{"href":"https:\/\/www.kananas.com\/meusevergerstraditions\/wp-json\/wp\/v2\/pages\/117","targetHints":{"allow":["GET"]}}],"collection":[{"href":"https:\/\/www.kananas.com\/meusevergerstraditions\/wp-json\/wp\/v2\/pages"}],"about":[{"href":"https:\/\/www.kananas.com\/meusevergerstraditions\/wp-json\/wp\/v2\/types\/page"}],"author":[{"embeddable":true,"href":"https:\/\/www.kananas.com\/meusevergerstraditions\/wp-json\/wp\/v2\/users\/2171"}],"replies":[{"embeddable":true,"href":"https:\/\/www.kananas.com\/meusevergerstraditions\/wp-json\/wp\/v2\/comments?post=117"}],"version-history":[{"count":5,"href":"https:\/\/www.kananas.com\/meusevergerstraditions\/wp-json\/wp\/v2\/pages\/117\/revisions"}],"predecessor-version":[{"id":128,"href":"https:\/\/www.kananas.com\/meusevergerstraditions\/wp-json\/wp\/v2\/pages\/117\/revisions\/128"}],"up":[{"embeddable":true,"href":"https:\/\/www.kananas.com\/meusevergerstraditions\/wp-json\/wp\/v2\/pages\/64"}],"wp:attachment":[{"href":"https:\/\/www.kananas.com\/meusevergerstraditions\/wp-json\/wp\/v2\/media?parent=117"}],"curies":[{"name":"wp","href":"https:\/\/api.w.org\/{rel}","templated":true}]}}

<p>Views: 59</p><p>Créée le 18 février 2023, l’Association Meuse Vergers Traditions, est née de la volonté d’une poignée de petits propriétaires de Vergers familiaux de la Meuse de :</p>
<ul style="list-style-type: disc">
<li><b> </b><b>Regrouper et fédérer </b>les propriétaires, locataires, exploitants de vergers familiaux ou détenteurs d’arbres fruitiers souhaitant développer des connaissances et pratiques en l’arboriculture raisonnée dans un esprit de préservation de l’environnement et de la reconquête de la biodiversité et pour toutes personnes désireuses d’y contribuer.</li>
<li><b>Développer l’entraide et le partage entre ses membres </b>sur des sujets liés à l’arboriculture, l’entretien des vergers, la préparation des Fruits avant distillation, à la distillation qu’elle soit effectuée dans les syndicats communaux lorsqu’ils existent ou après de professionnels.</li>
<li><b>Transmettre l’héritage culturel et immatériel de traditions et pratiques ancestrales </b>que ce soit dans la préparation optimale des fruits (bouilleurs de crus), voire in fine de la distillation.</li>
<li><b>Réhabiliter, valoriser les vergers familiaux</b>, notamment ceux laissés à l’abandon ainsi que la vie sociale qui les entoure.</li>
<li><b>Promouvoir </b>la valorisation des fruits de nos vergers sous toutes leurs formes possibles, ainsi que l’activité et les professionnels qui nous ont rejoint qu’ils soient distillateurs professionnels ou transformateurs de fruits.</li>
<li><b>Défendre</b> les droits des bouilleurs de cru par leur rattachement à la FNSRPE..</li>
</ul>
<p><img loading="lazy" decoding="async" class=" wp-image-50 aligncenter" src="http://www.kananas.com/meusevergerstraditions/wp-content/uploads/sites/2085/2023/04/2023-02-18_MVT_Madine_030-300x146.jpg" alt="" width="628" height="306" srcset="https://www.kananas.com/meusevergerstraditions/wp-content/uploads/sites/2085/2023/04/2023-02-18_MVT_Madine_030-300x146.jpg 300w, https://www.kananas.com/meusevergerstraditions/wp-content/uploads/sites/2085/2023/04/2023-02-18_MVT_Madine_030-1024x498.jpg 1024w, https://www.kananas.com/meusevergerstraditions/wp-content/uploads/sites/2085/2023/04/2023-02-18_MVT_Madine_030-768x373.jpg 768w, https://www.kananas.com/meusevergerstraditions/wp-content/uploads/sites/2085/2023/04/2023-02-18_MVT_Madine_030-1536x747.jpg 1536w, https://www.kananas.com/meusevergerstraditions/wp-content/uploads/sites/2085/2023/04/2023-02-18_MVT_Madine_030-2048x996.jpg 2048w, https://www.kananas.com/meusevergerstraditions/wp-content/uploads/sites/2085/2023/04/2023-02-18_MVT_Madine_030-1200x583.jpg 1200w" sizes="auto, (max-width: 628px) 100vw, 628px" /></p>
<p>&nbsp;</p>
<p>&nbsp;</p>

<p>Views: 59Créée le 18 février 2023, l’Association Meuse Vergers Traditions, est née de la volonté d’une poignée de petits propriétaires de Vergers familiaux de la Meuse de :  Regrouper et fédérer les propriétaires, locataires, exploitants de vergers familiaux ou détenteurs d’arbres fruitiers souhaitant développer des connaissances et pratiques en l’arboriculture raisonnée dans un esprit de préservation [&hellip;]</p>
