{"id":373,"date":"2023-11-28T08:07:38","date_gmt":"2023-11-28T07:07:38","guid":{"rendered":"https:\/\/www.kananas.com\/meusevergerstraditions\/?page_id=373"},"modified":"2023-11-28T09:50:35","modified_gmt":"2023-11-28T08:50:35","slug":"ambulants-mvt","status":"publish","type":"page","link":"https:\/\/www.kananas.com\/meusevergerstraditions\/plus\/ambulants-mvt\/","title":{"rendered":"Bouilleurs ambulants et MVT"},"content":{"rendered":"<p>Views: 24<\/p><p>L&rsquo;association Meuse Vergers Traditions a d\u00e9velopp\u00e9 une relation de partenariat avec certains distillateurs ambulants, notamment du d\u00e9partement de la Meuse. Ce partenariat s\u2019appuie sur une relation gagnant-gagnant dans laquelle :<\/p>\n<ul style=\"list-style-type: disc\">\n<li>Les bouilleurs ambulants (distillateurs professionnels) sont visibles et donc promus, ainsi que leurs productions,\u00a0 au travers du r\u00e9seau de notre association.<\/li>\n<li>Les clients trouvent conseils et support dans la pr\u00e9paration des fruits avant distillation.<\/li>\n<li>Notre association adresse aux clients de ces professionnels des information utiles et r\u00e9guli\u00e8res et suscite l&rsquo;adh\u00e9sion.<\/li>\n<\/ul>\n<p><strong>Les objectifs sont :<\/strong><\/p>\n<ul style=\"list-style-type: circle\">\n<li><strong><span style=\"text-decoration: underline\">Pour les distillateurs ambulants<\/span> :<\/strong>\n<ul style=\"list-style-type: disc\">\n<li>Faire connaitre aux bouilleurs de cru en g\u00e9n\u00e9ral, la liste des distillateurs professionnels les plus proches de leur lieu de r\u00e9sidence (en Meuse).<\/li>\n<li>Aider ces professionnels, structures ou ateliers de distillation communaux ,et\u00a0 pour ceux qui le souhaitent, \u00e0 promouvoir leurs produits ou savoirs faire-sp\u00e9cifiques au travers de plaquettes de communication, triptyques, ou par le biais de notre site internet&#8230;<\/li>\n<\/ul>\n<\/li>\n<li><strong><span style=\"text-decoration: underline\">Pour les clients des distillateurs ambulants :<\/span><\/strong>\n<ul style=\"list-style-type: circle\">\n<li>Aider \u00e0 am\u00e9liorer le processus de fermentation des fruits par du conseil donn\u00e9s au clients des bouilleurs ambulants, que sont les bouilleurs de cru.<\/li>\n<li>Favoriser ainsi l&rsquo;obtention d&rsquo;une eau de vie de meilleure qualit\u00e9.<\/li>\n<\/ul>\n<\/li>\n<li><strong><span style=\"text-decoration: underline\">Pour notre association MVT<\/span> :<\/strong>\n<ul style=\"list-style-type: disc\">\n<li>Faire connaitre les actions men\u00e9es par la FNSRPE notamment dans la d\u00e9fense des droits du Bouilleur de cru.<\/li>\n<li>Susciter les adh\u00e9sions pour renforcer nos structures afin de continuer \u00e0 agir dans le cadre de la pr\u00e9servation de ces droits et d&rsquo;une production d&rsquo;eau de vie toujours de meilleur qualit\u00e9.<\/li>\n<\/ul>\n<\/li>\n<\/ul>\n<p><strong>Les conditions pour \u00eatre r\u00e9f\u00e9renc\u00e9 :<\/strong><\/p>\n<p>Pour \u00eatre r\u00e9f\u00e9renc\u00e9 le bouilleur ambulant doit:<\/p>\n<ul>\n<li>\u00catre membre de l&rsquo;Association MVT<\/li>\n<li>Accepter un libre \u00e9change et rencontres avec\u00a0 les membres de MVT ayant d\u00e9velopp\u00e9 une certaine expertise,\u00a0 afin de pouvoir \u00e9changer sur les bonnes pratiques de la distillation.<\/li>\n<li>Promouvoir notre association et de la FNSRPE en g\u00e9n\u00e9ral aupr\u00e8s de leurs clients par la diffusion, remise de flyer ou tout support mis \u00e0 disposition.<\/li>\n<li>Sur leur accord, communiquer noms et adresses e-mails des clients permettant de leur diffuser de l&rsquo;information sur la &lsquo;vie des bouilleurs de cru&rsquo;.<\/li>\n<\/ul>\n<p>En contrepartie :<\/p>\n<ul>\n<li>L&rsquo;association propose la conception gratuite de triptyque en support de communication au profit des bouilleurs ambulants, et sur le standard et charte graphique de la FNSRPE.<\/li>\n<li>Peut effectuer des commandes et achats group\u00e9s des triptyques au profit des distillateurs ambulants, et en fonction des compagnes de cr\u00e9ation.<\/li>\n<\/ul>\n<p>&nbsp;<\/p>\n","protected":false},"excerpt":{"rendered":"<p>Views: 24L&rsquo;association Meuse Vergers Traditions a d\u00e9velopp\u00e9 une relation de partenariat avec certains distillateurs ambulants, notamment du d\u00e9partement de la Meuse. Ce partenariat s\u2019appuie sur une relation gagnant-gagnant dans laquelle : Les bouilleurs ambulants (distillateurs professionnels) sont visibles et donc promus, ainsi que leurs productions,\u00a0 au travers du r\u00e9seau de notre association. Les clients trouvent [&hellip;]<\/p>\n","protected":false},"author":2171,"featured_media":0,"parent":370,"menu_order":0,"comment_status":"closed","ping_status":"closed","template":"","meta":{"_crdt_document":"","footnotes":""},"class_list":["post-373","page","type-page","status-publish","hentry"],"_links":{"self":[{"href":"https:\/\/www.kananas.com\/meusevergerstraditions\/wp-json\/wp\/v2\/pages\/373","targetHints":{"allow":["GET"]}}],"collection":[{"href":"https:\/\/www.kananas.com\/meusevergerstraditions\/wp-json\/wp\/v2\/pages"}],"about":[{"href":"https:\/\/www.kananas.com\/meusevergerstraditions\/wp-json\/wp\/v2\/types\/page"}],"author":[{"embeddable":true,"href":"https:\/\/www.kananas.com\/meusevergerstraditions\/wp-json\/wp\/v2\/users\/2171"}],"replies":[{"embeddable":true,"href":"https:\/\/www.kananas.com\/meusevergerstraditions\/wp-json\/wp\/v2\/comments?post=373"}],"version-history":[{"count":8,"href":"https:\/\/www.kananas.com\/meusevergerstraditions\/wp-json\/wp\/v2\/pages\/373\/revisions"}],"predecessor-version":[{"id":384,"href":"https:\/\/www.kananas.com\/meusevergerstraditions\/wp-json\/wp\/v2\/pages\/373\/revisions\/384"}],"up":[{"embeddable":true,"href":"https:\/\/www.kananas.com\/meusevergerstraditions\/wp-json\/wp\/v2\/pages\/370"}],"wp:attachment":[{"href":"https:\/\/www.kananas.com\/meusevergerstraditions\/wp-json\/wp\/v2\/media?parent=373"}],"curies":[{"name":"wp","href":"https:\/\/api.w.org\/{rel}","templated":true}]}}