{"id":385,"date":"2023-11-28T10:45:27","date_gmt":"2023-11-28T09:45:27","guid":{"rendered":"https:\/\/www.kananas.com\/meusevergerstraditions\/?page_id=385"},"modified":"2024-12-06T05:15:34","modified_gmt":"2024-12-06T04:15:34","slug":"liste-des-bouilleurs-ambulants","status":"publish","type":"page","link":"https:\/\/www.kananas.com\/meusevergerstraditions\/plus\/liste-des-bouilleurs-ambulants\/","title":{"rendered":"Liste des Bouilleurs Ambulants"},"content":{"rendered":"<p>Views: 71<\/p><p>Liste des Professionnels :\u00a0 Bouilleurs ambulants (Distillateurs professionnels) et transformateurs de Fruits, membres de l&rsquo;Association MVT :<\/p>\n<p><img loading=\"lazy\" decoding=\"async\" class=\" wp-image-1235 aligncenter\" src=\"http:\/\/www.kananas.com\/meusevergerstraditions\/wp-content\/uploads\/sites\/2085\/2024\/12\/2024-12-06_Liste_Bouilleurs-ambulants-1-296x300.jpg\" alt=\"\" width=\"749\" height=\"759\" srcset=\"https:\/\/www.kananas.com\/meusevergerstraditions\/wp-content\/uploads\/sites\/2085\/2024\/12\/2024-12-06_Liste_Bouilleurs-ambulants-1-296x300.jpg 296w, https:\/\/www.kananas.com\/meusevergerstraditions\/wp-content\/uploads\/sites\/2085\/2024\/12\/2024-12-06_Liste_Bouilleurs-ambulants-1-1010x1024.jpg 1010w, https:\/\/www.kananas.com\/meusevergerstraditions\/wp-content\/uploads\/sites\/2085\/2024\/12\/2024-12-06_Liste_Bouilleurs-ambulants-1-768x779.jpg 768w, https:\/\/www.kananas.com\/meusevergerstraditions\/wp-content\/uploads\/sites\/2085\/2024\/12\/2024-12-06_Liste_Bouilleurs-ambulants-1-1515x1536.jpg 1515w, https:\/\/www.kananas.com\/meusevergerstraditions\/wp-content\/uploads\/sites\/2085\/2024\/12\/2024-12-06_Liste_Bouilleurs-ambulants-1-2020x2048.jpg 2020w, https:\/\/www.kananas.com\/meusevergerstraditions\/wp-content\/uploads\/sites\/2085\/2024\/12\/2024-12-06_Liste_Bouilleurs-ambulants-1-1200x1217.jpg 1200w\" sizes=\"auto, (max-width: 749px) 100vw, 749px\" \/><\/p>\n<p>&nbsp;<\/p>\n<p>Ne pas h\u00e9sitez pas \u00e0 nous contacter pour tout renseignement compl\u00e9mentaire<\/p>\n","protected":false},"excerpt":{"rendered":"<p>Views: 71Liste des Professionnels :\u00a0 Bouilleurs ambulants (Distillateurs professionnels) et transformateurs de Fruits, membres de l&rsquo;Association MVT : &nbsp; Ne pas h\u00e9sitez pas \u00e0 nous contacter pour tout renseignement compl\u00e9mentaire<\/p>\n","protected":false},"author":2171,"featured_media":0,"parent":370,"menu_order":1,"comment_status":"closed","ping_status":"closed","template":"","meta":{"_crdt_document":"","footnotes":""},"class_list":["post-385","page","type-page","status-publish","hentry"],"_links":{"self":[{"href":"https:\/\/www.kananas.com\/meusevergerstraditions\/wp-json\/wp\/v2\/pages\/385","targetHints":{"allow":["GET"]}}],"collection":[{"href":"https:\/\/www.kananas.com\/meusevergerstraditions\/wp-json\/wp\/v2\/pages"}],"about":[{"href":"https:\/\/www.kananas.com\/meusevergerstraditions\/wp-json\/wp\/v2\/types\/page"}],"author":[{"embeddable":true,"href":"https:\/\/www.kananas.com\/meusevergerstraditions\/wp-json\/wp\/v2\/users\/2171"}],"replies":[{"embeddable":true,"href":"https:\/\/www.kananas.com\/meusevergerstraditions\/wp-json\/wp\/v2\/comments?post=385"}],"version-history":[{"count":42,"href":"https:\/\/www.kananas.com\/meusevergerstraditions\/wp-json\/wp\/v2\/pages\/385\/revisions"}],"predecessor-version":[{"id":1236,"href":"https:\/\/www.kananas.com\/meusevergerstraditions\/wp-json\/wp\/v2\/pages\/385\/revisions\/1236"}],"up":[{"embeddable":true,"href":"https:\/\/www.kananas.com\/meusevergerstraditions\/wp-json\/wp\/v2\/pages\/370"}],"wp:attachment":[{"href":"https:\/\/www.kananas.com\/meusevergerstraditions\/wp-json\/wp\/v2\/media?parent=385"}],"curies":[{"name":"wp","href":"https:\/\/api.w.org\/{rel}","templated":true}]}}