{"id":1022,"date":"2018-04-23T18:29:10","date_gmt":"2018-04-23T16:29:10","guid":{"rendered":"http:\/\/www.kananas.com\/monassociation2118\/?page_id=1022"},"modified":"2024-03-05T19:52:51","modified_gmt":"2024-03-05T18:52:51","slug":"formations","status":"publish","type":"page","link":"https:\/\/www.kananas.com\/monassociation2118\/formations\/","title":{"rendered":"Formations"},"content":{"rendered":"<p>&nbsp;<\/p>\n<p><strong><img loading=\"lazy\" decoding=\"async\" class=\"wp-image-1591 alignnone\" src=\"http:\/\/www.kananas.com\/monassociation2118\/wp-content\/uploads\/sites\/597\/2018\/10\/hygiene-banniere.jpg\" alt=\"\" width=\"293\" height=\"123\" srcset=\"https:\/\/www.kananas.com\/monassociation2118\/wp-content\/uploads\/sites\/597\/2018\/10\/hygiene-banniere.jpg 800w, https:\/\/www.kananas.com\/monassociation2118\/wp-content\/uploads\/sites\/597\/2018\/10\/hygiene-banniere-300x126.jpg 300w, https:\/\/www.kananas.com\/monassociation2118\/wp-content\/uploads\/sites\/597\/2018\/10\/hygiene-banniere-768x323.jpg 768w\" sizes=\"auto, (max-width: 293px) 100vw, 293px\" \/><\/strong><\/p>\n<p><span style=\"font-size: 18pt\"><strong>Formation Hygi\u00e8ne<\/strong><\/span><\/p>\n<p><strong>\u00a0Auvergne &#8211; Rh\u00f4ne-Alpes<\/strong><\/p>\n<p>DU \u00ab\u00a0Hygi\u00e8ne Hospitali\u00e8re, pr\u00e9vention des infections nosocomiales\u00a0\u00bb<br \/>\nUniversit\u00e9 de Clermont-Ferrand 1, O. Traore<br \/>\n<a href=\"http:\/\/medecine.u-clermont1.fr\/du.html\">Information<\/a><\/p>\n<p>AEU \u00ab\u00a0Epid\u00e9miologie : m\u00e9thodes et champs d&rsquo;application\u00a0\u00bb<br \/>\nUniversit\u00e9 Claude Bernard Lyon I<br \/>\n<a href=\"http:\/\/offre-de-formations.univ-lyon1.fr\/parcours-514\/epidemiologie-:-methodes-et-champs-d-application.html\">Information<\/a><\/p>\n<p>DIU \u00ab\u00a0Etudes Sup\u00e9rieures de St\u00e9rilisation Hospitali\u00e8re\u00a0\u00bb<br \/>\nUniversit\u00e9 Claude Bernard Lyon I, Universite Joseph Fourier Grenoble, D. Goullet<br \/>\n<a href=\"http:\/\/afs.asso.fr\/cms\/index.php?page=diu-grenoble-et-lyon\">Information<\/a><\/p>\n<p>DIU \u00ab\u00a0Infectiologie et hygi\u00e8ne hospitali\u00e8re\u00a0\u00bb<br \/>\nUniversit\u00e9 Jean Monnet St Etienne, Universit\u00e9 Claude Bernard Lyon I<br \/>\n<a href=\"http:\/\/offre-de-formations.univ-lyon1.fr\/parcours-634\/infectiologie-et-hygiene-hospitaliere.html\">Information<\/a><\/p>\n<p>DIU \u00ab\u00a0Gestion des risques associ\u00e9s aux soins (GedRas)\u00a0\u00bb<br \/>\nUniversit\u00e9 Jean Monnet St Etienne, Universit\u00e9 Joseph Fourier Grenoble, Universit\u00e9 Claude Bernard Lyon I<br \/>\n<a href=\"http:\/\/www.cpias.fr\/New\/formation\/www.cclin-arlin.fr\/Formation\/DIU_GedRas.doc?RH=ACCUEIL\">Information<\/a><\/p>\n<p>DU \u00ab\u00a0Infirmier en hygi\u00e8ne hospitali\u00e8re\u00a0\u00bb<br \/>\nUniversit\u00e9 Jean Monnet St Etienne<br \/>\n<a href=\"https:\/\/www.univ-st-etienne.fr\/fr\/formation\/du-sante-ZN\/sciences-technologies-sante-STS\/du-infirmier-en-hygiene-program-du-infirmier-en-hygiene-hospitaliere.html\">Information<\/a><\/p>\n<p>DU \u00ab\u00a0Strat\u00e9gie globale en hygi\u00e8ne, qualit\u00e9 et gestion des risques li\u00e9s aux soins\u00a0\u00bb<br \/>\nUniversit\u00e9 Claude Bernard Lyon I<br \/>\n<a href=\"http:\/\/offre-de-formations.univ-lyon1.fr\/parcours-667\/strategie-globale-en-hygiene,-qualite-et-gestion-des-risques-lies-aux-soins.html\">Information<\/a><\/p>\n<p><strong>\u00a0Bourgogne &#8211; Franche-Comt\u00e9<\/strong><\/p>\n<p>DU \u00ab\u00a0Hygi\u00e8ne hospitali\u00e8re\u00a0\u00bb<br \/>\nUniversit\u00e9 de Franche-Comt\u00e9, Besan\u00e7on<br \/>\n<a href=\"http:\/\/formations.univ-fcomte.fr\/ws?_profil=ufc&amp;_cmd=getFormation&amp;_oid=CDM-PROG18495&amp;_redirect=voir_fiche_program&amp;_lang=fr-FR&amp;_onglet=description\">Information<\/a><\/p>\n<p><strong>\u00a0Bretagne<\/strong><\/p>\n<p>DU \u00ab\u00a0Hygi\u00e8ne hospitali\u00e8re\u00a0\u00bb<br \/>\nUniversit\u00e9 de Bretagne Occidentale, Brest, Pr Payan, O. Praces<br \/>\n<a href=\"https:\/\/formations.univ-brest.fr\/fiche\/FR_RNE_0290346U_PROG20141\/presentation\">Information<\/a><\/p>\n<p><strong>\u00a0Centre &#8211; Val de Loire<\/strong><\/p>\n<p>DIU et Attestation Hygi\u00e8ne hospitali\u00e8re et gestion des risques infectieux en \u00e9tablissement de sant\u00e9<br \/>\nUniversit\u00e9 Fran\u00e7ois-Rabelais, Tours, Pr Quentin, O. Castel, L. van Hauwe<br \/>\n<a href=\"http:\/\/formation-continue.univ-tours.fr\/offre-de-formations\/hygiene-hospitaliere-attestation-et-diu--359436.kjsp?RH=1178118570113\">Information<\/a><\/p>\n<p><strong>\u00a0Grand Est (Alsace &#8211; Champagne-Ardennes &#8211; Lorraine)<\/strong><\/p>\n<p>DU \u00ab\u00a0Hygi\u00e8ne Hospitali\u00e8re et Pr\u00e9vention des Infections Associ\u00e9es aux Soins\u00a0\u00bb (DUPIAS)<br \/>\nFacult\u00e9 de m\u00e9decine de Nancy<br \/>\n<a href=\"http:\/\/medecine.univ-lorraine.fr\/fr\/formation-continue\/du-diu\/fr\">Information<\/a><\/p>\n<p>Licence Professionnelle \u00ab\u00a0Gestion du risque infectieux associ\u00e9 aux soins\u00a0\u00bb<br \/>\nUniversit\u00e9 de Strasbourg<br \/>\n<a href=\"http:\/\/www.grias.fr\/\">Information<\/a><\/p>\n<p><strong>\u00a0Hauts-de-France (Nord-Pas de Calais &#8211; Picardie)<\/strong><\/p>\n<p>DU \u00ab\u00a0Biostatistiques appliqu\u00e9es \u00e0 la recherche clinique et \u00e0 l&rsquo;\u00e9pid\u00e9miologie\u00a0\u00bb<br \/>\nUniversit\u00e9 du droit et de la sant\u00e9 Lille II, A. Duhamel, R. Bescart<br \/>\n<a href=\"http:\/\/www.cesam.upmc.fr\/\">Information<\/a><\/p>\n<p>DU \u00ab\u00a0Hygi\u00e8ne hospitali\u00e8re et pr\u00e9vention des infections associ\u00e9es aux soins\u00a0\u00bb<br \/>\nUniversit\u00e9 Jules Verne de Picardie Amiens, S. Castelain, C. Adjid\u00e9<br \/>\n<a href=\"http:\/\/www.cpias.fr\/formation\/Inscription_DUHH_Amiens2019-2020.pdf\">Information<\/a><\/p>\n<p><strong>\u00a0Ile-de-France<\/strong><\/p>\n<p>DU \u00ab\u00a0Analyse et gestion des risques en sant\u00e9\u00a0\u00bb<br \/>\nUniversit\u00e9 Paris Descartes Paris V, Pr Trouvin et Arnaud<br \/>\n<a href=\"http:\/\/www.scfc.parisdescartes.fr\/index.php\/descartes\/formations\/pharmacie\/pharmacie-hospitaliere\/du-analyse-et-gestion-des-risques-en-sante\">Information<\/a><\/p>\n<p>DIU \u00ab\u00a0Gestion des infections et soins compl\u00e9mentaires en onco-h\u00e9matologie\u00a0\u00bb<br \/>\nUniversit\u00e9 Paris Sud 11 Cr\u00e9teil<br \/>\n<a href=\"http:\/\/www.u-pec.fr\/pratiques\/universite\/presentation\/diu-gestion-des-infections-et-soins-complementaires-en-onco-hematologie-giscoh--322251.kjsp?RH=UNI_ORG\">Information<\/a><\/p>\n<p>DU \u00ab\u00a0Gestion des risques en milieu de soins\u00a0\u00bb<br \/>\nUniversit\u00e9 Pierre et Marie Curie Paris 6, P. Astagneau<br \/>\n<a href=\"http:\/\/www.fmpmc.upmc.fr\/_resources\/Faculte\/Administration\/Scolarites\/3ecycle\/2015-2016\/fiches_DU_DIU\/Gestion_des_risques_en_milieu_de_soins_D300.pdf?download=true\">Information<\/a><\/p>\n<p>DU \u00ab\u00a0Gestion du risque infectieux associ\u00e9 aux profesionnels de sant\u00e9 dans les \u00e9tablissements de soins<br \/>\nGERES, Universit\u00e9 Paris Diderot<br \/>\n<a href=\"http:\/\/www.geres.org\/08_acpr\/08_dipu.htm\">Information<\/a><\/p>\n<p>DIU \u00ab\u00a0Infectiologie du sujet \u00e2g\u00e9\u00a0\u00bb<br \/>\nUniversit\u00e9s Paris 6, Paris Est Cr\u00e9teil-Val de Marne, E. Cambau, Belmin<br \/>\n<a href=\"http:\/\/medecine.u-pec.fr\/formations\/diu-infectiologie-du-sujet-age-559752.kjsp\">Information<\/a><\/p>\n<p>DIU \u00ab\u00a0Infections nosocomiales et hygi\u00e8ne hospitali\u00e8re\u00a0\u00bb<br \/>\nUniversit\u00e9s Paris 5, Paris 6, Paris 7, P. Astagneau<br \/>\n<a href=\"http:\/\/www.scfc.parisdescartes.fr\/index.php\/descartes\/formations\/pharmacie\/pharmacie-hospitaliere\/diu-infections-nosocomiales-et-hygiene-hospitaliere\">Information<\/a><\/p>\n<p>DU \u00ab\u00a0Statistiques appliqu\u00e9es \u00e0 la recherche clinique, \u00e0 l&rsquo;\u00e9pid\u00e9miologie et \u00e0 la biologie m\u00e9dicale\u00a0\u00bb<br \/>\nUniversit\u00e9 Pierre et Marie Curie Paris 6, G. Br\u00e9art, M. Mesbah<br \/>\n<a href=\"http:\/\/www.univ-paris-diderot.fr\/sc\/site.php?bc=formations&amp;np=ORGANDIP?ND=168\">Information<\/a><\/p>\n<p>DIU \u00ab\u00a0Sciences de la qualit\u00e9 et \u00e9tablissements de sant\u00e9\u00a0\u00bb<br \/>\nUniversit\u00e9 Paris Descartes Paris 5, P. Triadou<br \/>\n<a href=\"http:\/\/www.scfc.parisdescartes.fr\/index.php\/descartes\/formations\/medecine\/epidemiologie-sante-publique-pedagogie\/diu-sciences-de-la-qualite-et-etablissements-de-sante\">Information<\/a><\/p>\n<p>DU \u00ab\u00a0St\u00e9rilisation des m\u00e9dicaments et des dispositifs m\u00e9dicaux\u00a0\u00bb<br \/>\nUniversit\u00e9 Paris Descartes Paris 5, D. Brossard<br \/>\n<a href=\"http:\/\/www.scfc.parisdescartes.fr\/index.php\/descartes\/formations\/pharmacie\/pharmacie-hospitaliere\/du-sterilisation-des-medicaments-et-des-dispositifs-medicaux\">Information<\/a><\/p>\n<p><strong>\u00a0Normandie<\/strong><\/p>\n<p>DU \u00ab\u00a0Pr\u00e9vention des infections nosocomiales et qualit\u00e9 des soins\u00a0\u00bb<br \/>\nUniversit\u00e9 de Caen<br \/>\n<a href=\"http:\/\/www.fied.fr\/fr\/formations\/du-DUF\/sante-26\/du-d-hygiene-prevention-des-infections-nosocomiales-et-qualite-des-soins-program-1333.html\">Information<\/a><\/p>\n<p>DU \u00ab\u00a0Pr\u00e9vention des infections nosocomiales et qualit\u00e9 des soins\u00a0\u00bb<br \/>\nUniversit\u00e9 de Rouen, V. Merle<br \/>\n<a href=\"http:\/\/www.cclinparisnord.org\/Enseignements\/DU_Rouen_2016.pdf\">Plaquette<\/a>\u00a0&#8211;\u00a0<a href=\"http:\/\/www.cclinparisnord.org\/Enseignements\/DU_Rouen_Prog2016.doc\">Calendrier 2016<\/a><\/p>\n<p><strong>\u00a0Nouvelle Aquitaine (Aquitaine &#8211; Limousin &#8211; Poitou-Charentes)<\/strong><\/p>\n<p>DU \u00ab\u00a0Hygi\u00e8ne hospitali\u00e8re et pr\u00e9vention des infections associ\u00e9es aux soins\u00a0\u00bb<br \/>\nUniversit\u00e9 Victor Segalen Bordeaux II, A.M. Rogues<br \/>\n<a href=\"http:\/\/www.u-bordeaux.fr\/formation\/PRSU064_1\/diplome-d-universite-hygiene-hospitaliere-et-prevention-des-infections-associees-aux-soins\">Information<\/a><\/p>\n<p>DU \u00ab\u00a0M\u00e9thodes et pratique en \u00e9pid\u00e9miologie\u00a0\u00bb<br \/>\nUniversit\u00e9 Victor Segalen Bordeaux II, G. Chene<br \/>\n<a href=\"http:\/\/www.u-bordeaux.fr\/formation\/PRSU154_1\/diplome-d-universite-methodes-et-pratique-en-epidemiologie-enseignement-via-internet\">Information<\/a><\/p>\n<p>DU \u00ab\u00a0St\u00e9rilisation\u00a0\u00bb<br \/>\nUniversit\u00e9 Victor Segalen Bordeaux II, Pr Saux<br \/>\n<a href=\"http:\/\/www.u-bordeaux.fr\/formation\/PRPUSTR_1\/diplome-d-universite-de-sterilisation\">Information<\/a><\/p>\n<p>DU \u00ab\u00a0Hygi\u00e8ne hospitali\u00e8re et de gestion des risques infectieux en \u00e9tablissements de soins\u00a0\u00bb<br \/>\nUniversit\u00e9 de Poitiers<br \/>\n<a href=\"http:\/\/www.univ-poitiers.fr\/formation\/nos-formations\/par-diplome\/diplomes-d-universite-du-\/du-medecine-pharmacie\/diu-hygiene-hospitaliere-et-de-gestion-des-risques-infectieux-en-etablissements-de-soins-10953.kjsp\">Information<\/a><\/p>\n<p>DU \u00ab\u00a0D\u00e9sinfection et st\u00e9rilisation des dispositifs m\u00e9dicaux\u00a0\u00bb<br \/>\nUniversit\u00e9 de Poitiers<br \/>\n<a href=\"http:\/\/www.univ-poitiers.fr\/formation\/nos-formations\/par-diplome\/diplomes-d-universite-du-\/du-medecine-pharmacie\/diplome-d-universite-desinfection-et-sterilisation-des-dispositifs-medicaux-du--938641.kjsp?RH=1352737484218\">Information<\/a><\/p>\n<p><strong>\u00a0Occitanie (Languedoc-Roussillon &#8211; Midi-Pyr\u00e9n\u00e9es)<\/strong><\/p>\n<p>DU \u00ab\u00a0Hygi\u00e8ne hospitali\u00e8re\u00a0\u00bb<br \/>\nUniversit\u00e9 Montpellier I, Pr Daures, Dr Cazaban<br \/>\n<a href=\"http:\/\/du.med.univ-montp1.fr\/fmc\/du-hygiene-hospitaliere-64.html\">Information<\/a><\/p>\n<p>DU \u00ab\u00a0Hygi\u00e8ne hospitali\u00e8re\u00a0\u00bb<br \/>\nUniversit\u00e9 Paul Sabatier Toulouse, N. Marty<br \/>\n<a href=\"http:\/\/www.univ-tlse3.fr\/hygiene-hospitaliere-niveau-1--366108.kjsp?RH=rub02\">Information<\/a><\/p>\n<p><strong>\u00a0Pays de la Loire<\/strong><\/p>\n<p>DU \u00ab\u00a0Hygi\u00e8ne et \u00e9pid\u00e9miologie infectieuse\u00a0\u00bb<br \/>\nUniversit\u00e9 de Nantes, Pr Lepelletier, J. Chatelain<br \/>\n<a href=\"http:\/\/www.medecine.univ-nantes.fr\/1184660407771\/0\/fiche___formation\/&amp;RH=1182868390315\">Information<\/a><\/p>\n<p>DU \u00ab\u00a0St\u00e9rilisation en milieu hospitalier et industriel\u00a0\u00bb<br \/>\nUniversit\u00e9 de Nantes, G. Grimandi, A. Dantas<br \/>\n<a href=\"http:\/\/www.univ-nantes.fr\/3381\/0\/fiche___formation\/&amp;RH=INSTITUTIONNEL\">Information<\/a><\/p>\n<p>DU \u00ab\u00a0Gestion des risques dans la prise en charge des patients en \u00e9tablissements de sant\u00e9\u00a0\u00bb<br \/>\nUniversit\u00e9 d&rsquo;Angers, Pr Granry, Dr Moll<br \/>\n<a href=\"http:\/\/fcsante.univ-angers.fr\/fr\/acces-direct\/formations\/diplome-d-universite-3eme-cycle-DUC3\/sciences-technologies-sante-04\/du-gestion-des-risques-dans-la-prise-en-charge-des-patients-en-ets-de-sante-program-mdu3-1.html\">Information<\/a><\/p>\n<p><strong>\u00a0Provence &#8211; Alpes &#8211; C\u00f4te d&rsquo;Azur<\/strong><\/p>\n<p>DU \u00ab\u00a0Hygi\u00e8ne hospitali\u00e8re et gestion de la contagion\u00a0\u00bb<br \/>\nFacult\u00e9 de m\u00e9decine de Marseille, Pr P.E. Fournier, Pr F. Fenollar<br \/>\n<a href=\"http:\/\/www.mediterranee-infection.com\/article.php?laref=460&amp;titre=diplome-universitaire-d-hygiene-hospitaliere-et-gestion-de-la-contagion\">Information<\/a><\/p>\n<p>DU Hygi\u00e8ne hospitali\u00e8re et \u00e9cologie microbienne<br \/>\nUniversit\u00e9 de Nice &#8211; Sophia Antipolis, Dr T. Fosse, Dr M. Brousse<br \/>\n<a href=\"http:\/\/www.cpias.fr\/formation\/Nice_hygiene-hospitaliere-et-ecologie-microbienne.pdf\">Information<\/a><\/p>\n<p>DU Gestion de la qualit\u00e9, certification, pr\u00e9vention des risques dans les \u00e9tablissements de sant\u00e9<br \/>\nUniversit\u00e9 de Nice &#8211; Sophia Antipolis, Pr M. Raucoules-Aim\u00e9, Pr J.F. Quaranta, Pr P. Staccini<br \/>\n<a href=\"http:\/\/www.cpias.fr\/formation\/Nice_gestion-de-la-qualite.pdf\">Information<\/a><\/p>\n<p>DU \u00ab\u00a0Pr\u00e9vention et gestion des risques li\u00e9s \u00e0 l&rsquo;hygi\u00e8ne\u00a0\u00bb<br \/>\nAix-Marseille Universit\u00e9, Sylvain Leduc<br \/>\n<a href=\"https:\/\/fpc.univ-amu.fr\/formations-courtes-hygiene-gestion-risques-sante\">Information<\/a><\/p>\n<p><span style=\"font-size: 18pt\"><strong>Formation NRBC<\/strong><\/span><\/p>\n<p><img loading=\"lazy\" decoding=\"async\" class=\"alignnone size-full wp-image-2218\" src=\"http:\/\/www.kananas.com\/monassociation2118\/wp-content\/uploads\/sites\/597\/2019\/02\/330px-Pompier_en_combinaison_filtrante_polycombi.jpg\" alt=\"\" width=\"330\" height=\"495\" srcset=\"https:\/\/www.kananas.com\/monassociation2118\/wp-content\/uploads\/sites\/597\/2019\/02\/330px-Pompier_en_combinaison_filtrante_polycombi.jpg 330w, https:\/\/www.kananas.com\/monassociation2118\/wp-content\/uploads\/sites\/597\/2019\/02\/330px-Pompier_en_combinaison_filtrante_polycombi-200x300.jpg 200w\" sizes=\"auto, (max-width: 330px) 100vw, 330px\" \/><\/p>\n<p><strong>\u00a0PARIS-Val de Grace<\/strong><\/p>\n<p>DU NRBC-e<br \/>\nParis Ecole du Val de Grace,\u00a0\u00a0Professeur Fran\u00e7ois PONS, Co-responsable\u00a0: Professeur Christophe RENARD.<br \/>\n<a href=\"https:\/\/fpc.univ-amu.fr\/formations-courtes-hygiene-gestion-risques-sante\">Information<\/a><\/p>\n<p>Master NRBC-e<br \/>\nParis Ecole du Val de Grace,\u00a0\u00a0Professeur Fran\u00e7ois PONS, Co-responsable\u00a0: Professeur Christophe RENARD.<br \/>\n<a href=\"http:\/\/www.ecole-valdegrace.sante.defense.gouv.fr\/les-formations\/les-masters\/master-nrbc-e\">Information<\/a><\/p>\n<p><strong>\u00a0Mulhouse<\/strong><\/p>\n<p>Dipl\u00f4me d&rsquo;Universit\u00e9 Tactiques et techniques d&rsquo;intervention face aux risques et menaces NRBC<br \/>\nUniversit\u00e9 de Mulhouse,\u00a0St\u00e9phanie FREITAG, Ma\u00eetre de conf\u00e9rences, ENSCMu<br \/>\n<a href=\"http:\/\/www.serfa.fr\/formation-a-distance\/formations-mixtes\/d-u-tactiques-et-techniques-d-intervention-face-aux-risques-et-menaces-nrbc.html?div=methodes#methodes\">Information<\/a><\/p>\n<p><strong>Aix-en-Provence<\/strong><\/p>\n<p><a href=\"https:\/\/www.kananas.com\/monassociation2118\/wp-content\/uploads\/sites\/597\/2024\/03\/CNCMFE-Modules-1-a-4.pdf\">CNCMFE Modules 1 a 4<\/a><\/p>\n<p><span style=\"font-size: 18pt\"><strong>Formation TOXICOLOGIE M\u00c9DICALE<\/strong><\/span><\/p>\n<p><img loading=\"lazy\" decoding=\"async\" class=\"alignnone size-full wp-image-2580\" src=\"http:\/\/www.kananas.com\/monassociation2118\/wp-content\/uploads\/sites\/597\/2019\/08\/medicaments.jpg\" alt=\"\" width=\"250\" height=\"200\" \/><\/p>\n<p><strong>\u00a0Angers<\/strong><\/p>\n<p>DIU Toxicologie Clinique<br \/>\nUniversit\u00e9 d&rsquo;Anger, Responsable Dr Le Roux<br \/>\n<a href=\"http:\/\/formations.univ-angers.fr\/fr\/offre-de-formation\/diplome-d-universite-3eme-cycle-DUC3\/sciences-technologies-sante-04\/du-toxicologie-clinique-program-mduto-1.html#programContent574cef60-cae7-4451-a44e-ded885f06980-2\">Information<\/a><\/p>\n<p><strong>\u00a0Bordeaux<\/strong><\/p>\n<p>DIU Toxicologie M\u00e9dicale<br \/>\nH\u00f4pital Pelgrin,<br \/>\n<a href=\"https:\/\/www.u-bordeaux.fr\/formation\/2018\/PRSV169_101\/diplome-inter-universitaire-toxicologie-medicale\">Information<\/a><\/p>\n<p><strong>\u00a0Lille<\/strong><\/p>\n<p>DIU Toxicologie M\u00e9dicale<br \/>\nUniversit\u00e9 de Lille<br \/>\n<a href=\"https:\/\/www.univ-lille.fr\/formations\/fr-MDUTX216.html\">Information<\/a><\/p>\n<p><strong>Montpellier-N\u00eemes<\/strong><\/p>\n<p>DIU Toxicologie d&rsquo;urgence avec pratique en simulation<br \/>\n<a href=\"https:\/\/du-diu-facmedecine.umontpellier.fr\/diplome-toxicologie-durgence-avec-pratiques-en-simulation-121\">Information<\/a><\/p>\n<p><strong>Paris<\/strong><\/p>\n<p>DIU Toxicologie M\u00e9dicale<br \/>\nParis Descartes,<br \/>\n<a href=\"https:\/\/odf.parisdescartes.fr\/fr\/formations\/feuilleter-le-catalogue\/sciences-technologies-sante-STS\/diplome-d-universite-1\/diu-toxicologie-medicale-program-diu-medecine-toxicologie-medicale.html#programContent93b2c156-2ef1-41ed-98d3-e41643161e8c-5\">Information<\/a><\/p>\n<p><strong><span style=\"font-size: 18pt\">Formation M\u00c9DECINE DE CATASTROPHE<\/span><br \/>\n<\/strong><\/p>\n<p><img loading=\"lazy\" decoding=\"async\" class=\"alignnone wp-image-2585\" src=\"http:\/\/www.kananas.com\/monassociation2118\/wp-content\/uploads\/sites\/597\/2019\/08\/MDC.png\" alt=\"\" width=\"396\" height=\"229\" srcset=\"https:\/\/www.kananas.com\/monassociation2118\/wp-content\/uploads\/sites\/597\/2019\/08\/MDC.png 666w, https:\/\/www.kananas.com\/monassociation2118\/wp-content\/uploads\/sites\/597\/2019\/08\/MDC-300x173.png 300w\" sizes=\"auto, (max-width: 396px) 100vw, 396px\" \/><\/p>\n<p><strong>Universit\u00e9 Paris-Est Cr\u00e9teil Val de Marne<\/strong><\/p>\n<p>Capacit\u00e9 M\u00e9decine de catastrophe<br \/>\n<a href=\"http:\/\/www.u-pec.fr\/formation\/formation-continue\/capacite-de-medecine-de-catastrophe-23652.kjsp?RH=FOR_FC\">Information<\/a><\/p>\n<p>DU Expertise dans la gestion des interventions d\u2019urgence sanitaire<br \/>\n<a href=\"http:\/\/www.u-pec.fr\/du-expertise-dans-la-gestion-des-interventions-d-urgence-sanitaire-476986.kjsp\">Information<\/a><\/p>\n<p><strong>Universit\u00e9s Paris-Descartes, Paris 6, Paris Diderot, Paris 13, Lille, Service de Sant\u00e9 des Arm\u00e9es<\/strong><\/p>\n<p class=\"g-color-white g-font-size-46--md g-font-size-30 g-font-weight-300 g-line-height-1\"><span class=\"content-title summary\">DU Urgences des temps de crise<br \/>\n<a href=\"https:\/\/odf.parisdescartes.fr\/fr\/formations\/feuilleter-le-catalogue\/sciences-technologies-sante-STS\/diplome-d-universite-1\/du-urgences-des-temps-de-crise-program-xun6-131.html#programContent7dc44513-3d54-4b3f-a8b4-3f70bc86b3d5-2\">Information<\/a><\/span><\/p>\n<p><strong>Bordeaux<\/strong><\/p>\n<p>DU D\u00e9sastre sanitaire<br \/>\n<a href=\"https:\/\/www.u-bordeaux.fr\/formation\/PRSU032_1\/diplome-d-universite-desastres-sanitaires\">Information<\/a><\/p>\n<p><strong>CHU Amiens-Picardie &#8211; SimuSant\u00e9<\/strong><\/p>\n<p>DU de Soins d\u2019urgences en situation d\u2019exception<br \/>\n<a href=\"https:\/\/simusante.com\/formation\/diplome-universitaire-soins-urgences-situation-exception\/\">Information<\/a><\/p>\n<p><strong>Nancy &#8211; Universit\u00e9 de Lorraine<\/strong><\/p>\n<p>Dipl\u00f4me Universitaire M\u00e9decine de catastrophe<br \/>\n<a href=\"https:\/\/formations.univ-lorraine.fr\/diplome-d-universite-du-diplome-inter-universitaire-diu\/2657-diplome-universitaire-medecine-de-catastrophe.html\">Information<\/a><\/p>\n<hr \/>\n<p><span style=\"font-size: 12pt\"><em>Pour faire apparaitre une formation sur cette page, envoyez un email \u00e0 <\/em><a href=\"mailto:alphasis.association@gmail.com\"><em>alphasis.association@gmail.com<\/em> <\/a><\/span><\/p>\n<hr \/>\n","protected":false},"excerpt":{"rendered":"<p>&nbsp; Formation Hygi\u00e8ne \u00a0Auvergne &#8211; Rh\u00f4ne-Alpes DU \u00ab\u00a0Hygi\u00e8ne Hospitali\u00e8re, pr\u00e9vention des infections nosocomiales\u00a0\u00bb Universit\u00e9 de Clermont-Ferrand 1, O. Traore Information AEU \u00ab\u00a0Epid\u00e9miologie : m\u00e9thodes et champs d&rsquo;application\u00a0\u00bb Universit\u00e9 Claude Bernard Lyon I Information DIU \u00ab\u00a0Etudes Sup\u00e9rieures de St\u00e9rilisation Hospitali\u00e8re\u00a0\u00bb Universit\u00e9&hellip; <\/p>\n","protected":false},"author":613,"featured_media":1088,"parent":0,"menu_order":0,"comment_status":"closed","ping_status":"closed","template":"","meta":{"_crdt_document":"","footnotes":""},"class_list":["post-1022","page","type-page","status-publish","has-post-thumbnail","hentry"],"_links":{"self":[{"href":"https:\/\/www.kananas.com\/monassociation2118\/wp-json\/wp\/v2\/pages\/1022","targetHints":{"allow":["GET"]}}],"collection":[{"href":"https:\/\/www.kananas.com\/monassociation2118\/wp-json\/wp\/v2\/pages"}],"about":[{"href":"https:\/\/www.kananas.com\/monassociation2118\/wp-json\/wp\/v2\/types\/page"}],"author":[{"embeddable":true,"href":"https:\/\/www.kananas.com\/monassociation2118\/wp-json\/wp\/v2\/users\/613"}],"replies":[{"embeddable":true,"href":"https:\/\/www.kananas.com\/monassociation2118\/wp-json\/wp\/v2\/comments?post=1022"}],"version-history":[{"count":27,"href":"https:\/\/www.kananas.com\/monassociation2118\/wp-json\/wp\/v2\/pages\/1022\/revisions"}],"predecessor-version":[{"id":4019,"href":"https:\/\/www.kananas.com\/monassociation2118\/wp-json\/wp\/v2\/pages\/1022\/revisions\/4019"}],"wp:featuredmedia":[{"embeddable":true,"href":"https:\/\/www.kananas.com\/monassociation2118\/wp-json\/wp\/v2\/media\/1088"}],"wp:attachment":[{"href":"https:\/\/www.kananas.com\/monassociation2118\/wp-json\/wp\/v2\/media?parent=1022"}],"curies":[{"name":"wp","href":"https:\/\/api.w.org\/{rel}","templated":true}]}}