{"id":159,"date":"2017-02-28T11:08:42","date_gmt":"2017-02-28T10:08:42","guid":{"rendered":"http:\/\/www.kananas.com\/moto-clubleskochersbikers851\/?page_id=159"},"modified":"2025-05-17T16:04:25","modified_gmt":"2025-05-17T14:04:25","slug":"annee-2012","status":"publish","type":"page","link":"https:\/\/www.kananas.com\/moto-clubleskochersbikers851\/annee-2012\/","title":{"rendered":"Ann\u00e9es 2012\/2013"},"content":{"rendered":"<table style=\"width: 100%\">\n<tbody>\n<tr style=\"height: 19px\">\n<td style=\"height: 19px;width: 8.53569%\">2012<\/td>\n<td style=\"height: 19px;width: 43.8558%\"><a href=\"https:\/\/photos.app.goo.gl\/tztdvmBM4v8QSnQG7\" target=\"_blank\" rel=\"noopener noreferrer\"><span style=\"color: #0066cc\">16 septembre 2012 Sortie MCK<\/span><\/a><\/td>\n<td style=\"height: 19px;width: 47.5349%\"><a href=\"https:\/\/photos.app.goo.gl\/uXKapvsPFftMwDkEA\" target=\"_blank\" rel=\"noopener noreferrer\"><span style=\"color: #0066cc\">14 septembre 2012 Soir\u00e9e inaugurale<\/span><\/a><\/td>\n<\/tr>\n<tr style=\"height: 19px\">\n<td style=\"height: 19px;width: 8.53569%\"><\/td>\n<td style=\"height: 19px;width: 43.8558%\"><a href=\"https:\/\/photos.app.goo.gl\/14AQ7xsgev3UGscx7\" target=\"_blank\" rel=\"noopener noreferrer\"><span style=\"color: #0066cc\">Sortie du 5 aout 2012<\/span><\/a><\/td>\n<td style=\"height: 19px;width: 47.5349%\"><a href=\"https:\/\/photos.app.goo.gl\/y4VpVBApvG5Ksai4A\" target=\"_blank\" rel=\"noopener noreferrer\"><span style=\"color: #0066cc\">Assembl\u00e9e g\u00e9n\u00e9rale 8 juin<\/span><\/a><\/td>\n<\/tr>\n<tr style=\"height: 19px\">\n<td style=\"height: 19px;width: 8.53569%\"><\/td>\n<td style=\"height: 19px;width: 43.8558%\"><a href=\"https:\/\/photos.app.goo.gl\/eud1im5AiWcyXi3LA\" target=\"_blank\" rel=\"noopener noreferrer\"><span style=\"color: #0066cc\">Photos diverses<\/span><\/a><\/td>\n<td style=\"height: 19px;width: 47.5349%\"><a href=\"https:\/\/photos.app.goo.gl\/Kn5MYZfKQhnUr7DQ8\" target=\"_blank\" rel=\"noopener noreferrer\"><span style=\"color: #0066cc\">Presse et bulletin municipal<\/span><\/a><\/td>\n<\/tr>\n<tr style=\"height: 19px\">\n<td style=\"height: 19px;width: 8.53569%\"><\/td>\n<td style=\"height: 19px;width: 43.8558%\"><a href=\"https:\/\/photos.app.goo.gl\/xWpYYVLo3LUjTizi8\" target=\"_blank\" rel=\"noopener noreferrer\">Intermot<\/a><\/td>\n<td style=\"height: 19px;width: 47.5349%\"><\/td>\n<\/tr>\n<\/tbody>\n<\/table>\n<p>&nbsp;<\/p>\n<table>\n<tbody>\n<tr style=\"height: 19px\">\n<td style=\"height: 19px\">2013<\/td>\n<td style=\"height: 19px\"><a href=\"https:\/\/photos.app.goo.gl\/WTTbuqHdnBFjyhCH7\" target=\"_blank\" rel=\"noopener noreferrer\"><span style=\"color: #0066cc\">22 novembre 2013 Repas fin de saison<\/span><\/a><\/td>\n<td style=\"height: 19px\"><a href=\"https:\/\/photos.app.goo.gl\/ko1s5d9RK2ZdXWpH6\" target=\"_blank\" rel=\"noopener noreferrer\"><span style=\"color: #0066cc\">Balade Octobre 2013<\/span><\/a><\/td>\n<\/tr>\n<tr style=\"height: 19px\">\n<td style=\"height: 19px\"><\/td>\n<td style=\"height: 19px\"><a href=\"https:\/\/photos.app.goo.gl\/HcfGFXb3XFNmXcHu9\" target=\"_blank\" rel=\"noopener noreferrer\"><span style=\"color: #0066cc\">Septembre 2013<\/span><\/a><\/td>\n<td style=\"height: 19px\"><a href=\"https:\/\/photos.app.goo.gl\/SHAxgh392Q7i12FU6\" target=\"_blank\" rel=\"noopener noreferrer\"><span style=\"color: #0066cc\">11 ao\u00fbt 2013 &#8211; For\u00eat Noire<\/span><\/a><\/td>\n<\/tr>\n<tr style=\"height: 19px\">\n<td style=\"height: 19px\"><\/td>\n<td style=\"height: 19px\"><a href=\"https:\/\/photos.app.goo.gl\/qDHCXntT4ArXoGfJ8\" target=\"_blank\" rel=\"noopener noreferrer\"><span style=\"color: #0066cc\">14 juillet 2013 &#8211; Pierre Per\u00e7\u00e9e<\/span><\/a><\/td>\n<td style=\"height: 19px\"><a href=\"https:\/\/photos.app.goo.gl\/HnpMYWCmGdB9ZSse9\" target=\"_blank\" rel=\"noopener noreferrer\"><span style=\"color: #0066cc\">29 au 30 juin 2013 Relais pour la vie<\/span><\/a><\/td>\n<\/tr>\n<tr style=\"height: 19px\">\n<td style=\"height: 19px\"><\/td>\n<td style=\"height: 19px\"><a href=\"https:\/\/photos.app.goo.gl\/7zfp8YJqQZjNR1yGA\" target=\"_blank\" rel=\"noopener noreferrer\"><span style=\"color: #0066cc\">9 juin 2013 Bapt\u00eame des motos<\/span><\/a><\/td>\n<td style=\"height: 19px\"><a href=\"https:\/\/photos.app.goo.gl\/tWQphKQS1XmaMFbd8\" target=\"_blank\" rel=\"noopener noreferrer\"><span style=\"color: #0066cc\">14 avril 2013 BITCHE Etang de Haselfurth<\/span><\/a><\/td>\n<\/tr>\n<tr style=\"height: 19px\">\n<td style=\"height: 19px\"><\/td>\n<td style=\"height: 19px\"><a href=\"https:\/\/photos.app.goo.gl\/QqS7qCAVwrkrnMmLA\" target=\"_blank\" rel=\"noopener noreferrer\"><span style=\"color: #0066cc\">10 mars 2013 &#8211; 1\u00e8re sortie<\/span><\/a><\/td>\n<td style=\"height: 19px\"><a href=\"https:\/\/photos.app.goo.gl\/M8aYxHrZXAJmPgK98\" target=\"_blank\" rel=\"noopener noreferrer\"><span style=\"color: #0066cc\">F\u00e9vrier\/mars 2013 Karting et Bowling<\/span><\/a><\/td>\n<\/tr>\n<\/tbody>\n<\/table>\n<p>&nbsp;<\/p>\n","protected":false},"excerpt":{"rendered":"<p>2012 16 septembre 2012 Sortie MCK 14 septembre 2012 Soir\u00e9e inaugurale Sortie du 5 aout 2012 Assembl\u00e9e g\u00e9n\u00e9rale 8 juin Photos diverses Presse et bulletin municipal Intermot &nbsp; 2013 22 novembre 2013 Repas fin de saison Balade Octobre 2013 Septembre&#8230;<br \/><a class=\"read-more-button\" href=\"https:\/\/www.kananas.com\/moto-clubleskochersbikers851\/annee-2012\/\">Read more<\/a><\/p>\n","protected":false},"author":251,"featured_media":0,"parent":0,"menu_order":0,"comment_status":"closed","ping_status":"closed","template":"","meta":{"_crdt_document":"","footnotes":""},"class_list":["post-159","page","type-page","status-publish","hentry"],"_links":{"self":[{"href":"https:\/\/www.kananas.com\/moto-clubleskochersbikers851\/wp-json\/wp\/v2\/pages\/159","targetHints":{"allow":["GET"]}}],"collection":[{"href":"https:\/\/www.kananas.com\/moto-clubleskochersbikers851\/wp-json\/wp\/v2\/pages"}],"about":[{"href":"https:\/\/www.kananas.com\/moto-clubleskochersbikers851\/wp-json\/wp\/v2\/types\/page"}],"author":[{"embeddable":true,"href":"https:\/\/www.kananas.com\/moto-clubleskochersbikers851\/wp-json\/wp\/v2\/users\/251"}],"replies":[{"embeddable":true,"href":"https:\/\/www.kananas.com\/moto-clubleskochersbikers851\/wp-json\/wp\/v2\/comments?post=159"}],"version-history":[{"count":6,"href":"https:\/\/www.kananas.com\/moto-clubleskochersbikers851\/wp-json\/wp\/v2\/pages\/159\/revisions"}],"predecessor-version":[{"id":455,"href":"https:\/\/www.kananas.com\/moto-clubleskochersbikers851\/wp-json\/wp\/v2\/pages\/159\/revisions\/455"}],"wp:attachment":[{"href":"https:\/\/www.kananas.com\/moto-clubleskochersbikers851\/wp-json\/wp\/v2\/media?parent=159"}],"curies":[{"name":"wp","href":"https:\/\/api.w.org\/{rel}","templated":true}]}}