{"id":219,"date":"2017-03-20T14:28:44","date_gmt":"2017-03-20T13:28:44","guid":{"rendered":"http:\/\/www.kananas.com\/moto-clubleskochersbikers851\/?page_id=219"},"modified":"2026-02-19T14:15:08","modified_gmt":"2026-02-19T13:15:08","slug":"comptes-rendus-ag","status":"publish","type":"page","link":"https:\/\/www.kananas.com\/moto-clubleskochersbikers851\/comptes-rendus-ag\/","title":{"rendered":"Comptes rendus AG"},"content":{"rendered":"\n<div class=\"wp-block-columns is-layout-flex wp-container-core-columns-is-layout-8f761849 wp-block-columns-is-layout-flex\">\n<div class=\"wp-block-column is-layout-flow wp-block-column-is-layout-flow\" style=\"flex-basis:100%\">\n<p class=\"wp-block-paragraph\"><span style=\"font-size: 14pt\"><strong>Comptes rendus de nos assembl\u00e9es g\u00e9n\u00e9rales (format PDF)<\/strong><\/span><\/p>\n\n\n\n<p class=\"wp-block-paragraph\"><a href=\"https:\/\/www.kananas.com\/moto-clubleskochersbikers851\/wp-content\/uploads\/sites\/244\/2026\/02\/Compte-rendu-AG-2026.pdf\" data-type=\"link\" data-id=\"https:\/\/www.kananas.com\/moto-clubleskochersbikers851\/wp-content\/uploads\/sites\/244\/2026\/02\/Compte-rendu-AG-2026.pdf\">13 f\u00e9vrier 2026<\/a><\/p>\n\n\n\n<p class=\"wp-block-paragraph\"><span style=\"font-size: 12pt\"><a href=\"https:\/\/www.kananas.com\/moto-clubleskochersbikers851\/wp-content\/uploads\/sites\/244\/2025\/03\/compte-rendu-ag-2025.pdf\" target=\"_blank\" rel=\"noopener\">28 f\u00e9vrier 2025<\/a><\/span><\/p>\n\n\n\n<p class=\"wp-block-paragraph\"><span style=\"font-size: 12pt\"><a href=\"https:\/\/www.kananas.com\/moto-clubleskochersbikers851\/wp-content\/uploads\/sites\/244\/2025\/01\/Compte-rendu-AG-2024.pdf\">23 f\u00e9vrier 2024<\/a><\/span><\/p>\n\n\n\n<p class=\"wp-block-paragraph\"><span style=\"font-size: 12pt\"><a href=\"https:\/\/www.kananas.com\/moto-clubleskochersbikers851\/wp-content\/uploads\/sites\/244\/2025\/01\/Compte-rendu-AG-2023.pdf\">17 mars 2023<\/a><\/span><\/p>\n\n\n\n<p class=\"wp-block-paragraph\"><span style=\"font-size: 12pt\"><a href=\"https:\/\/www.kananas.com\/moto-clubleskochersbikers851\/wp-content\/uploads\/sites\/244\/2025\/01\/Compte-rendu-AG-2022.pdf\">11 mars 2022<\/a><\/span><\/p>\n\n\n\n<p class=\"wp-block-paragraph\"><span style=\"font-size: 12pt\"><a href=\"https:\/\/www.kananas.com\/moto-clubleskochersbikers851\/wp-content\/uploads\/sites\/244\/2025\/01\/Compte-rendu-AG-2021.pdf\">2 juillet 2021<\/a><\/span><\/p>\n\n\n\n<p class=\"wp-block-paragraph\"><span style=\"font-size: 12pt\"><a href=\"http:\/\/www.kananas.com\/moto-clubleskochersbikers851\/wp-content\/uploads\/sites\/244\/2021\/03\/CR_AG_2020.pdf\" target=\"_blank\" rel=\"noopener\">13 mars 2020<\/a><\/span><\/p>\n\n\n\n<p class=\"wp-block-paragraph\"><span style=\"font-size: 12pt\"><a href=\"http:\/\/www.kananas.com\/moto-clubleskochersbikers851\/wp-content\/uploads\/sites\/244\/2019\/03\/Compte-rendu-AG-2019.pdf\" target=\"_blank\" rel=\"noopener\">22 f\u00e9vrier 2019<\/a><\/span><\/p>\n\n\n\n<p class=\"wp-block-paragraph\"><span style=\"font-size: 12pt\"><a href=\"http:\/\/www.kananas.com\/moto-clubleskochersbikers851\/wp-content\/uploads\/sites\/244\/2019\/01\/Compte-rendu-AG-2018.pdf\" target=\"_blank\" rel=\"noopener\">16 f\u00e9vrier 2018<\/a><\/span><\/p>\n\n\n\n<p class=\"wp-block-paragraph\"><span style=\"font-size: 12pt\"><a href=\"http:\/\/www.kananas.com\/moto-clubleskochersbikers851\/wp-content\/uploads\/sites\/244\/2017\/03\/CR_AG_2017_03_10.pdf\" target=\"_blank\" rel=\"noopener\">10 mars 2017<\/a><\/span><\/p>\n\n\n\n<p class=\"wp-block-paragraph\"><span style=\"font-size: 12pt\"><a href=\"http:\/\/www.kananas.com\/moto-clubleskochersbikers851\/wp-content\/uploads\/sites\/244\/2017\/03\/CR_AG_2016_03_18.pdf\" target=\"_blank\" rel=\"noopener\">18 mars 2016<\/a><\/span><\/p>\n\n\n\n<p class=\"wp-block-paragraph\"><span style=\"font-size: 12pt\"><a href=\"http:\/\/www.kananas.com\/moto-clubleskochersbikers851\/wp-content\/uploads\/sites\/244\/2017\/03\/CR_AG_2015_02_20.pdf\" target=\"_blank\" rel=\"noopener\">20 f\u00e9vrier 2015<\/a><br>\n<\/span><\/p>\n\n\n\n<p class=\"wp-block-paragraph\"><span style=\"font-size: 12pt\"><a href=\"http:\/\/www.kananas.com\/moto-clubleskochersbikers851\/wp-content\/uploads\/sites\/244\/2017\/03\/CR_AG_2014_02_07.pdf\" target=\"_blank\" rel=\"noopener\">7 f\u00e9vrier 2014<\/a><\/span><\/p>\n\n\n\n<p class=\"wp-block-paragraph\"><span style=\"font-size: 12pt\"><a href=\"http:\/\/www.kananas.com\/moto-clubleskochersbikers851\/wp-content\/uploads\/sites\/244\/2017\/03\/CR_AG_2013_02_15.pdf\" target=\"_blank\" rel=\"noopener\">15 f\u00e9vrier 2013<\/a><\/span><\/p>\n<\/div>\n<\/div>\n","protected":false},"excerpt":{"rendered":"<p>Comptes rendus de nos assembl\u00e9es g\u00e9n\u00e9rales (format PDF) 13 f\u00e9vrier 2026 28 f\u00e9vrier 2025 23 f\u00e9vrier 2024 17 mars 2023 11 mars 2022 2 juillet 2021 13 mars 2020 22 f\u00e9vrier 2019 16 f\u00e9vrier 2018 10 mars 2017 18 mars&#8230;<br \/><a class=\"read-more-button\" href=\"https:\/\/www.kananas.com\/moto-clubleskochersbikers851\/comptes-rendus-ag\/\">Read more<\/a><\/p>\n","protected":false},"author":251,"featured_media":0,"parent":0,"menu_order":0,"comment_status":"closed","ping_status":"closed","template":"","meta":{"_crdt_document":"","footnotes":""},"class_list":["post-219","page","type-page","status-publish","hentry"],"_links":{"self":[{"href":"https:\/\/www.kananas.com\/moto-clubleskochersbikers851\/wp-json\/wp\/v2\/pages\/219","targetHints":{"allow":["GET"]}}],"collection":[{"href":"https:\/\/www.kananas.com\/moto-clubleskochersbikers851\/wp-json\/wp\/v2\/pages"}],"about":[{"href":"https:\/\/www.kananas.com\/moto-clubleskochersbikers851\/wp-json\/wp\/v2\/types\/page"}],"author":[{"embeddable":true,"href":"https:\/\/www.kananas.com\/moto-clubleskochersbikers851\/wp-json\/wp\/v2\/users\/251"}],"replies":[{"embeddable":true,"href":"https:\/\/www.kananas.com\/moto-clubleskochersbikers851\/wp-json\/wp\/v2\/comments?post=219"}],"version-history":[{"count":9,"href":"https:\/\/www.kananas.com\/moto-clubleskochersbikers851\/wp-json\/wp\/v2\/pages\/219\/revisions"}],"predecessor-version":[{"id":708,"href":"https:\/\/www.kananas.com\/moto-clubleskochersbikers851\/wp-json\/wp\/v2\/pages\/219\/revisions\/708"}],"wp:attachment":[{"href":"https:\/\/www.kananas.com\/moto-clubleskochersbikers851\/wp-json\/wp\/v2\/media?parent=219"}],"curies":[{"name":"wp","href":"https:\/\/api.w.org\/{rel}","templated":true}]}}