{"id":608,"date":"2024-02-25T09:32:14","date_gmt":"2024-02-25T08:32:14","guid":{"rendered":"https:\/\/www.kananas.com\/moto-clubleskochersbikers851\/?page_id=608"},"modified":"2025-11-28T13:41:27","modified_gmt":"2025-11-28T12:41:27","slug":"annees-2024-2025","status":"publish","type":"page","link":"https:\/\/www.kananas.com\/moto-clubleskochersbikers851\/annees-2024-2025\/","title":{"rendered":"Ann\u00e9es 2024\/2025"},"content":{"rendered":"\n<h2 class=\"wp-block-heading\">Les sorties 2024<\/h2>\n\n\n<table style=\"width: 100%;height: 167px\">\n<tbody>\n<tr style=\"height: 23px\">\n<td style=\"height: 23px;width: 17.7254%\">2024<\/td>\n<td style=\"height: 23px;width: 40.6761%\">Album photo<\/td>\n<td style=\"height: 23px;width: 41.5984%\">Album photo<\/td>\n<\/tr>\n<tr style=\"height: 24px\">\n<td style=\"height: 24px;width: 17.7254%\">\u00a0<\/td>\n<td style=\"height: 24px;width: 40.6761%\"><a href=\"https:\/\/photos.app.goo.gl\/Mv7BVGCM8w6sy1QT6\" target=\"_blank\" rel=\"noopener\">23 f\u00e9vrier &#8211; Assembl\u00e9e g\u00e9n\u00e9rale 2024<\/a><\/td>\n<td style=\"height: 24px;width: 41.5984%\"><a href=\"https:\/\/photos.app.goo.gl\/14zYFrNgkT3dzhnTA\" target=\"_blank\" rel=\"noopener\">3 mars &#8211; Roppenheim, salon moto<\/a><\/td>\n<\/tr>\n<tr style=\"height: 24px\">\n<td style=\"height: 24px;width: 17.7254%\">\u00a0<\/td>\n<td style=\"height: 24px;width: 40.6761%\"><a href=\"https:\/\/photos.app.goo.gl\/vu7RpV94BDZ9wegg9\" target=\"_blank\" rel=\"noopener\">24 mars &#8211; Loudrefing<\/a><\/td>\n<td style=\"height: 24px;width: 41.5984%\"><a href=\"https:\/\/photos.app.goo.gl\/mdKAoqZFZCQRKHkz9\" target=\"_blank\" rel=\"noopener\">14 avril &#8211; Volmunster<\/a><\/td>\n<\/tr>\n<tr style=\"height: 24px\">\n<td style=\"height: 24px;width: 17.7254%\">\u00a0<\/td>\n<td style=\"height: 24px;width: 40.6761%\"><a href=\"https:\/\/photos.app.goo.gl\/xyQFB9m5QZvnSeFZ6\" target=\"_blank\" rel=\"noopener\">21 avril &#8211; Rittershoffen 5\u00e8me journ\u00e9e am\u00e9ricaine<\/a><\/td>\n<td style=\"height: 24px;width: 41.5984%\"><a href=\"https:\/\/photos.app.goo.gl\/e3kXXektZBxLnEUM8\" target=\"_blank\" rel=\"noopener\">12 mai &#8211; Marxzell<\/a><\/td>\n<\/tr>\n<tr style=\"height: 24px\">\n<td style=\"width: 17.7254%;height: 24px\">\u00a0<\/td>\n<td style=\"width: 40.6761%;height: 24px\"><a href=\"https:\/\/photos.app.goo.gl\/5QGyHUk9uV8vzkq36\" target=\"_blank\" rel=\"noopener\">9 juin &#8211; Drachenbronn<\/a><\/td>\n<td style=\"width: 41.5984%;height: 24px\"><a href=\"https:\/\/photos.app.goo.gl\/vNE1qSeZuPpQtq4D8\" target=\"_blank\" rel=\"noopener\">21 juillet &#8211; Hexenlochm\u00fchle<\/a><\/td>\n<\/tr>\n<tr style=\"height: 24px\">\n<td style=\"width: 17.7254%;height: 24px\">\u00a0<\/td>\n<td style=\"width: 40.6761%;height: 24px\"><a href=\"https:\/\/photos.app.goo.gl\/BNyxMmPiuwnhKDR48\" target=\"_blank\" rel=\"noopener\">11 ao\u00fbt &#8211; Uhrwiller<\/a><\/td>\n<td style=\"width: 41.5984%;height: 24px\"><a href=\"https:\/\/photos.app.goo.gl\/x4u96GU84puouCp58\" target=\"_blank\" rel=\"noopener\">31 ao\u00fbt-5 septembre : escapade jurassienne<\/a><\/td>\n<\/tr>\n<tr style=\"height: 24px\">\n<td style=\"width: 17.7254%;height: 24px\">\u00a0<\/td>\n<td style=\"width: 40.6761%;height: 24px\"><a href=\"https:\/\/photos.app.goo.gl\/hH99geUb2sdSbXAz7\" target=\"_blank\" rel=\"noopener\">13 octobre &#8211; Vir\u00e9e automnale<\/a><\/td>\n<td style=\"width: 41.5984%;height: 24px\">\u00a0<\/td>\n<\/tr>\n<\/tbody>\n<\/table>\n\n\n<h2 class=\"wp-block-heading\">Les sorties 2025<\/h2>\n\n\n<table style=\"width: 100%\">\n<tbody>\n<tr>\n<td style=\"width: 17.5749%\">2025<\/td>\n<td style=\"width: 40.5696%\">Album photo<\/td>\n<td style=\"width: 41.7818%\">Album photo<\/td>\n<\/tr>\n<tr>\n<td style=\"width: 17.5749%\">\u00a0<\/td>\n<td style=\"width: 40.5696%\"><a href=\"https:\/\/photos.app.goo.gl\/bj5tAxomGtdhqCjR7\" target=\"_blank\" rel=\"noopener\">28 f\u00e9vrier &#8211; AG Lampertheim au Cheval Noir<\/a><\/td>\n<td style=\"width: 41.7818%\"><a href=\"https:\/\/photos.app.goo.gl\/mx76vL2BUCENjtZu6\" target=\"_blank\" rel=\"noopener\">16 mars &#8211; La 1\u00e8re Osenbuhr<\/a><\/td>\n<\/tr>\n<tr>\n<td style=\"width: 17.5749%\">\u00a0<\/td>\n<td style=\"width: 40.5696%\"><a href=\"https:\/\/photos.app.goo.gl\/e7RBDKBri1K9un5H7\" target=\"_blank\" rel=\"noopener\">13 avril &#8211; Buhl, Lorraine, La Cabane de Marie<\/a><\/td>\n<td style=\"width: 41.7818%\"><a href=\"https:\/\/photos.app.goo.gl\/Ha98pfzqhR7NpqMM9\" target=\"_blank\" rel=\"noopener\">11 mai &#8211; Bruy\u00e8res, Vosges, au Grimoire<\/a><\/td>\n<\/tr>\n<tr>\n<td style=\"width: 17.5749%\">\u00a0<\/td>\n<td style=\"width: 40.5696%\"><a href=\"https:\/\/photos.app.goo.gl\/SRw18yhRtWhhgoYQ7\" target=\"_blank\" rel=\"noopener\">22 Juin &#8211; Schluchsee<\/a><\/td>\n<td style=\"width: 41.7818%\"><a href=\"https:\/\/photos.app.goo.gl\/KPSyAdGnqKJyLpRCA\" target=\"_blank\" rel=\"noopener\">13 juillet &#8211; Johanniskreuz<\/a><\/td>\n<\/tr>\n<tr>\n<td style=\"width: 17.5749%\">\u00a0<\/td>\n<td style=\"width: 40.5696%\"><a href=\"https:\/\/photos.app.goo.gl\/nTu5CtrRdKEhemGM9\" target=\"_blank\" rel=\"noopener\">10 Ao\u00fbt &#8211; Lorraine, Rhodes, Les Paquis<\/a><\/td>\n<td style=\"width: 41.7818%\"><a href=\"https:\/\/photos.app.goo.gl\/yqf7yAUqP9NQNSoW7\" target=\"_blank\" rel=\"noopener\">14 septembre &#8211; Le Schnepfenried<\/a><\/td>\n<\/tr>\n<tr>\n<td style=\"width: 17.5749%\">\u00a0<\/td>\n<td style=\"width: 40.5696%\"><a href=\"https:\/\/photos.app.goo.gl\/AcpMc4BwFm6NojgF6\" target=\"_blank\" rel=\"noopener\">6 au 12 Septembre Roadtrip Jura<\/a><\/td>\n<td style=\"width: 41.7818%\"><a href=\"https:\/\/photos.app.goo.gl\/dooVFeWMkiyq5yBw6\" target=\"_blank\" rel=\"noopener\">26 septembre BBQ automnal<\/a><\/td>\n<\/tr>\n<tr>\n<td style=\"width: 17.5749%\">\u00a0<\/td>\n<td style=\"width: 40.5696%\"><a href=\"https:\/\/photos.app.goo.gl\/YmBJskPcLnftVqUa9\" target=\"_blank\" rel=\"noopener\">12 octobre Bad Peterstal<\/a><\/td>\n<td style=\"width: 41.7818%\"><a href=\"https:\/\/photos.app.goo.gl\/gKfqeKEuWZYxNR5L7\" target=\"_blank\" rel=\"noopener\">22 novembre Chocolaterie Schaal<\/a><\/td>\n<\/tr>\n<\/tbody>\n<\/table>\n\n\n<p class=\"wp-block-paragraph\"><\/p>\n","protected":false},"excerpt":{"rendered":"<p>Les sorties 2024 2024 Album photo Album photo \u00a0 23 f\u00e9vrier &#8211; Assembl\u00e9e g\u00e9n\u00e9rale 2024 3 mars &#8211; Roppenheim, salon moto \u00a0 24 mars &#8211; Loudrefing 14 avril &#8211; Volmunster \u00a0 21 avril &#8211; Rittershoffen 5\u00e8me journ\u00e9e am\u00e9ricaine 12 mai&#8230;<br \/><a class=\"read-more-button\" href=\"https:\/\/www.kananas.com\/moto-clubleskochersbikers851\/annees-2024-2025\/\">Read more<\/a><\/p>\n","protected":false},"author":1682,"featured_media":0,"parent":0,"menu_order":0,"comment_status":"closed","ping_status":"closed","template":"","meta":{"_crdt_document":"","footnotes":""},"class_list":["post-608","page","type-page","status-publish","hentry"],"_links":{"self":[{"href":"https:\/\/www.kananas.com\/moto-clubleskochersbikers851\/wp-json\/wp\/v2\/pages\/608","targetHints":{"allow":["GET"]}}],"collection":[{"href":"https:\/\/www.kananas.com\/moto-clubleskochersbikers851\/wp-json\/wp\/v2\/pages"}],"about":[{"href":"https:\/\/www.kananas.com\/moto-clubleskochersbikers851\/wp-json\/wp\/v2\/types\/page"}],"author":[{"embeddable":true,"href":"https:\/\/www.kananas.com\/moto-clubleskochersbikers851\/wp-json\/wp\/v2\/users\/1682"}],"replies":[{"embeddable":true,"href":"https:\/\/www.kananas.com\/moto-clubleskochersbikers851\/wp-json\/wp\/v2\/comments?post=608"}],"version-history":[{"count":9,"href":"https:\/\/www.kananas.com\/moto-clubleskochersbikers851\/wp-json\/wp\/v2\/pages\/608\/revisions"}],"predecessor-version":[{"id":693,"href":"https:\/\/www.kananas.com\/moto-clubleskochersbikers851\/wp-json\/wp\/v2\/pages\/608\/revisions\/693"}],"wp:attachment":[{"href":"https:\/\/www.kananas.com\/moto-clubleskochersbikers851\/wp-json\/wp\/v2\/media?parent=608"}],"curies":[{"name":"wp","href":"https:\/\/api.w.org\/{rel}","templated":true}]}}