{"id":1181,"date":"2017-07-01T10:09:33","date_gmt":"2017-07-01T08:09:33","guid":{"rendered":"http:\/\/www.kananas.com\/myassociation962\/?page_id=1181"},"modified":"2022-10-27T09:42:58","modified_gmt":"2022-10-27T07:42:58","slug":"metadap","status":"publish","type":"page","link":"https:\/\/www.kananas.com\/myassociation962\/siege-administratif\/metadap\/","title":{"rendered":"Le DAP Dispositif d\u2019Accueil Personnalis\u00e9"},"content":{"rendered":"<div class=\"western\" align=\"center\">\n<p style=\"text-align: justify\"><span style=\"font-weight: 400\">Le DAP, dispositif d\u2019accueil personnalis\u00e9 cr\u00e9e par Concorde, est un service sp\u00e9cifique de 12 places, \u00e0 l\u2019intention de gar\u00e7ons et de filles de 8 \u00e0 18 ans en tr\u00e8s grandes difficult\u00e9s (TGD), souvent ballot\u00e9s de foyer en foyer, qui ont besoin d\u2019une prise en charge adapt\u00e9e.<\/span><\/p>\n<\/div>\n<div class=\"western\" style=\"text-align: justify\" align=\"center\">\n<p><span style=\"font-weight: 400\">Il travaille avec un psychologue.<\/span><\/p>\n<p><span style=\"font-weight: 400\">Les jeunes sont accueillis dans deux maisons dites \u00ab\u00a0mini-collectifs\u00a0\u00bb, implant\u00e9es \u00e0 Chelles et Neuilly-Plaisance, permettant aux \u00e9quipes de fournir du \u00ab\u00a0sur-mesure\u00a0\u00bb.<\/span><\/p>\n<p><span style=\"font-weight: 400\">La moyenne du s\u00e9jour est de trois ans.<\/span><\/p>\n<p><span style=\"font-weight: 400\">L\u2019objectif est de permettre une re-scolarisation ou la construction d\u2019un projet professionnel avec la volont\u00e9 de rejoindre les structures de droit commun ou un retour en famille dans les meilleures conditions.<\/span><\/p>\n<p>&nbsp;<\/p>\n<\/div>\n<p>&nbsp;<\/p>\n<p><img loading=\"lazy\" decoding=\"async\" class=\"aligncenter size-full wp-image-6093\" src=\"https:\/\/www.kananas.com\/myassociation962\/wp-content\/uploads\/sites\/280\/2022\/10\/2022-10-24_DAP-siege-Montfermeil-1-site-scaled.jpg\" alt=\"\" width=\"1920\" height=\"2560\" srcset=\"https:\/\/www.kananas.com\/myassociation962\/wp-content\/uploads\/sites\/280\/2022\/10\/2022-10-24_DAP-siege-Montfermeil-1-site-scaled.jpg 1920w, https:\/\/www.kananas.com\/myassociation962\/wp-content\/uploads\/sites\/280\/2022\/10\/2022-10-24_DAP-siege-Montfermeil-1-site-225x300.jpg 225w, https:\/\/www.kananas.com\/myassociation962\/wp-content\/uploads\/sites\/280\/2022\/10\/2022-10-24_DAP-siege-Montfermeil-1-site-768x1024.jpg 768w, https:\/\/www.kananas.com\/myassociation962\/wp-content\/uploads\/sites\/280\/2022\/10\/2022-10-24_DAP-siege-Montfermeil-1-site-1152x1536.jpg 1152w, https:\/\/www.kananas.com\/myassociation962\/wp-content\/uploads\/sites\/280\/2022\/10\/2022-10-24_DAP-siege-Montfermeil-1-site-1536x2048.jpg 1536w\" sizes=\"auto, (max-width: 1920px) 100vw, 1920px\" \/><\/p>\n<div><\/div>\n<div><\/div>\n<div><\/div>\n<div><\/div>\n<div><\/div>\n<div><\/div>\n<div><\/div>\n<div><\/div>\n<div><\/div>\n<div><\/div>\n<div><\/div>\n<div><\/div>\n<div><\/div>\n<div><\/div>\n<div><\/div>\n<div><\/div>\n","protected":false},"excerpt":{"rendered":"<p>Le DAP, dispositif d\u2019accueil personnalis\u00e9 cr\u00e9e par Concorde, est un service sp\u00e9cifique de 12 places, \u00e0 l\u2019intention de gar\u00e7ons et<\/p>\n","protected":false},"author":363,"featured_media":0,"parent":564,"menu_order":3,"comment_status":"closed","ping_status":"closed","template":"","meta":{"colormag_page_container_layout":"default_layout","colormag_page_sidebar_layout":"default_layout","_crdt_document":"","footnotes":""},"class_list":["post-1181","page","type-page","status-publish","hentry"],"_links":{"self":[{"href":"https:\/\/www.kananas.com\/myassociation962\/wp-json\/wp\/v2\/pages\/1181","targetHints":{"allow":["GET"]}}],"collection":[{"href":"https:\/\/www.kananas.com\/myassociation962\/wp-json\/wp\/v2\/pages"}],"about":[{"href":"https:\/\/www.kananas.com\/myassociation962\/wp-json\/wp\/v2\/types\/page"}],"author":[{"embeddable":true,"href":"https:\/\/www.kananas.com\/myassociation962\/wp-json\/wp\/v2\/users\/363"}],"replies":[{"embeddable":true,"href":"https:\/\/www.kananas.com\/myassociation962\/wp-json\/wp\/v2\/comments?post=1181"}],"version-history":[{"count":37,"href":"https:\/\/www.kananas.com\/myassociation962\/wp-json\/wp\/v2\/pages\/1181\/revisions"}],"predecessor-version":[{"id":6094,"href":"https:\/\/www.kananas.com\/myassociation962\/wp-json\/wp\/v2\/pages\/1181\/revisions\/6094"}],"up":[{"embeddable":true,"href":"https:\/\/www.kananas.com\/myassociation962\/wp-json\/wp\/v2\/pages\/564"}],"wp:attachment":[{"href":"https:\/\/www.kananas.com\/myassociation962\/wp-json\/wp\/v2\/media?parent=1181"}],"curies":[{"name":"wp","href":"https:\/\/api.w.org\/{rel}","templated":true}]}}