{"id":2604,"date":"2017-10-16T18:57:05","date_gmt":"2017-10-16T16:57:05","guid":{"rendered":"http:\/\/www.kananas.com\/myassociation962\/?page_id=2604"},"modified":"2020-11-14T17:04:42","modified_gmt":"2020-11-14T16:04:42","slug":"lieu-de-sejour","status":"publish","type":"page","link":"https:\/\/www.kananas.com\/myassociation962\/siege-administratif\/lieu-de-sejour\/","title":{"rendered":"Un lieu de s\u00e9jour"},"content":{"rendered":"<p><span style=\"font-size: 24px\"><strong>Les Clarines<\/strong><\/span><\/p>\n<p><span style=\"font-weight: 400\">La maison <\/span><i><span style=\"font-weight: 400\">Les Clarines<\/span><\/i><span style=\"font-weight: 400\">, \u00e0 Entre-Deux-Monts dans le Jura, nous ouvre ses portes. Devenue propri\u00e9t\u00e9 de Concorde par don de l\u2019association Les Amis de la Caravane, c\u2019est un lieu de vacances tr\u00e8s appr\u00e9ci\u00e9, propice aux randonn\u00e9es l\u2019\u00e9t\u00e9, et proche d\u2019une station de ski l\u2019hiver. Pendant l\u2019ann\u00e9e elle accueille des jeunes de Concorde pour des p\u00e9riodes de remobilisation ou de rupture si n\u00e9cessaire.<\/span><\/p>\n<div id='gallery-1' class='gallery galleryid-2604 gallery-columns-2 gallery-size-medium'><figure class='gallery-item'>\n\t\t\t<div class='gallery-icon landscape'>\n\t\t\t\t<img loading=\"lazy\" decoding=\"async\" width=\"300\" height=\"223\" src=\"https:\/\/www.kananas.com\/myassociation962\/wp-content\/uploads\/sites\/280\/2019\/12\/Capture-d\u2019e\u0301cran-2019-12-08-a\u0300-11.15.45-300x223.png\" class=\"attachment-medium size-medium\" alt=\"\" srcset=\"https:\/\/www.kananas.com\/myassociation962\/wp-content\/uploads\/sites\/280\/2019\/12\/Capture-d\u2019e\u0301cran-2019-12-08-a\u0300-11.15.45-300x223.png 300w, https:\/\/www.kananas.com\/myassociation962\/wp-content\/uploads\/sites\/280\/2019\/12\/Capture-d\u2019e\u0301cran-2019-12-08-a\u0300-11.15.45-768x571.png 768w, https:\/\/www.kananas.com\/myassociation962\/wp-content\/uploads\/sites\/280\/2019\/12\/Capture-d\u2019e\u0301cran-2019-12-08-a\u0300-11.15.45.png 781w\" sizes=\"auto, (max-width: 300px) 100vw, 300px\" \/>\n\t\t\t<\/div><\/figure><figure class='gallery-item'>\n\t\t\t<div class='gallery-icon landscape'>\n\t\t\t\t<img loading=\"lazy\" decoding=\"async\" width=\"300\" height=\"223\" src=\"https:\/\/www.kananas.com\/myassociation962\/wp-content\/uploads\/sites\/280\/2019\/12\/Capture-d\u2019e\u0301cran-2019-12-08-a\u0300-11.15.33-300x223.png\" class=\"attachment-medium size-medium\" alt=\"\" srcset=\"https:\/\/www.kananas.com\/myassociation962\/wp-content\/uploads\/sites\/280\/2019\/12\/Capture-d\u2019e\u0301cran-2019-12-08-a\u0300-11.15.33-300x223.png 300w, https:\/\/www.kananas.com\/myassociation962\/wp-content\/uploads\/sites\/280\/2019\/12\/Capture-d\u2019e\u0301cran-2019-12-08-a\u0300-11.15.33-768x571.png 768w, https:\/\/www.kananas.com\/myassociation962\/wp-content\/uploads\/sites\/280\/2019\/12\/Capture-d\u2019e\u0301cran-2019-12-08-a\u0300-11.15.33.png 781w\" sizes=\"auto, (max-width: 300px) 100vw, 300px\" \/>\n\t\t\t<\/div><\/figure>\n\t\t<\/div>\n\n<p>&nbsp;<\/p>\n<header class=\"entry-header\"><\/header>\n<p>&nbsp;<\/p>\n<p>&nbsp;<\/p>\n<p>&nbsp;<\/p>\n","protected":false},"excerpt":{"rendered":"<p>Les Clarines La maison Les Clarines, \u00e0 Entre-Deux-Monts dans le Jura, nous ouvre ses portes. Devenue propri\u00e9t\u00e9 de Concorde par<\/p>\n","protected":false},"author":288,"featured_media":0,"parent":564,"menu_order":0,"comment_status":"closed","ping_status":"closed","template":"","meta":{"colormag_page_container_layout":"default_layout","colormag_page_sidebar_layout":"default_layout","_crdt_document":"","footnotes":""},"class_list":["post-2604","page","type-page","status-publish","hentry"],"_links":{"self":[{"href":"https:\/\/www.kananas.com\/myassociation962\/wp-json\/wp\/v2\/pages\/2604","targetHints":{"allow":["GET"]}}],"collection":[{"href":"https:\/\/www.kananas.com\/myassociation962\/wp-json\/wp\/v2\/pages"}],"about":[{"href":"https:\/\/www.kananas.com\/myassociation962\/wp-json\/wp\/v2\/types\/page"}],"author":[{"embeddable":true,"href":"https:\/\/www.kananas.com\/myassociation962\/wp-json\/wp\/v2\/users\/288"}],"replies":[{"embeddable":true,"href":"https:\/\/www.kananas.com\/myassociation962\/wp-json\/wp\/v2\/comments?post=2604"}],"version-history":[{"count":17,"href":"https:\/\/www.kananas.com\/myassociation962\/wp-json\/wp\/v2\/pages\/2604\/revisions"}],"predecessor-version":[{"id":5203,"href":"https:\/\/www.kananas.com\/myassociation962\/wp-json\/wp\/v2\/pages\/2604\/revisions\/5203"}],"up":[{"embeddable":true,"href":"https:\/\/www.kananas.com\/myassociation962\/wp-json\/wp\/v2\/pages\/564"}],"wp:attachment":[{"href":"https:\/\/www.kananas.com\/myassociation962\/wp-json\/wp\/v2\/media?parent=2604"}],"curies":[{"name":"wp","href":"https:\/\/api.w.org\/{rel}","templated":true}]}}

Un lieu de séjour

<p><span style="font-size: 24px"><strong>Les Clarines</strong></span></p>
<p><span style="font-weight: 400">La maison </span><i><span style="font-weight: 400">Les Clarines</span></i><span style="font-weight: 400">, à Entre-Deux-Monts dans le Jura, nous ouvre ses portes. Devenue propriété de Concorde par don de l’association Les Amis de la Caravane, c’est un lieu de vacances très apprécié, propice aux randonnées l’été, et proche d’une station de ski l’hiver. Pendant l’année elle accueille des jeunes de Concorde pour des périodes de remobilisation ou de rupture si nécessaire.</span></p>
<div id='gallery-1' class='gallery galleryid-2604 gallery-columns-2 gallery-size-medium'><figure class='gallery-item'>
			<div class='gallery-icon landscape'>
				<img loading="lazy" decoding="async" width="300" height="223" src="https://www.kananas.com/myassociation962/wp-content/uploads/sites/280/2019/12/Capture-d’écran-2019-12-08-à-11.15.45-300x223.png" class="attachment-medium size-medium" alt="" srcset="https://www.kananas.com/myassociation962/wp-content/uploads/sites/280/2019/12/Capture-d’écran-2019-12-08-à-11.15.45-300x223.png 300w, https://www.kananas.com/myassociation962/wp-content/uploads/sites/280/2019/12/Capture-d’écran-2019-12-08-à-11.15.45-768x571.png 768w, https://www.kananas.com/myassociation962/wp-content/uploads/sites/280/2019/12/Capture-d’écran-2019-12-08-à-11.15.45.png 781w" sizes="auto, (max-width: 300px) 100vw, 300px" />
			</div></figure><figure class='gallery-item'>
			<div class='gallery-icon landscape'>
				<img loading="lazy" decoding="async" width="300" height="223" src="https://www.kananas.com/myassociation962/wp-content/uploads/sites/280/2019/12/Capture-d’écran-2019-12-08-à-11.15.33-300x223.png" class="attachment-medium size-medium" alt="" srcset="https://www.kananas.com/myassociation962/wp-content/uploads/sites/280/2019/12/Capture-d’écran-2019-12-08-à-11.15.33-300x223.png 300w, https://www.kananas.com/myassociation962/wp-content/uploads/sites/280/2019/12/Capture-d’écran-2019-12-08-à-11.15.33-768x571.png 768w, https://www.kananas.com/myassociation962/wp-content/uploads/sites/280/2019/12/Capture-d’écran-2019-12-08-à-11.15.33.png 781w" sizes="auto, (max-width: 300px) 100vw, 300px" />
			</div></figure>
		</div>

<p>&nbsp;</p>
<header class="entry-header"></header>
<p>&nbsp;</p>
<p>&nbsp;</p>
<p>&nbsp;</p>

<p>Les Clarines La maison Les Clarines, à Entre-Deux-Monts dans le Jura, nous ouvre ses portes. Devenue propriété de Concorde par</p>
