{"id":4786,"date":"2019-12-08T10:56:56","date_gmt":"2019-12-08T09:56:56","guid":{"rendered":"http:\/\/www.kananas.com\/myassociation962\/?page_id=4786"},"modified":"2022-10-08T08:48:13","modified_gmt":"2022-10-08T06:48:13","slug":"le-sedap","status":"publish","type":"page","link":"https:\/\/www.kananas.com\/myassociation962\/le-sedap\/","title":{"rendered":"Le SEPAD"},"content":{"rendered":"<p><strong>Le SEPAD <\/strong>(<strong>S<\/strong>ervice <strong>\u00c9<\/strong>ducatif de <strong>P<\/strong>rotection et d\u2019<strong>A<\/strong>ccompagnement \u00e0 <strong>D<\/strong>omicile), dispositif <strong>ADOPHE<\/strong> (<strong>A<\/strong>ccompagnement \u00e0 <strong>DO<\/strong>micile avec <strong>P<\/strong>ossibilit\u00e9 d\u2019<strong>HE<\/strong>bergement) alternative au placement continu, s\u2019inscrit dans une d\u00e9marche de protection des mineurs et de soutien et d\u2019accompagnement \u00e0 la parentalit\u00e9 au domicile du parent et dans l\u2019environnement familial.<\/p>\n<p>Ce service s\u2019adresse a des mineurs de 0 \u00e0 17 ans. Les jeunes accueillis au SEPAD, le sont soit par d\u00e9cision du juge des enfants, soit par la signature d\u2019un Contrat d\u2019Accueil Provisoire, une mesure de 6 mois, renouvelable deux fois maximum.<\/p>\n<p>Ce dispositif permet de pr\u00e9server le lien avec la famille et de maintenir l\u2019enfant dans son milieu familial. Les missions sont orient\u00e9es vers l\u2019enfant, l\u2019enfant avec ses parents, les parents, la fratrie\u00a0:<\/p>\n<ul>\n<li><strong>Action aupr\u00e8s de l\u2019enfant<\/strong> pour le faire exister en tant que sujet au sein de sa famille et de son environnement social. L\u2019aide individualis\u00e9e ne peut se concevoir qu\u2019en pr\u00e9sence des parents au domicile.<\/li>\n<li><strong>Action aupr\u00e8s des parents<\/strong> en abordant les questions et les difficult\u00e9s avec eux. Les soutenir dans leur parentalit\u00e9 et ce en lien avec les besoins rep\u00e9r\u00e9s de leur enfant.<\/li>\n<li><strong>Action aupr\u00e8s de l\u2019enfant<\/strong> <strong>et de ses parents<\/strong> en les soutenant et les (re)mobilisant dans leur fonction \u00e9ducative \u00e0 partir du <strong>PAEP<\/strong> ( <strong>P<\/strong>rojet d&rsquo;<strong>A<\/strong>ccompagnement <strong>\u00c9<\/strong>ducatif <strong>P<\/strong>ersonnalis\u00e9 de l\u2019enfant et d\u2019un travail en r\u00e9seau mobilisant les comp\u00e9tences parentales, les partenaires et les dispositifs de proximit\u00e9.<\/li>\n<\/ul>\n<p>Le p\u00e9rim\u00e8tre d\u2019intervention du SEPAD s\u2019\u00e9tend sur 10 communes\u00a0: Bondy, Clichy-sous-Bois, Coubron, Gagny, Livry-Gargan, Montfermeil, Les Pavillons-sous-Bois, Le Raincy, Vaujours, Villemomble.<\/p>\n<p>&nbsp;<\/p>\n<p><img loading=\"lazy\" decoding=\"async\" class=\"size-full wp-image-6044 alignleft\" src=\"https:\/\/www.kananas.com\/myassociation962\/wp-content\/uploads\/sites\/280\/2022\/10\/SEPAD-2022-10-07-3.jpg\" alt=\"\" width=\"195\" height=\"260\" \/> <img loading=\"lazy\" decoding=\"async\" class=\"size-full wp-image-6043 alignleft\" src=\"https:\/\/www.kananas.com\/myassociation962\/wp-content\/uploads\/sites\/280\/2022\/10\/SEPAD-2022-10-07-2-rotated.jpg\" alt=\"\" width=\"195\" height=\"260\" \/> <img loading=\"lazy\" decoding=\"async\" class=\"size-full wp-image-6042 alignleft\" src=\"https:\/\/www.kananas.com\/myassociation962\/wp-content\/uploads\/sites\/280\/2022\/10\/SEPAD-2022-10-07-1.jpg\" alt=\"\" width=\"195\" height=\"260\" \/><\/p>\n<div><\/div>\n<div><\/div>\n<div><\/div>\n","protected":false},"excerpt":{"rendered":"<p>Le SEPAD (Service \u00c9ducatif de Protection et d\u2019Accompagnement \u00e0 Domicile), dispositif ADOPHE (Accompagnement \u00e0 DOmicile avec Possibilit\u00e9 d\u2019HEbergement) alternative au<\/p>\n","protected":false},"author":288,"featured_media":0,"parent":0,"menu_order":0,"comment_status":"closed","ping_status":"closed","template":"","meta":{"colormag_page_container_layout":"default_layout","colormag_page_sidebar_layout":"default_layout","_crdt_document":"","footnotes":""},"class_list":["post-4786","page","type-page","status-publish","hentry"],"_links":{"self":[{"href":"https:\/\/www.kananas.com\/myassociation962\/wp-json\/wp\/v2\/pages\/4786","targetHints":{"allow":["GET"]}}],"collection":[{"href":"https:\/\/www.kananas.com\/myassociation962\/wp-json\/wp\/v2\/pages"}],"about":[{"href":"https:\/\/www.kananas.com\/myassociation962\/wp-json\/wp\/v2\/types\/page"}],"author":[{"embeddable":true,"href":"https:\/\/www.kananas.com\/myassociation962\/wp-json\/wp\/v2\/users\/288"}],"replies":[{"embeddable":true,"href":"https:\/\/www.kananas.com\/myassociation962\/wp-json\/wp\/v2\/comments?post=4786"}],"version-history":[{"count":14,"href":"https:\/\/www.kananas.com\/myassociation962\/wp-json\/wp\/v2\/pages\/4786\/revisions"}],"predecessor-version":[{"id":6048,"href":"https:\/\/www.kananas.com\/myassociation962\/wp-json\/wp\/v2\/pages\/4786\/revisions\/6048"}],"wp:attachment":[{"href":"https:\/\/www.kananas.com\/myassociation962\/wp-json\/wp\/v2\/media?parent=4786"}],"curies":[{"name":"wp","href":"https:\/\/api.w.org\/{rel}","templated":true}]}}

<p><strong>Le SEPAD </strong>(<strong>S</strong>ervice <strong>É</strong>ducatif de <strong>P</strong>rotection et d’<strong>A</strong>ccompagnement à <strong>D</strong>omicile), dispositif <strong>ADOPHE</strong> (<strong>A</strong>ccompagnement à <strong>DO</strong>micile avec <strong>P</strong>ossibilité d’<strong>HE</strong>bergement) alternative au placement continu, s’inscrit dans une démarche de protection des mineurs et de soutien et d’accompagnement à la parentalité au domicile du parent et dans l’environnement familial.</p>
<p>Ce service s’adresse a des mineurs de 0 à 17 ans. Les jeunes accueillis au SEPAD, le sont soit par décision du juge des enfants, soit par la signature d’un Contrat d’Accueil Provisoire, une mesure de 6 mois, renouvelable deux fois maximum.</p>
<p>Ce dispositif permet de préserver le lien avec la famille et de maintenir l’enfant dans son milieu familial. Les missions sont orientées vers l’enfant, l’enfant avec ses parents, les parents, la fratrie :</p>
<ul>
<li><strong>Action auprès de l’enfant</strong> pour le faire exister en tant que sujet au sein de sa famille et de son environnement social. L’aide individualisée ne peut se concevoir qu’en présence des parents au domicile.</li>
<li><strong>Action auprès des parents</strong> en abordant les questions et les difficultés avec eux. Les soutenir dans leur parentalité et ce en lien avec les besoins repérés de leur enfant.</li>
<li><strong>Action auprès de l’enfant</strong> <strong>et de ses parents</strong> en les soutenant et les (re)mobilisant dans leur fonction éducative à partir du <strong>PAEP</strong> ( <strong>P</strong>rojet d&rsquo;<strong>A</strong>ccompagnement <strong>É</strong>ducatif <strong>P</strong>ersonnalisé de l’enfant et d’un travail en réseau mobilisant les compétences parentales, les partenaires et les dispositifs de proximité.</li>
</ul>
<p>Le périmètre d’intervention du SEPAD s’étend sur 10 communes : Bondy, Clichy-sous-Bois, Coubron, Gagny, Livry-Gargan, Montfermeil, Les Pavillons-sous-Bois, Le Raincy, Vaujours, Villemomble.</p>
<p>&nbsp;</p>
<p><img loading="lazy" decoding="async" class="size-full wp-image-6044 alignleft" src="https://www.kananas.com/myassociation962/wp-content/uploads/sites/280/2022/10/SEPAD-2022-10-07-3.jpg" alt="" width="195" height="260" /> <img loading="lazy" decoding="async" class="size-full wp-image-6043 alignleft" src="https://www.kananas.com/myassociation962/wp-content/uploads/sites/280/2022/10/SEPAD-2022-10-07-2-rotated.jpg" alt="" width="195" height="260" /> <img loading="lazy" decoding="async" class="size-full wp-image-6042 alignleft" src="https://www.kananas.com/myassociation962/wp-content/uploads/sites/280/2022/10/SEPAD-2022-10-07-1.jpg" alt="" width="195" height="260" /></p>
<div></div>
<div></div>
<div></div>

<p>Le SEPAD (Service Éducatif de Protection et d’Accompagnement à Domicile), dispositif ADOPHE (Accompagnement à DOmicile avec Possibilité d’HEbergement) alternative au</p>
