{"id":5415,"date":"2021-03-30T12:05:51","date_gmt":"2021-03-30T10:05:51","guid":{"rendered":"http:\/\/www.kananas.com\/myassociation962\/?page_id=5415"},"modified":"2022-10-15T13:07:37","modified_gmt":"2022-10-15T11:07:37","slug":"le-dispositif-daccueil-externalise","status":"publish","type":"page","link":"https:\/\/www.kananas.com\/myassociation962\/le-dispositif-daccueil-externalise\/","title":{"rendered":"Le DAE Dispositif d\u2019Accueil Externalis\u00e9"},"content":{"rendered":"<p style=\"text-align: justify\"><img loading=\"lazy\" decoding=\"async\" class=\"wp-image-5469 alignleft\" src=\"http:\/\/www.kananas.com\/myassociation962\/wp-content\/uploads\/sites\/280\/2021\/04\/Sie\u0300ge-du-DAE-rue-des-Violettes-Montfermeil.jpg\" alt=\"\" width=\"441\" height=\"360\" srcset=\"https:\/\/www.kananas.com\/myassociation962\/wp-content\/uploads\/sites\/280\/2021\/04\/Sie\u0300ge-du-DAE-rue-des-Violettes-Montfermeil.jpg 741w, https:\/\/www.kananas.com\/myassociation962\/wp-content\/uploads\/sites\/280\/2021\/04\/Sie\u0300ge-du-DAE-rue-des-Violettes-Montfermeil-300x245.jpg 300w\" sizes=\"auto, (max-width: 441px) 100vw, 441px\" \/><\/p>\n<p style=\"text-align: justify\">Le <b>D<\/b>ispositif d\u2019<b>A<\/b>ccueil <b>E<\/b>xternalis\u00e9, est un Service d\u2019Accompagnement vers l\u2019Autonomie et de pr\u00e9paration \u00e0 la sortie des services de la Protection de l\u2019Enfance. Ce service, habilit\u00e9 depuis le 1er avril 2021, accueille 40 jeunes filles et gar\u00e7ons \u00e2g\u00e9s de 17 \u00e0 21 ans.<\/p>\n<p style=\"text-align: justify\">Il met \u00e0 leur disposition des logements de type T3, pour les appartements partag\u00e9s, ou studio, avec un accompagnement personnalis\u00e9 qui est assur\u00e9 par une \u00e9quipe \u00e9ducative compos\u00e9e de 5 \u00e9ducateurs.<\/p>\n<p style=\"text-align: justify\">Ce dispositif doit pouvoir r\u00e9pondre aux besoins des jeunes en ce qui concerne\u00a0la gestion :<\/p>\n<p style=\"text-align: justify\">&#8211; du quotidien au sein du lieu de vie,<\/p>\n<p style=\"text-align: justify\">&#8211; budg\u00e9taire et administrative,<\/p>\n<p style=\"text-align: justify\">&#8211; de la sant\u00e9,<\/p>\n<p style=\"text-align: justify\">&#8211; du projet scolaire et ou professionnel.<\/p>\n<p style=\"text-align: justify\">Son objectif est bien de favoriser l\u2019inclusion des jeunes dans la soci\u00e9t\u00e9, en prenant en compte les probl\u00e9matiques de chacun afin d\u2019\u00e9viter les sorties \u00ab\u00a0s\u00e8ches\u00a0\u00bb des services de l\u2019Aide Sociale \u00e0 l\u2019Enfance.<\/p>\n<p>&nbsp;<\/p>\n<p>&nbsp;<\/p>\n","protected":false},"excerpt":{"rendered":"<p>Le Dispositif d\u2019Accueil Externalis\u00e9, est un Service d\u2019Accompagnement vers l\u2019Autonomie et de pr\u00e9paration \u00e0 la sortie des services de la<\/p>\n","protected":false},"author":288,"featured_media":0,"parent":0,"menu_order":0,"comment_status":"closed","ping_status":"closed","template":"","meta":{"colormag_page_container_layout":"default_layout","colormag_page_sidebar_layout":"default_layout","_crdt_document":"","footnotes":""},"class_list":["post-5415","page","type-page","status-publish","hentry"],"_links":{"self":[{"href":"https:\/\/www.kananas.com\/myassociation962\/wp-json\/wp\/v2\/pages\/5415","targetHints":{"allow":["GET"]}}],"collection":[{"href":"https:\/\/www.kananas.com\/myassociation962\/wp-json\/wp\/v2\/pages"}],"about":[{"href":"https:\/\/www.kananas.com\/myassociation962\/wp-json\/wp\/v2\/types\/page"}],"author":[{"embeddable":true,"href":"https:\/\/www.kananas.com\/myassociation962\/wp-json\/wp\/v2\/users\/288"}],"replies":[{"embeddable":true,"href":"https:\/\/www.kananas.com\/myassociation962\/wp-json\/wp\/v2\/comments?post=5415"}],"version-history":[{"count":9,"href":"https:\/\/www.kananas.com\/myassociation962\/wp-json\/wp\/v2\/pages\/5415\/revisions"}],"predecessor-version":[{"id":6065,"href":"https:\/\/www.kananas.com\/myassociation962\/wp-json\/wp\/v2\/pages\/5415\/revisions\/6065"}],"wp:attachment":[{"href":"https:\/\/www.kananas.com\/myassociation962\/wp-json\/wp\/v2\/media?parent=5415"}],"curies":[{"name":"wp","href":"https:\/\/api.w.org\/{rel}","templated":true}]}}