{"id":239,"date":"2013-08-30T21:41:10","date_gmt":"2013-08-30T19:41:10","guid":{"rendered":"http:\/\/www.gestasso.com\/association\/oniyamaryu\/?page_id=239"},"modified":"2025-10-27T13:42:57","modified_gmt":"2025-10-27T12:42:57","slug":"izernore","status":"publish","type":"page","link":"https:\/\/www.kananas.com\/oniyamaryu1683\/dojos\/izernore\/","title":{"rendered":"Izernore"},"content":{"rendered":"<h2 style=\"text-align: justify\"><em><span style=\"font-size: 18pt;color: #ffffff;font-family: 'times new roman', times, serif\">Le dojo d&rsquo;Izernore est le Hombu dojo (\u00ab\u00a0Dojo principal\u00a0\u00bb) de l&rsquo;Oni Yama Ryu.<\/span><\/em><\/h2>\n<h2 style=\"text-align: justify\"><em><span style=\"font-size: 18pt;color: #ffffff;font-family: 'times new roman', times, serif\">Vous y pratiquerez :<\/span><\/em><\/h2>\n<ul style=\"text-align: justify\">\n<li>\n<h2><em><span style=\"font-size: 18pt;color: #ffffff;font-family: 'times new roman', times, serif\">le Ninjutsu du Bujinkan<\/span><\/em><\/h2>\n<\/li>\n<li>\n<h2><em><span style=\"font-size: 18pt;color: #ffffff;font-family: 'times new roman', times, serif\">le Tai Chi Chuan de style YANG des enseignements de Dr YANG JWING MING<\/span><\/em><\/h2>\n<\/li>\n<li>\n<h2><em><span style=\"font-size: 18pt;color: #ffffff;font-family: 'times new roman', times, serif\">La self d\u00e9fense issue de 35 ans d&rsquo;exp\u00e9rience martiale et de mise en situation dans le domaine professionnel<\/span><\/em><\/h2>\n<\/li>\n<\/ul>\n<h2 style=\"text-align: justify\"><em><span style=\"font-size: 18pt;color: #ffffff;font-family: 'times new roman', times, serif\">Nous proposons des cours pour tous niveaux ainsi que des cours th\u00e9matiques qui peuvent int\u00e9resser toutes les disciplines martiales.<\/span><\/em><\/h2>\n<h2 style=\"text-align: justify\"><em><span style=\"font-size: 18pt;color: #ffffff;font-family: 'times new roman', times, serif\">Accessibles m\u00eame si vous n&rsquo;\u00eates pas membre (cotisation de 10\u20ac la s\u00e9ance), vous pouvez suivre le cycle complet que vous souhaitez.<\/span><\/em><\/h2>\n<h2 style=\"text-align: justify\"><em><span style=\"font-size: 18pt;color: #ffffff;font-family: 'times new roman', times, serif\">Si vous \u00eates int\u00e9ress\u00e9s, n&rsquo;h\u00e9sitez pas \u00e0 nous contacter ou \u00e0 venir nous rejoindre pour un essai pendant nos cours.<\/span><\/em><\/h2>\n<h2 style=\"text-align: justify\"><\/h2>\n<h2 style=\"text-align: justify\"><em><span style=\"font-size: 18pt;color: #ffffff;font-family: 'times new roman', times, serif\"><span style=\"text-decoration: underline\">Adresse\u00a0:<\/span> Dojo, Complexe de la Vignette, 01580 IZERNORE<\/span><\/em><\/h2>\n<h2 style=\"text-align: justify\"><\/h2>\n<hr \/>\n<h1 style=\"text-align: justify\"><\/h1>\n<h1 style=\"text-align: center\"><span style=\"font-size: 18pt;color: #ffffff\"><em><span style=\"font-family: 'times new roman', times, serif\"><strong><span style=\"text-decoration: underline\">HORAIRES DES COURS<\/span><\/strong><\/span><\/em><\/span><\/h1>\n<h1 style=\"text-align: center\"><\/h1>\n<h1 style=\"text-align: center\"><span style=\"font-size: 18pt;color: #ffffff\"><em><span style=\"font-family: 'times new roman', times, serif\"><strong><span style=\"text-decoration: underline\">Lundi :<\/span><\/strong><\/span><\/em><\/span><\/h1>\n<h1 style=\"text-align: center\"><span style=\"font-size: 18pt;color: #ffffff\"><em><span style=\"font-family: 'times new roman', times, serif\">Qi Qong : 12H15 &#8211; 13H15<\/span><\/em><\/span><\/h1>\n<h1 style=\"text-align: center\"><span style=\"font-size: 18pt;color: #ffffff\"><em><span style=\"font-family: 'times new roman', times, serif\"><strong>Tai Chi Chuan style YANG<\/strong><strong>\u00a0: 18h30 &#8211; 20h00<\/strong><\/span><\/em><\/span><\/h1>\n<h1 style=\"text-align: center\"><span style=\"font-size: 18pt;color: #ffffff\"><em><span style=\"font-family: 'times new roman', times, serif\"><strong>Ninjutsu : 20h00 &#8211; 21h30<\/strong><\/span><\/em><\/span><\/h1>\n<h1 style=\"text-align: center\"><span style=\"font-size: 18pt;color: #ffffff\"><em><span style=\"font-family: 'times new roman', times, serif\"><strong><span style=\"text-decoration: underline\">Mardi:<\/span><\/strong><\/span><\/em><\/span><\/h1>\n<h1 style=\"text-align: center\"><span style=\"font-size: 18pt;color: #ffffff\"><em><span style=\"font-family: 'times new roman', times, serif\">Combat Fit : 12H15 &#8211; 13H15<\/span><\/em><\/span><\/h1>\n<h1 style=\"text-align: center\"><span style=\"font-size: 18pt;color: #ffffff\"><em><span style=\"font-family: 'times new roman', times, serif\"><strong><span style=\"text-decoration: underline\">Mercredi :<\/span><\/strong><\/span><\/em><\/span><\/h1>\n<h1 style=\"text-align: center\"><span style=\"font-size: 18pt;color: #ffffff\"><em><span style=\"font-family: 'times new roman', times, serif\"><strong>Tai Chi Chuan style YANG : 18h30 &#8211; 20h00<\/strong><\/span><\/em><\/span><\/h1>\n<h1 style=\"text-align: center\"><span style=\"font-size: 18pt;color: #ffffff\"><em><span style=\"font-family: 'times new roman', times, serif\"><strong>Ninjutsu : 20h00 &#8211; 21h30<\/strong><\/span><\/em><\/span><\/h1>\n<h1 style=\"text-align: center\"><\/h1>\n<h1 style=\"text-align: center\"><\/h1>\n<h1 style=\"text-align: center\"><span style=\"font-size: 18pt;color: #ffffff\"><em><span style=\"font-family: 'times new roman', times, serif\"><strong><span style=\"text-decoration: underline\">Samedi (selon planning ou stage):<\/span><\/strong><\/span><\/em><\/span><\/h1>\n<h1 style=\"text-align: center\"><span style=\"font-size: 18pt;color: #ffffff\"><em><span style=\"font-family: 'times new roman', times, serif\"><strong>Cours \u00e0 th\u00e9matique g\u00e9n\u00e9rale : 10h00 &#8211; 12h00<\/strong><\/span><\/em><\/span><\/h1>\n<h1 style=\"text-align: justify\"><\/h1>\n<p style=\"text-align: justify\">\n","protected":false},"excerpt":{"rendered":"<p>Le dojo d&rsquo;Izernore est le Hombu dojo (\u00ab\u00a0Dojo principal\u00a0\u00bb) de l&rsquo;Oni Yama Ryu. Vous y pratiquerez : le Ninjutsu du Bujinkan le Tai Chi Chuan de style YANG des enseignements de Dr YANG JWING MING La self d\u00e9fense issue de 35 ans d&rsquo;exp\u00e9rience martiale et de mise en situation dans le domaine professionnel Nous proposons [&hellip;]<\/p>\n","protected":false},"author":490,"featured_media":0,"parent":49,"menu_order":1,"comment_status":"closed","ping_status":"open","template":"","meta":{"_crdt_document":"","footnotes":""},"class_list":["post-239","page","type-page","status-publish","hentry"],"_links":{"self":[{"href":"https:\/\/www.kananas.com\/oniyamaryu1683\/wp-json\/wp\/v2\/pages\/239","targetHints":{"allow":["GET"]}}],"collection":[{"href":"https:\/\/www.kananas.com\/oniyamaryu1683\/wp-json\/wp\/v2\/pages"}],"about":[{"href":"https:\/\/www.kananas.com\/oniyamaryu1683\/wp-json\/wp\/v2\/types\/page"}],"author":[{"embeddable":true,"href":"https:\/\/www.kananas.com\/oniyamaryu1683\/wp-json\/wp\/v2\/users\/490"}],"replies":[{"embeddable":true,"href":"https:\/\/www.kananas.com\/oniyamaryu1683\/wp-json\/wp\/v2\/comments?post=239"}],"version-history":[{"count":9,"href":"https:\/\/www.kananas.com\/oniyamaryu1683\/wp-json\/wp\/v2\/pages\/239\/revisions"}],"predecessor-version":[{"id":1000,"href":"https:\/\/www.kananas.com\/oniyamaryu1683\/wp-json\/wp\/v2\/pages\/239\/revisions\/1000"}],"up":[{"embeddable":true,"href":"https:\/\/www.kananas.com\/oniyamaryu1683\/wp-json\/wp\/v2\/pages\/49"}],"wp:attachment":[{"href":"https:\/\/www.kananas.com\/oniyamaryu1683\/wp-json\/wp\/v2\/media?parent=239"}],"curies":[{"name":"wp","href":"https:\/\/api.w.org\/{rel}","templated":true}]}}