{"id":264,"date":"2024-05-21T08:36:12","date_gmt":"2024-05-21T04:36:12","guid":{"rendered":"https:\/\/www.kananas.com\/reunion-formation-plongee\/?page_id=264"},"modified":"2024-05-21T08:45:10","modified_gmt":"2024-05-21T04:45:10","slug":"nouveau-site-disponible","status":"publish","type":"page","link":"https:\/\/www.kananas.com\/reunion-formation-plongee\/","title":{"rendered":"Le site de R\u00e9union Formation Plong\u00e9e \u00e9volue"},"content":{"rendered":"<h3><span style=\"font-family: arial, helvetica, sans-serif\"><strong>\u00a0<\/strong><\/span><\/h3>\n<h2><span style=\"font-family: arial, helvetica, sans-serif\"><strong>Merci de nous retrouver sur <\/strong><\/span><a href=\"https:\/\/reunion-formation-plongee.com\"><strong><span style=\"font-family: georgia, palatino, serif\"><span style=\"font-family: arial, helvetica, sans-serif\">https:\/\/reunion-formation-plongee.com<\/span><\/span><\/strong><\/a><\/h2>\n","protected":false},"excerpt":{"rendered":"<p>\u00a0 Merci de nous retrouver sur https:\/\/reunion-formation-plongee.com<\/p>\n","protected":false},"author":298,"featured_media":0,"parent":0,"menu_order":0,"comment_status":"closed","ping_status":"closed","template":"","meta":{"_crdt_document":"","footnotes":""},"class_list":["post-264","page","type-page","status-publish","hentry"],"_links":{"self":[{"href":"https:\/\/www.kananas.com\/reunion-formation-plongee\/wp-json\/wp\/v2\/pages\/264","targetHints":{"allow":["GET"]}}],"collection":[{"href":"https:\/\/www.kananas.com\/reunion-formation-plongee\/wp-json\/wp\/v2\/pages"}],"about":[{"href":"https:\/\/www.kananas.com\/reunion-formation-plongee\/wp-json\/wp\/v2\/types\/page"}],"author":[{"embeddable":true,"href":"https:\/\/www.kananas.com\/reunion-formation-plongee\/wp-json\/wp\/v2\/users\/298"}],"replies":[{"embeddable":true,"href":"https:\/\/www.kananas.com\/reunion-formation-plongee\/wp-json\/wp\/v2\/comments?post=264"}],"version-history":[{"count":8,"href":"https:\/\/www.kananas.com\/reunion-formation-plongee\/wp-json\/wp\/v2\/pages\/264\/revisions"}],"predecessor-version":[{"id":276,"href":"https:\/\/www.kananas.com\/reunion-formation-plongee\/wp-json\/wp\/v2\/pages\/264\/revisions\/276"}],"wp:attachment":[{"href":"https:\/\/www.kananas.com\/reunion-formation-plongee\/wp-json\/wp\/v2\/media?parent=264"}],"curies":[{"name":"wp","href":"https:\/\/api.w.org\/{rel}","templated":true}]}}