{"id":170,"date":"2023-11-02T15:08:15","date_gmt":"2023-11-02T14:08:15","guid":{"rendered":"http:\/\/www.kananas.com\/skiclubducern3300\/?page_id=170"},"modified":"2025-11-16T12:36:59","modified_gmt":"2025-11-16T11:36:59","slug":"snowboard","status":"publish","type":"page","link":"https:\/\/www.kananas.com\/skiclubcern\/activites\/snowboard\/","title":{"rendered":"Snowboard"},"content":{"rendered":"<p style=\"text-align: right\"><a href=\"http:\/\/www.kananas.com\/skiclubcern\/activities\/snowboarding\/\"><span style=\"font-size: 8pt\">English version<\/span><\/a><\/p>\n<p>La section de Snowboard\u00a0propose aux membres du Ski Club CERN des activit\u00e9s diff\u00e9rentes:<\/p>\n<ul>\n<li>les <strong>cours de snowboard<\/strong> se d\u00e9roulent de mi-janvier \u00e0 mi-f\u00e9vrier, sur 5 samedis ou dimanches cons\u00e9cutifs.<br \/>Ils s\u2019adressent principalement aux adultes.<br \/>Tous les niveaux \u2013 de d\u00e9butant (niveau 0) \u00e0 expert (niveau 3.0) \u2013 sont enseign\u00e9s.<\/li>\n<li>les <strong>sorties journali\u00e8res libres<\/strong> se d\u00e9roulent de mi-janvier \u00e0 mi-f\u00e9vrier tous les\u00a0samedi et dimanche.<\/li>\n<li>Lors des <strong>sorties &#8220;week-end&#8221;<\/strong> en Italie\/France et la Suisse, comprenant une ou deux nuit\u00e9es \u00e0 l\u2019h\u00f4tel. Les participants surfent librement ou encadr\u00e9s par l&#8217;un de nos moniteurs si le nombre de participants est suffisant.<\/li>\n<\/ul>\n<p>La <a href=\"http:\/\/www.kananas.com\/skiclubcern\/cartes\/carte-neige\/\">Carte neige<\/a> est requise pour toute activit\u00e9 de la section de Snowboard.<\/p>\n<p>Suivez-nous sur Instagram :\u00a0<a href=\"https:\/\/www.instagram.com\/cern_snowboard_team\">@cern_snowboard_team<\/a><\/p>\n<p>Leaflet:\u00a0 <a href=\"https:\/\/www.kananas.com\/skiclubcern\/wp-content\/uploads\/sites\/882\/2025\/11\/Snowboard_leaflet_202526.pdf\">Snowboard_Info_2025_2026<\/a><\/p>\n\n\n<figure class=\"wp-block-image size-large\"><img loading=\"lazy\" decoding=\"async\" width=\"1024\" height=\"653\" src=\"https:\/\/www.kananas.com\/skiclubcern\/wp-content\/uploads\/sites\/882\/2025\/11\/2025_snowboard-equipe-e1762349833630-1024x653.jpeg\" alt=\"\" class=\"wp-image-3391\" srcset=\"https:\/\/www.kananas.com\/skiclubcern\/wp-content\/uploads\/sites\/882\/2025\/11\/2025_snowboard-equipe-e1762349833630-1024x653.jpeg 1024w, https:\/\/www.kananas.com\/skiclubcern\/wp-content\/uploads\/sites\/882\/2025\/11\/2025_snowboard-equipe-e1762349833630-300x191.jpeg 300w, https:\/\/www.kananas.com\/skiclubcern\/wp-content\/uploads\/sites\/882\/2025\/11\/2025_snowboard-equipe-e1762349833630-768x490.jpeg 768w, https:\/\/www.kananas.com\/skiclubcern\/wp-content\/uploads\/sites\/882\/2025\/11\/2025_snowboard-equipe-e1762349833630-1536x980.jpeg 1536w, https:\/\/www.kananas.com\/skiclubcern\/wp-content\/uploads\/sites\/882\/2025\/11\/2025_snowboard-equipe-e1762349833630-2048x1307.jpeg 2048w, https:\/\/www.kananas.com\/skiclubcern\/wp-content\/uploads\/sites\/882\/2025\/11\/2025_snowboard-equipe-e1762349833630-50x32.jpeg 50w, https:\/\/www.kananas.com\/skiclubcern\/wp-content\/uploads\/sites\/882\/2025\/11\/2025_snowboard-equipe-e1762349833630-1600x1021.jpeg 1600w\" sizes=\"auto, (max-width: 1024px) 100vw, 1024px\" \/><\/figure>\n","protected":false},"excerpt":{"rendered":"<p>English version La section de Snowboard\u00a0propose aux membres du Ski Club CERN des activit\u00e9s diff\u00e9rentes: les cours de snowboard se d\u00e9roulent de mi-janvier \u00e0 mi-f\u00e9vrier, sur 5 samedis ou dimanches cons\u00e9cutifs.Ils s\u2019adressent principalement aux adultes.Tous les niveaux \u2013 de d\u00e9butant (niveau 0) \u00e0 expert (niveau 3.0) \u2013 sont enseign\u00e9s. les sorties journali\u00e8res libres se d\u00e9roulent de mi-janvier \u00e0 mi-f\u00e9vrier tous les\u00a0samedi et dimanche. Lors des sorties &#8220;week-end&#8221; en Italie\/France et la Suisse, comprenant une ou deux nuit\u00e9es \u00e0 l\u2019h\u00f4tel. Les participants surfent librement ou encadr\u00e9s par l&#8217;un de nos moniteurs si le nombre de participants est suffisant. La Carte neige est requise pour toute activit\u00e9 de la section de Snowboard. Suivez-nous sur Instagram :\u00a0@cern_snowboard_team Leaflet:\u00a0 Snowboard_Info_2025_2026<\/p>\n","protected":false},"author":911,"featured_media":0,"parent":95,"menu_order":0,"comment_status":"closed","ping_status":"closed","template":"","meta":{"_crdt_document":"","footnotes":""},"class_list":["post-170","page","type-page","status-publish","hentry"],"_links":{"self":[{"href":"https:\/\/www.kananas.com\/skiclubcern\/wp-json\/wp\/v2\/pages\/170","targetHints":{"allow":["GET"]}}],"collection":[{"href":"https:\/\/www.kananas.com\/skiclubcern\/wp-json\/wp\/v2\/pages"}],"about":[{"href":"https:\/\/www.kananas.com\/skiclubcern\/wp-json\/wp\/v2\/types\/page"}],"author":[{"embeddable":true,"href":"https:\/\/www.kananas.com\/skiclubcern\/wp-json\/wp\/v2\/users\/911"}],"replies":[{"embeddable":true,"href":"https:\/\/www.kananas.com\/skiclubcern\/wp-json\/wp\/v2\/comments?post=170"}],"version-history":[{"count":8,"href":"https:\/\/www.kananas.com\/skiclubcern\/wp-json\/wp\/v2\/pages\/170\/revisions"}],"predecessor-version":[{"id":3556,"href":"https:\/\/www.kananas.com\/skiclubcern\/wp-json\/wp\/v2\/pages\/170\/revisions\/3556"}],"up":[{"embeddable":true,"href":"https:\/\/www.kananas.com\/skiclubcern\/wp-json\/wp\/v2\/pages\/95"}],"wp:attachment":[{"href":"https:\/\/www.kananas.com\/skiclubcern\/wp-json\/wp\/v2\/media?parent=170"}],"curies":[{"name":"wp","href":"https:\/\/api.w.org\/{rel}","templated":true}]}}